{"id":10931,"date":"2025-06-29T13:36:21","date_gmt":"2025-06-29T11:36:21","guid":{"rendered":"https:\/\/uj.adatbank.ro\/lexikon\/termek\/josika-gabor-branyicskai-br-id\/"},"modified":"2025-06-29T13:36:21","modified_gmt":"2025-06-29T11:36:21","slug":"josika-gabor-branyicskai-br-id","status":"publish","type":"product","link":"https:\/\/uj.adatbank.ro\/lexikon\/termek\/josika-gabor-branyicskai-br-id\/","title":{"rendered":"J\u00d3SIKA G\u00e1bor, branyicskai br., id."},"content":{"rendered":"<p>? \u2020\u00a0?\u00a0: erd\u00e9lyi k. t\u00e1blai \u00fcln\u00f6k. \u2013 G\u00e1bor (1598\u20131668) \u00e9s nagymegyeri Keresztes Zsuzsanna fia. Feles\u00e9ge csics\u00f3kereszt\u00fari Thorma Anna. Gyermekei: G\u00e1bor, S\u00e1muel. \u2013 Marossz\u00e9k f\u0151kir\u00e1lyb\u00edr\u00f3ja (1704). Kurucs\u00e1g gyan\u00faja miatt fogoly volt Szebenben (1708), II. R\u00e1k\u00f3czi Ferenc ellenz\u00e9ke, s mint ilyen korm\u00e1nytag (1709), k\u00e9s\u0151bb tartom\u00e1nyi f\u0151hadbiztos (1714), guberniumi tan\u00e1csos. <br \/><strong>Irod.:<\/strong> Kr\u00f3n. F\u00fcz. (1940. 4\/10); Teleki Mih\u00e1ly udvartart\u00e1si napl\u00f3ja (1673\u20131681) (Kv., 2007); Tr\u00f3cs\u00e1nyi 1988<\/br><\/p>\n","protected":false},"excerpt":{"rendered":"<p>? \u2020\u00a0?\u00a0: erd\u00e9lyi k. t\u00e1blai \u00fcln\u00f6k. \u2013 G\u00e1bor (1598\u20131668) \u00e9s nagymegyeri Keresztes Zsuzsanna fia. Feles\u00e9ge csics\u00f3kereszt\u00fari Thorma Anna. Gyermekei: G\u00e1bor, S\u00e1muel. \u2013 Marossz\u00e9k f\u0151kir\u00e1lyb\u00edr\u00f3ja (1704). Kurucs\u00e1g gyan\u00faja miatt fogoly volt Szebenben (1708), II. R\u00e1k\u00f3czi Ferenc ellenz\u00e9ke, s mint ilyen korm\u00e1nytag (1709), k\u00e9s\u0151bb tartom\u00e1nyi f\u0151hadbiztos (1714), guberniumi tan\u00e1csos. Irod.: Kr\u00f3n. F\u00fcz. (1940. 4\/10); Teleki Mih\u00e1ly udvartart\u00e1si [&hellip;]<\/p>\n","protected":false},"featured_media":0,"comment_status":"open","ping_status":"closed","template":"","meta":[],"product_brand":[],"product_cat":[137],"product_tag":[],"class_list":{"0":"post-10931","1":"product","2":"type-product","3":"status-publish","5":"product_cat-maros-megyei-eletrajzi-lexikon","7":"first","8":"instock","9":"shipping-taxable","10":"product-type-simple"},"_links":{"self":[{"href":"https:\/\/uj.adatbank.ro\/lexikon\/wp-json\/wp\/v2\/product\/10931","targetHints":{"allow":["GET"]}}],"collection":[{"href":"https:\/\/uj.adatbank.ro\/lexikon\/wp-json\/wp\/v2\/product"}],"about":[{"href":"https:\/\/uj.adatbank.ro\/lexikon\/wp-json\/wp\/v2\/types\/product"}],"replies":[{"embeddable":true,"href":"https:\/\/uj.adatbank.ro\/lexikon\/wp-json\/wp\/v2\/comments?post=10931"}],"wp:attachment":[{"href":"https:\/\/uj.adatbank.ro\/lexikon\/wp-json\/wp\/v2\/media?parent=10931"}],"wp:term":[{"taxonomy":"product_brand","embeddable":true,"href":"https:\/\/uj.adatbank.ro\/lexikon\/wp-json\/wp\/v2\/product_brand?post=10931"},{"taxonomy":"product_cat","embeddable":true,"href":"https:\/\/uj.adatbank.ro\/lexikon\/wp-json\/wp\/v2\/product_cat?post=10931"},{"taxonomy":"product_tag","embeddable":true,"href":"https:\/\/uj.adatbank.ro\/lexikon\/wp-json\/wp\/v2\/product_tag?post=10931"}],"curies":[{"name":"wp","href":"https:\/\/api.w.org\/{rel}","templated":true}]}}

JÓSIKA Gábor, branyicskai br., id.

<p>? † ? : erdélyi k. táblai ülnök. – Gábor (1598–1668) és nagymegyeri Keresztes Zsuzsanna fia. Felesége csicsókeresztúri Thorma Anna. Gyermekei: Gábor, Sámuel. – Marosszék főkirálybírója (1704). Kurucság gyanúja miatt fogoly volt Szebenben (1708), II. Rákóczi Ferenc ellenzéke, s mint ilyen kormánytag (1709), később tartományi főhadbiztos (1714), guberniumi tanácsos. <br /><strong>Irod.:</strong> Krón. Füz. (1940. 4/10); Teleki Mihály udvartartási naplója (1673–1681) (Kv., 2007); Trócsányi 1988</br></p>

<p>? † ? : erdélyi k. táblai ülnök. – Gábor (1598–1668) és nagymegyeri Keresztes Zsuzsanna fia. Felesége csicsókeresztúri Thorma Anna. Gyermekei: Gábor, Sámuel. – Marosszék főkirálybírója (1704). Kurucság gyanúja miatt fogoly volt Szebenben (1708), II. Rákóczi Ferenc ellenzéke, s mint ilyen kormánytag (1709), később tartományi főhadbiztos (1714), guberniumi tanácsos. Irod.: Krón. Füz. (1940. 4/10); Teleki Mihály udvartartási [&hellip;]</p>
