{"id":10932,"date":"2025-06-29T13:36:23","date_gmt":"2025-06-29T11:36:23","guid":{"rendered":"https:\/\/uj.adatbank.ro\/lexikon\/termek\/josika-gabor-branyicskai-br-ifj\/"},"modified":"2025-06-29T13:36:23","modified_gmt":"2025-06-29T11:36:23","slug":"josika-gabor-branyicskai-br-ifj","status":"publish","type":"product","link":"https:\/\/uj.adatbank.ro\/lexikon\/termek\/josika-gabor-branyicskai-br-ifj\/","title":{"rendered":"J\u00d3SIKA G\u00e1bor, branyicskai br., ifj."},"content":{"rendered":"<p>? \u2020\u00a0? : politikus. \u2013 J. G\u00e1bor \u00e9s Thorma Anna fia. Apj\u00e1val ellent\u00e9tben II. R\u00e1k\u00f3czi Ferenc h\u00edve. Tagja annak az \u00f6t\u00f6s tan\u00e1csnak, amelyet a fejedelem nevezett ki Erd\u00e9ly vezet\u00e9s\u00e9re. A forradalom buk\u00e1sa ut\u00e1n Moldov\u00e1ba b\u00fajdosott (1710-ig). <br \/><strong>Irod.:<\/strong> Kr\u00f3n. F\u00fcz. (1940. 4\/10); Tr\u00f3cs\u00e1nyi 1988<\/br><\/p>\n","protected":false},"excerpt":{"rendered":"<p>? \u2020\u00a0? : politikus. \u2013 J. G\u00e1bor \u00e9s Thorma Anna fia. Apj\u00e1val ellent\u00e9tben II. R\u00e1k\u00f3czi Ferenc h\u00edve. Tagja annak az \u00f6t\u00f6s tan\u00e1csnak, amelyet a fejedelem nevezett ki Erd\u00e9ly vezet\u00e9s\u00e9re. A forradalom buk\u00e1sa ut\u00e1n Moldov\u00e1ba b\u00fajdosott (1710-ig). Irod.: Kr\u00f3n. F\u00fcz. (1940. 4\/10); Tr\u00f3cs\u00e1nyi 1988<\/p>\n","protected":false},"featured_media":0,"comment_status":"open","ping_status":"closed","template":"","meta":[],"product_brand":[],"product_cat":[137],"product_tag":[],"class_list":{"0":"post-10932","1":"product","2":"type-product","3":"status-publish","5":"product_cat-maros-megyei-eletrajzi-lexikon","7":"first","8":"instock","9":"shipping-taxable","10":"product-type-simple"},"_links":{"self":[{"href":"https:\/\/uj.adatbank.ro\/lexikon\/wp-json\/wp\/v2\/product\/10932","targetHints":{"allow":["GET"]}}],"collection":[{"href":"https:\/\/uj.adatbank.ro\/lexikon\/wp-json\/wp\/v2\/product"}],"about":[{"href":"https:\/\/uj.adatbank.ro\/lexikon\/wp-json\/wp\/v2\/types\/product"}],"replies":[{"embeddable":true,"href":"https:\/\/uj.adatbank.ro\/lexikon\/wp-json\/wp\/v2\/comments?post=10932"}],"wp:attachment":[{"href":"https:\/\/uj.adatbank.ro\/lexikon\/wp-json\/wp\/v2\/media?parent=10932"}],"wp:term":[{"taxonomy":"product_brand","embeddable":true,"href":"https:\/\/uj.adatbank.ro\/lexikon\/wp-json\/wp\/v2\/product_brand?post=10932"},{"taxonomy":"product_cat","embeddable":true,"href":"https:\/\/uj.adatbank.ro\/lexikon\/wp-json\/wp\/v2\/product_cat?post=10932"},{"taxonomy":"product_tag","embeddable":true,"href":"https:\/\/uj.adatbank.ro\/lexikon\/wp-json\/wp\/v2\/product_tag?post=10932"}],"curies":[{"name":"wp","href":"https:\/\/api.w.org\/{rel}","templated":true}]}}

JÓSIKA Gábor, branyicskai br., ifj.

<p>? † ? : politikus. – J. Gábor és Thorma Anna fia. Apjával ellentétben II. Rákóczi Ferenc híve. Tagja annak az ötös tanácsnak, amelyet a fejedelem nevezett ki Erdély vezetésére. A forradalom bukása után Moldovába bújdosott (1710-ig). <br /><strong>Irod.:</strong> Krón. Füz. (1940. 4/10); Trócsányi 1988</br></p>

<p>? † ? : politikus. – J. Gábor és Thorma Anna fia. Apjával ellentétben II. Rákóczi Ferenc híve. Tagja annak az ötös tanácsnak, amelyet a fejedelem nevezett ki Erdély vezetésére. A forradalom bukása után Moldovába bújdosott (1710-ig). Irod.: Krón. Füz. (1940. 4/10); Trócsányi 1988</p>
