{"id":10936,"date":"2025-06-29T13:36:32","date_gmt":"2025-06-29T11:36:32","guid":{"rendered":"https:\/\/uj.adatbank.ro\/lexikon\/termek\/josika-samuel-branyicskai-br\/"},"modified":"2025-06-29T13:36:32","modified_gmt":"2025-06-29T11:36:32","slug":"josika-samuel-branyicskai-br","status":"publish","type":"product","link":"https:\/\/uj.adatbank.ro\/lexikon\/termek\/josika-samuel-branyicskai-br\/","title":{"rendered":"J\u00d3SIKA S\u00e1muel, branyicskai br."},"content":{"rendered":"<p>? \u2020\u00a0? : f\u0151kapit\u00e1ny, f\u00f6ldbirtokos nemes. \u2013 Id. J. G\u00e1bor \u00e9s csics\u00f3kereszt\u00fari Torma Anna fia. Feles\u00e9ge marosj\u00e1rai Baranyai M\u00e1ria. Fi\u00fak L\u00e1szl\u00f3, Hunyad vm. f\u0151isp\u00e1nja( 1751). \u2013 Marossz\u00e9ki f\u0151kapit\u00e1ny, h\u00e1za volt a mv.-i v\u00e1rban, ide fogadta be a jezsuit\u00e1kat (1704). T\u00e1mogatta a mv.-i Keresztel\u0151 Szent J\u00e1nos templom \u00e9p\u00edt\u00e9s\u00e9t. A v\u00e1ros megegyezett vele Mv. \u00e9s a jeddi birtoka k\u00f6z\u00f6tt h\u00faz\u00f3d\u00f3 s\u00e1rv\u00e1ri birtokhat\u00e1r \u00fcgy\u00e9ben (1701). Anyagilag \u00e9s erk\u00f6lcsileg t\u00e1mogatta az \u00fajj\u00e1\u00e9led\u0151 v\u00e1s\u00e1rhelyi jezsuita misszi\u00f3t. <br \/><strong>Irod.:<\/strong> Benk\u0151 K.: Mv.; Mv.-i Pl\u00e9b\u00e1nia; Gudenus; Id\u0151t\u00e1r 1; P\u00e1l-Antal 2009<\/br><\/p>\n","protected":false},"excerpt":{"rendered":"<p>? \u2020\u00a0? : f\u0151kapit\u00e1ny, f\u00f6ldbirtokos nemes. \u2013 Id. J. G\u00e1bor \u00e9s csics\u00f3kereszt\u00fari Torma Anna fia. Feles\u00e9ge marosj\u00e1rai Baranyai M\u00e1ria. Fi\u00fak L\u00e1szl\u00f3, Hunyad vm. f\u0151isp\u00e1nja( 1751). \u2013 Marossz\u00e9ki f\u0151kapit\u00e1ny, h\u00e1za volt a mv.-i v\u00e1rban, ide fogadta be a jezsuit\u00e1kat (1704). T\u00e1mogatta a mv.-i Keresztel\u0151 Szent J\u00e1nos templom \u00e9p\u00edt\u00e9s\u00e9t. A v\u00e1ros megegyezett vele Mv. \u00e9s a jeddi [&hellip;]<\/p>\n","protected":false},"featured_media":0,"comment_status":"open","ping_status":"closed","template":"","meta":[],"product_brand":[],"product_cat":[137],"product_tag":[],"class_list":{"0":"post-10936","1":"product","2":"type-product","3":"status-publish","5":"product_cat-maros-megyei-eletrajzi-lexikon","7":"first","8":"instock","9":"shipping-taxable","10":"product-type-simple"},"_links":{"self":[{"href":"https:\/\/uj.adatbank.ro\/lexikon\/wp-json\/wp\/v2\/product\/10936","targetHints":{"allow":["GET"]}}],"collection":[{"href":"https:\/\/uj.adatbank.ro\/lexikon\/wp-json\/wp\/v2\/product"}],"about":[{"href":"https:\/\/uj.adatbank.ro\/lexikon\/wp-json\/wp\/v2\/types\/product"}],"replies":[{"embeddable":true,"href":"https:\/\/uj.adatbank.ro\/lexikon\/wp-json\/wp\/v2\/comments?post=10936"}],"wp:attachment":[{"href":"https:\/\/uj.adatbank.ro\/lexikon\/wp-json\/wp\/v2\/media?parent=10936"}],"wp:term":[{"taxonomy":"product_brand","embeddable":true,"href":"https:\/\/uj.adatbank.ro\/lexikon\/wp-json\/wp\/v2\/product_brand?post=10936"},{"taxonomy":"product_cat","embeddable":true,"href":"https:\/\/uj.adatbank.ro\/lexikon\/wp-json\/wp\/v2\/product_cat?post=10936"},{"taxonomy":"product_tag","embeddable":true,"href":"https:\/\/uj.adatbank.ro\/lexikon\/wp-json\/wp\/v2\/product_tag?post=10936"}],"curies":[{"name":"wp","href":"https:\/\/api.w.org\/{rel}","templated":true}]}}

JÓSIKA Sámuel, branyicskai br.

<p>? † ? : főkapitány, földbirtokos nemes. – Id. J. Gábor és csicsókeresztúri Torma Anna fia. Felesége marosjárai Baranyai Mária. Fiúk László, Hunyad vm. főispánja( 1751). – Marosszéki főkapitány, háza volt a mv.-i várban, ide fogadta be a jezsuitákat (1704). Támogatta a mv.-i Keresztelő Szent János templom építését. A város megegyezett vele Mv. és a jeddi birtoka között húzódó sárvári birtokhatár ügyében (1701). Anyagilag és erkölcsileg támogatta az újjáéledő vásárhelyi jezsuita missziót. <br /><strong>Irod.:</strong> Benkő K.: Mv.; Mv.-i Plébánia; Gudenus; Időtár 1; Pál-Antal 2009</br></p>

<p>? † ? : főkapitány, földbirtokos nemes. – Id. J. Gábor és csicsókeresztúri Torma Anna fia. Felesége marosjárai Baranyai Mária. Fiúk László, Hunyad vm. főispánja( 1751). – Marosszéki főkapitány, háza volt a mv.-i várban, ide fogadta be a jezsuitákat (1704). Támogatta a mv.-i Keresztelő Szent János templom építését. A város megegyezett vele Mv. és a jeddi [&hellip;]</p>
