{"id":10937,"date":"2025-06-29T13:36:33","date_gmt":"2025-06-29T11:36:33","guid":{"rendered":"https:\/\/uj.adatbank.ro\/lexikon\/termek\/josika-zsuzsanna-branyicskai-br-nalaczy-gyorgyne-damokos-antalne\/"},"modified":"2025-06-29T13:36:33","modified_gmt":"2025-06-29T11:36:33","slug":"josika-zsuzsanna-branyicskai-br-nalaczy-gyorgyne-damokos-antalne","status":"publish","type":"product","link":"https:\/\/uj.adatbank.ro\/lexikon\/termek\/josika-zsuzsanna-branyicskai-br-nalaczy-gyorgyne-damokos-antalne\/","title":{"rendered":"J\u00d3SIKA Zsuzsanna, branyicskai br., Nal\u00e1czy Gy\u00f6rgyn\u00e9, Damokos Antaln\u00e9"},"content":{"rendered":"<p>? \u2020\u00a0Mv. 1799.: nemes, v\u00e1s\u00e1rhelyi polg\u00e1r. \u2013 F\u00e9rje: 1. nal\u00e1czy br. Nal\u00e1czy Gy\u00f6rgy (\u2020 1739). Fia Nal\u00e1czi Istv\u00e1n (1722\u20131760), 2. als\u00f3csern\u00e1toni br. Damokos Antal (1698\u20131773), marossz\u00e9ki f\u0151kir\u00e1lyb\u00edr\u00f3. Mv.-en polg\u00e1ri esk\u00fct tett (1773. dec. 20, akkor m\u00e1r \u00f6zvegy volt.). F\u0151t\u00e9ri h\u00e1z volt a tulajdon\u00e1ban (54. sz. alatti, m\u00e9g 1798-ban is), az 1799\u20131800 as \u00f6ssze\u00edr\u00e1s ut\u00f3dait nevezte meg tulajdonosnak, majd Bethlen L\u00e1szl\u00f3- a veje szerepel tulajdonosk\u00e9nt. <br \/><strong>Irod.:<\/strong> Orb\u00e1n J\u00e1nos: A Kir\u00e1lyi T\u00e1bla els\u0151 k\u00e9t mv.-i sz\u00e9kh\u00e1za = St\u00edlusok, m\u0171vek, mesterek; Orb\u00e1n J\u00e1nos: T\u00e1blab\u00edr\u00e1k, f\u0151nemesek, pall\u00e9rok \u00e9s h\u00e1zak: V\u00e1rosk\u00e9p \u00e9s t\u00e1rsadalom v\u00e1ltoz\u00e1sai Mv.-en a Kir\u00e1lyi T\u00e1bla bek\u00f6lt\u00f6z\u00e9se ut\u00e1n [1754] =  K\u00f6nyvek \u00e1ltal \u2026; Nal\u00e1czy J\u00f3zsef eml\u00e9kiratai =  Erd\u00e9ly \u00f6r\u00f6ks\u00e9ge VIII; P\u00e1lmay<\/br><\/p>\n","protected":false},"excerpt":{"rendered":"<p>? \u2020\u00a0Mv. 1799.: nemes, v\u00e1s\u00e1rhelyi polg\u00e1r. \u2013 F\u00e9rje: 1. nal\u00e1czy br. Nal\u00e1czy Gy\u00f6rgy (\u2020 1739). Fia Nal\u00e1czi Istv\u00e1n (1722\u20131760), 2. als\u00f3csern\u00e1toni br. Damokos Antal (1698\u20131773), marossz\u00e9ki f\u0151kir\u00e1lyb\u00edr\u00f3. Mv.-en polg\u00e1ri esk\u00fct tett (1773. dec. 20, akkor m\u00e1r \u00f6zvegy volt.). F\u0151t\u00e9ri h\u00e1z volt a tulajdon\u00e1ban (54. sz. alatti, m\u00e9g 1798-ban is), az 1799\u20131800 as \u00f6ssze\u00edr\u00e1s ut\u00f3dait nevezte [&hellip;]<\/p>\n","protected":false},"featured_media":0,"comment_status":"open","ping_status":"closed","template":"","meta":[],"product_brand":[],"product_cat":[137],"product_tag":[],"class_list":{"0":"post-10937","1":"product","2":"type-product","3":"status-publish","5":"product_cat-maros-megyei-eletrajzi-lexikon","7":"first","8":"instock","9":"shipping-taxable","10":"product-type-simple"},"_links":{"self":[{"href":"https:\/\/uj.adatbank.ro\/lexikon\/wp-json\/wp\/v2\/product\/10937","targetHints":{"allow":["GET"]}}],"collection":[{"href":"https:\/\/uj.adatbank.ro\/lexikon\/wp-json\/wp\/v2\/product"}],"about":[{"href":"https:\/\/uj.adatbank.ro\/lexikon\/wp-json\/wp\/v2\/types\/product"}],"replies":[{"embeddable":true,"href":"https:\/\/uj.adatbank.ro\/lexikon\/wp-json\/wp\/v2\/comments?post=10937"}],"wp:attachment":[{"href":"https:\/\/uj.adatbank.ro\/lexikon\/wp-json\/wp\/v2\/media?parent=10937"}],"wp:term":[{"taxonomy":"product_brand","embeddable":true,"href":"https:\/\/uj.adatbank.ro\/lexikon\/wp-json\/wp\/v2\/product_brand?post=10937"},{"taxonomy":"product_cat","embeddable":true,"href":"https:\/\/uj.adatbank.ro\/lexikon\/wp-json\/wp\/v2\/product_cat?post=10937"},{"taxonomy":"product_tag","embeddable":true,"href":"https:\/\/uj.adatbank.ro\/lexikon\/wp-json\/wp\/v2\/product_tag?post=10937"}],"curies":[{"name":"wp","href":"https:\/\/api.w.org\/{rel}","templated":true}]}}

JÓSIKA Zsuzsanna, branyicskai br., Naláczy Györgyné, Damokos Antalné

<p>? † Mv. 1799.: nemes, vásárhelyi polgár. – Férje: 1. naláczy br. Naláczy György († 1739). Fia Naláczi István (1722–1760), 2. alsócsernátoni br. Damokos Antal (1698–1773), marosszéki főkirálybíró. Mv.-en polgári esküt tett (1773. dec. 20, akkor már özvegy volt.). Főtéri ház volt a tulajdonában (54. sz. alatti, még 1798-ban is), az 1799–1800 as összeírás utódait nevezte meg tulajdonosnak, majd Bethlen László- a veje szerepel tulajdonosként. <br /><strong>Irod.:</strong> Orbán János: A Királyi Tábla első két mv.-i székháza = Stílusok, művek, mesterek; Orbán János: Táblabírák, főnemesek, pallérok és házak: Városkép és társadalom változásai Mv.-en a Királyi Tábla beköltözése után [1754] =  Könyvek által …; Naláczy József emlékiratai =  Erdély öröksége VIII; Pálmay</br></p>

<p>? † Mv. 1799.: nemes, vásárhelyi polgár. – Férje: 1. naláczy br. Naláczy György († 1739). Fia Naláczi István (1722–1760), 2. alsócsernátoni br. Damokos Antal (1698–1773), marosszéki főkirálybíró. Mv.-en polgári esküt tett (1773. dec. 20, akkor már özvegy volt.). Főtéri ház volt a tulajdonában (54. sz. alatti, még 1798-ban is), az 1799–1800 as összeírás utódait nevezte [&hellip;]</p>
