{"id":10938,"date":"2025-06-29T13:36:34","date_gmt":"2025-06-29T11:36:34","guid":{"rendered":"https:\/\/uj.adatbank.ro\/lexikon\/termek\/jovanovics-ivan\/"},"modified":"2025-06-29T13:36:34","modified_gmt":"2025-06-29T11:36:34","slug":"jovanovics-ivan","status":"publish","type":"product","link":"https:\/\/uj.adatbank.ro\/lexikon\/termek\/jovanovics-ivan\/","title":{"rendered":"JOV\u00c1NOVICS Iv\u00e1n"},"content":{"rendered":"<p>1888., \u2020\u00a0?: bord\u00e9lyh\u00e1ztulajdonos. \u2013 Iskol\u00e1it \u00d3becs\u00e9n v\u00e9gezte majd keresked\u0151 lett Mv.-en. Az els\u0151 vh. -bn az orosz, olasz, rom\u00e1n fronton harcolt, mint \u0151rmester szerelt le. A II. o. ez\u00fcst, koron\u00e1s vaskereszt, a K\u00e1roly Csapatkereszt \u00e9s a bronz vit. \u00e9rem kit\u00fcntet\u00e9ssel. <br \/><strong>Irod.:<\/strong> Mv. t\u00f6rt. 2.; Sz\u00e9kelyf\u00f6ld \u00ed. k.<\/br><\/p>\n","protected":false},"excerpt":{"rendered":"<p>1888., \u2020\u00a0?: bord\u00e9lyh\u00e1ztulajdonos. \u2013 Iskol\u00e1it \u00d3becs\u00e9n v\u00e9gezte majd keresked\u0151 lett Mv.-en. Az els\u0151 vh. -bn az orosz, olasz, rom\u00e1n fronton harcolt, mint \u0151rmester szerelt le. A II. o. ez\u00fcst, koron\u00e1s vaskereszt, a K\u00e1roly Csapatkereszt \u00e9s a bronz vit. \u00e9rem kit\u00fcntet\u00e9ssel. Irod.: Mv. t\u00f6rt. 2.; Sz\u00e9kelyf\u00f6ld \u00ed. k.<\/p>\n","protected":false},"featured_media":0,"comment_status":"open","ping_status":"closed","template":"","meta":[],"product_brand":[],"product_cat":[137],"product_tag":[],"class_list":{"0":"post-10938","1":"product","2":"type-product","3":"status-publish","5":"product_cat-maros-megyei-eletrajzi-lexikon","7":"first","8":"instock","9":"shipping-taxable","10":"product-type-simple"},"_links":{"self":[{"href":"https:\/\/uj.adatbank.ro\/lexikon\/wp-json\/wp\/v2\/product\/10938","targetHints":{"allow":["GET"]}}],"collection":[{"href":"https:\/\/uj.adatbank.ro\/lexikon\/wp-json\/wp\/v2\/product"}],"about":[{"href":"https:\/\/uj.adatbank.ro\/lexikon\/wp-json\/wp\/v2\/types\/product"}],"replies":[{"embeddable":true,"href":"https:\/\/uj.adatbank.ro\/lexikon\/wp-json\/wp\/v2\/comments?post=10938"}],"wp:attachment":[{"href":"https:\/\/uj.adatbank.ro\/lexikon\/wp-json\/wp\/v2\/media?parent=10938"}],"wp:term":[{"taxonomy":"product_brand","embeddable":true,"href":"https:\/\/uj.adatbank.ro\/lexikon\/wp-json\/wp\/v2\/product_brand?post=10938"},{"taxonomy":"product_cat","embeddable":true,"href":"https:\/\/uj.adatbank.ro\/lexikon\/wp-json\/wp\/v2\/product_cat?post=10938"},{"taxonomy":"product_tag","embeddable":true,"href":"https:\/\/uj.adatbank.ro\/lexikon\/wp-json\/wp\/v2\/product_tag?post=10938"}],"curies":[{"name":"wp","href":"https:\/\/api.w.org\/{rel}","templated":true}]}}