{"id":10939,"date":"2025-06-29T13:36:37","date_gmt":"2025-06-29T11:36:37","guid":{"rendered":"https:\/\/uj.adatbank.ro\/lexikon\/termek\/jovedecsi-andras\/"},"modified":"2025-06-29T13:36:37","modified_gmt":"2025-06-29T11:36:37","slug":"jovedecsi-andras","status":"publish","type":"product","link":"https:\/\/uj.adatbank.ro\/lexikon\/termek\/jovedecsi-andras\/","title":{"rendered":"J\u00d6VED\u00c9CSI Andr\u00e1s"},"content":{"rendered":"<p>? \u2020\u00a0Kv., 1710. szept. 11.: unit. pap. \u2013 Fiai: Kolozsv\u00e1ri P\u00e1l \u00e9s Kolozsv\u00e1ri Andr\u00e1s. \u2013 Kv.-on tanult, majd k\u00fclf\u00f6ldi akad\u00e9mi\u00e1kra k\u00fcldt\u00e9k n\u00e9gy \u00e9vre (1675. m\u00e1j. 21. \u2013). A kv.-i iskola lektora (1679. aug. 26. \u2013), majd igazgat\u00f3ja (1680. jan. 27. \u2013 1690. jan. 27.). J\u00f6vedics k\u00f6zs\u00e9g, sz\u00e1sz luther\u00e1nus ekl\u00e9zsi\u00e1j\u00e1b\u00f3l ker\u00fclt Kv.-ra v\u00e1rosi sz\u00e1sz f\u0151papnak (1689. m\u00e1j. 16. \u2013 1710. szept. 11.). A pestis \u00e1ldozata. <br \/><strong>Irod.:<\/strong> G\u00e1l Kelemen: A kv.-i Unit\u00e1rius Koll. t\u00f6rt\u00e9nete (Kv., 1935); K\u00e9nosi-Uzoni 2; Szaniszl\u00f3.<\/br><\/p>\n","protected":false},"excerpt":{"rendered":"<p>? \u2020\u00a0Kv., 1710. szept. 11.: unit. pap. \u2013 Fiai: Kolozsv\u00e1ri P\u00e1l \u00e9s Kolozsv\u00e1ri Andr\u00e1s. \u2013 Kv.-on tanult, majd k\u00fclf\u00f6ldi akad\u00e9mi\u00e1kra k\u00fcldt\u00e9k n\u00e9gy \u00e9vre (1675. m\u00e1j. 21. \u2013). A kv.-i iskola lektora (1679. aug. 26. \u2013), majd igazgat\u00f3ja (1680. jan. 27. \u2013 1690. jan. 27.). J\u00f6vedics k\u00f6zs\u00e9g, sz\u00e1sz luther\u00e1nus ekl\u00e9zsi\u00e1j\u00e1b\u00f3l ker\u00fclt Kv.-ra v\u00e1rosi sz\u00e1sz f\u0151papnak (1689. [&hellip;]<\/p>\n","protected":false},"featured_media":0,"comment_status":"open","ping_status":"closed","template":"","meta":[],"product_brand":[],"product_cat":[137],"product_tag":[],"class_list":{"0":"post-10939","1":"product","2":"type-product","3":"status-publish","5":"product_cat-maros-megyei-eletrajzi-lexikon","7":"first","8":"instock","9":"shipping-taxable","10":"product-type-simple"},"_links":{"self":[{"href":"https:\/\/uj.adatbank.ro\/lexikon\/wp-json\/wp\/v2\/product\/10939","targetHints":{"allow":["GET"]}}],"collection":[{"href":"https:\/\/uj.adatbank.ro\/lexikon\/wp-json\/wp\/v2\/product"}],"about":[{"href":"https:\/\/uj.adatbank.ro\/lexikon\/wp-json\/wp\/v2\/types\/product"}],"replies":[{"embeddable":true,"href":"https:\/\/uj.adatbank.ro\/lexikon\/wp-json\/wp\/v2\/comments?post=10939"}],"wp:attachment":[{"href":"https:\/\/uj.adatbank.ro\/lexikon\/wp-json\/wp\/v2\/media?parent=10939"}],"wp:term":[{"taxonomy":"product_brand","embeddable":true,"href":"https:\/\/uj.adatbank.ro\/lexikon\/wp-json\/wp\/v2\/product_brand?post=10939"},{"taxonomy":"product_cat","embeddable":true,"href":"https:\/\/uj.adatbank.ro\/lexikon\/wp-json\/wp\/v2\/product_cat?post=10939"},{"taxonomy":"product_tag","embeddable":true,"href":"https:\/\/uj.adatbank.ro\/lexikon\/wp-json\/wp\/v2\/product_tag?post=10939"}],"curies":[{"name":"wp","href":"https:\/\/api.w.org\/{rel}","templated":true}]}}

JÖVEDÉCSI András

<p>? † Kv., 1710. szept. 11.: unit. pap. – Fiai: Kolozsvári Pál és Kolozsvári András. – Kv.-on tanult, majd külföldi akadémiákra küldték négy évre (1675. máj. 21. –). A kv.-i iskola lektora (1679. aug. 26. –), majd igazgatója (1680. jan. 27. – 1690. jan. 27.). Jövedics község, szász lutheránus eklézsiájából került Kv.-ra városi szász főpapnak (1689. máj. 16. – 1710. szept. 11.). A pestis áldozata. <br /><strong>Irod.:</strong> Gál Kelemen: A kv.-i Unitárius Koll. története (Kv., 1935); Kénosi-Uzoni 2; Szaniszló.</br></p>

<p>? † Kv., 1710. szept. 11.: unit. pap. – Fiai: Kolozsvári Pál és Kolozsvári András. – Kv.-on tanult, majd külföldi akadémiákra küldték négy évre (1675. máj. 21. –). A kv.-i iskola lektora (1679. aug. 26. –), majd igazgatója (1680. jan. 27. – 1690. jan. 27.). Jövedics község, szász lutheránus eklézsiájából került Kv.-ra városi szász főpapnak (1689. [&hellip;]</p>
