{"id":10941,"date":"2025-06-29T13:36:42","date_gmt":"2025-06-29T11:36:42","guid":{"rendered":"https:\/\/uj.adatbank.ro\/lexikon\/termek\/jovmir-teodor-%c2%a7\/"},"modified":"2025-06-29T13:36:42","modified_gmt":"2025-06-29T11:36:42","slug":"jovmir-teodor-%c2%a7","status":"publish","type":"product","link":"https:\/\/uj.adatbank.ro\/lexikon\/termek\/jovmir-teodor-%c2%a7\/","title":{"rendered":"JOVMIR Teodor, \u00a7"},"content":{"rendered":"<p>Cotigenii Mari (Soroca), 1910. szept. 2., \u2020\u00a0? : matematika tan\u00e1r. \u2013 Iasiban matematikatan\u00e1ri okl. -t szerzett (1937). Iasiban az Al. cel Bun L\u00edc.-ban kezdett tan\u00edtani, azut\u00e1n Piatra Neam\u0163ban \u00e9s Romanban tan\u00edtott. A II. vh. ban a szovjetellenes fronton harcolt, fogs\u00e1gba esett. Kiszabadul\u00e1sa ut\u00e1n \u00f6nk\u00e9ntesk\u00e9nt a Tudor Vladimirescu Divizi\u00f3ba iratkozott (1943\u2013). Parancsnokk\u00e9nt harcolt tov\u00e1bb, II. vh. -s h\u0151s, nyugalmazott katonatiszt. Erd\u00e9lybe t\u00e9rt vissza \u00e9s Mv.-en telepedett le (1946\u2013). Tan\u00edtott a Al. Papiu Ilarian L\u00edc.-ban (1948\u201358); uo. igazgat\u00f3 (1948. febr. 10. \u2013 1958. szept. 15). Jelent\u0151s szerepet v\u00e1llalt Maros megye rom\u00e1n okt. -nak \u00fajj\u00e1szervez\u00e9s\u00e9ben. Vezet\u00e9s\u00e9vel a lic.-ban bevezett\u00e9k a politechnikai oktat\u00e1st, az els\u0151k k\u00f6z\u00f6tt az orsz\u00e1gba. Nev\u00e9hez f\u0171z\u0151dik a k\u00fczdelem az\u00e9rt, hogy az iskola visszakapja a Papiu Ilarian nevet (1957) \u00e9s hogy a szobor\u00e1t \u00e1ll\u00edts\u00e1k fel az iskola el\u0151tt. \u00c1thelyezt\u00e9k az Unirea Lic. -ba (1959\u2013). A ped. f\u0151isk. megalap\u00edt\u00e1s\u00e1t\u00f3l (1960\u2013), annak tan\u00e1ra lett nyugd\u00edjaz\u00e1s\u00e1ig. T\u00f6bb kit\u00fcntet\u00e9sben r\u00e9szes\u00fclt. <br \/><strong>Irod.:<\/strong> Bui-Borda-Opri\u015f; Dasc\u0103lii Papiului; Omagiu; Papiu<\/br><\/p>\n","protected":false},"excerpt":{"rendered":"<p>Cotigenii Mari (Soroca), 1910. szept. 2., \u2020\u00a0? : matematika tan\u00e1r. \u2013 Iasiban matematikatan\u00e1ri okl. -t szerzett (1937). Iasiban az Al. cel Bun L\u00edc.-ban kezdett tan\u00edtani, azut\u00e1n Piatra Neam\u0163ban \u00e9s Romanban tan\u00edtott. A II. vh. ban a szovjetellenes fronton harcolt, fogs\u00e1gba esett. Kiszabadul\u00e1sa ut\u00e1n \u00f6nk\u00e9ntesk\u00e9nt a Tudor Vladimirescu Divizi\u00f3ba iratkozott (1943\u2013). Parancsnokk\u00e9nt harcolt tov\u00e1bb, II. vh. [&hellip;]<\/p>\n","protected":false},"featured_media":0,"comment_status":"open","ping_status":"closed","template":"","meta":[],"product_brand":[],"product_cat":[137],"product_tag":[],"class_list":{"0":"post-10941","1":"product","2":"type-product","3":"status-publish","5":"product_cat-maros-megyei-eletrajzi-lexikon","7":"first","8":"instock","9":"shipping-taxable","10":"product-type-simple"},"_links":{"self":[{"href":"https:\/\/uj.adatbank.ro\/lexikon\/wp-json\/wp\/v2\/product\/10941","targetHints":{"allow":["GET"]}}],"collection":[{"href":"https:\/\/uj.adatbank.ro\/lexikon\/wp-json\/wp\/v2\/product"}],"about":[{"href":"https:\/\/uj.adatbank.ro\/lexikon\/wp-json\/wp\/v2\/types\/product"}],"replies":[{"embeddable":true,"href":"https:\/\/uj.adatbank.ro\/lexikon\/wp-json\/wp\/v2\/comments?post=10941"}],"wp:attachment":[{"href":"https:\/\/uj.adatbank.ro\/lexikon\/wp-json\/wp\/v2\/media?parent=10941"}],"wp:term":[{"taxonomy":"product_brand","embeddable":true,"href":"https:\/\/uj.adatbank.ro\/lexikon\/wp-json\/wp\/v2\/product_brand?post=10941"},{"taxonomy":"product_cat","embeddable":true,"href":"https:\/\/uj.adatbank.ro\/lexikon\/wp-json\/wp\/v2\/product_cat?post=10941"},{"taxonomy":"product_tag","embeddable":true,"href":"https:\/\/uj.adatbank.ro\/lexikon\/wp-json\/wp\/v2\/product_tag?post=10941"}],"curies":[{"name":"wp","href":"https:\/\/api.w.org\/{rel}","templated":true}]}}

<p>Cotigenii Mari (Soroca), 1910. szept. 2., † ? : matematika tanár. – Iasiban matematikatanári okl. -t szerzett (1937). Iasiban az Al. cel Bun Líc.-ban kezdett tanítani, azután Piatra Neamţban és Romanban tanított. A II. vh. ban a szovjetellenes fronton harcolt, fogságba esett. Kiszabadulása után önkéntesként a Tudor Vladimirescu Divizióba iratkozott (1943–). Parancsnokként harcolt tovább, II. vh. -s hős, nyugalmazott katonatiszt. Erdélybe tért vissza és Mv.-en telepedett le (1946–). Tanított a Al. Papiu Ilarian Líc.-ban (1948–58); uo. igazgató (1948. febr. 10. – 1958. szept. 15). Jelentős szerepet vállalt Maros megye román okt. -nak újjászervezésében. Vezetésével a lic.-ban bevezették a politechnikai oktatást, az elsők között az országba. Nevéhez fűződik a küzdelem azért, hogy az iskola visszakapja a Papiu Ilarian nevet (1957) és hogy a szoborát állítsák fel az iskola előtt. Áthelyezték az Unirea Lic. -ba (1959–). A ped. főisk. megalapításától (1960–), annak tanára lett nyugdíjazásáig. Több kitüntetésben részesült. <br /><strong>Irod.:</strong> Bui-Borda-Opriş; Dascălii Papiului; Omagiu; Papiu</br></p>

<p>Cotigenii Mari (Soroca), 1910. szept. 2., † ? : matematika tanár. – Iasiban matematikatanári okl. -t szerzett (1937). Iasiban az Al. cel Bun Líc.-ban kezdett tanítani, azután Piatra Neamţban és Romanban tanított. A II. vh. ban a szovjetellenes fronton harcolt, fogságba esett. Kiszabadulása után önkéntesként a Tudor Vladimirescu Divizióba iratkozott (1943–). Parancsnokként harcolt tovább, II. vh. [&hellip;]</p>
