{"id":10942,"date":"2025-06-29T13:36:44","date_gmt":"2025-06-29T11:36:44","guid":{"rendered":"https:\/\/uj.adatbank.ro\/lexikon\/termek\/jozefovics-aved-nora-dr\/"},"modified":"2025-06-29T13:36:44","modified_gmt":"2025-06-29T11:36:44","slug":"jozefovics-aved-nora-dr","status":"publish","type":"product","link":"https:\/\/uj.adatbank.ro\/lexikon\/termek\/jozefovics-aved-nora-dr\/","title":{"rendered":"JOZEFOVICS \u00c1V\u00c9D N\u00f3ra, dr."},"content":{"rendered":"<p>Mv., 1930. \u2020 Mv., 2020.: orvos. \u2013 F\u00e9rje Dr. Jozefovics Ferenc. volt. K\u00e9t l\u00e1nya, h\u00e1rom unok\u00e1ja \u00e9s h\u00e1rom d\u00e9dunok\u00e1ja van. K\u00f6z\u00e9piskol\u00e1ba a. sz. le\u00e1nyk\u00f6z\u00e9piskol\u00e1ban tanult \u00e9s \u00e9retts\u00e9gizett (1949), a MOGYI orvos kar\u00e1n v\u00e9gzett (1955). A mv.-i Szem\u00e9szeti Klinik\u00e1n dolgozott szem\u00e9sz szakorvosk\u00e9nt kezdetekt\u0151l nyugd\u00edjaz\u00e1s\u00e1ig. K\u00f6z\u00f6lte dolgozat\u00e1t a szaruh\u00e1rtya virusos gyullad\u00e1s\u00e1r\u00f3l. <br \/><strong>Irod.:<\/strong> Kiss Cs. M 4.<\/br><\/p>\n","protected":false},"excerpt":{"rendered":"<p>Mv., 1930. \u2020 Mv., 2020.: orvos. \u2013 F\u00e9rje Dr. Jozefovics Ferenc. volt. K\u00e9t l\u00e1nya, h\u00e1rom unok\u00e1ja \u00e9s h\u00e1rom d\u00e9dunok\u00e1ja van. K\u00f6z\u00e9piskol\u00e1ba a. sz. le\u00e1nyk\u00f6z\u00e9piskol\u00e1ban tanult \u00e9s \u00e9retts\u00e9gizett (1949), a MOGYI orvos kar\u00e1n v\u00e9gzett (1955). A mv.-i Szem\u00e9szeti Klinik\u00e1n dolgozott szem\u00e9sz szakorvosk\u00e9nt kezdetekt\u0151l nyugd\u00edjaz\u00e1s\u00e1ig. K\u00f6z\u00f6lte dolgozat\u00e1t a szaruh\u00e1rtya virusos gyullad\u00e1s\u00e1r\u00f3l. Irod.: Kiss Cs. M 4.<\/p>\n","protected":false},"featured_media":0,"comment_status":"open","ping_status":"closed","template":"","meta":[],"product_brand":[],"product_cat":[137],"product_tag":[],"class_list":{"0":"post-10942","1":"product","2":"type-product","3":"status-publish","5":"product_cat-maros-megyei-eletrajzi-lexikon","7":"first","8":"instock","9":"shipping-taxable","10":"product-type-simple"},"_links":{"self":[{"href":"https:\/\/uj.adatbank.ro\/lexikon\/wp-json\/wp\/v2\/product\/10942","targetHints":{"allow":["GET"]}}],"collection":[{"href":"https:\/\/uj.adatbank.ro\/lexikon\/wp-json\/wp\/v2\/product"}],"about":[{"href":"https:\/\/uj.adatbank.ro\/lexikon\/wp-json\/wp\/v2\/types\/product"}],"replies":[{"embeddable":true,"href":"https:\/\/uj.adatbank.ro\/lexikon\/wp-json\/wp\/v2\/comments?post=10942"}],"wp:attachment":[{"href":"https:\/\/uj.adatbank.ro\/lexikon\/wp-json\/wp\/v2\/media?parent=10942"}],"wp:term":[{"taxonomy":"product_brand","embeddable":true,"href":"https:\/\/uj.adatbank.ro\/lexikon\/wp-json\/wp\/v2\/product_brand?post=10942"},{"taxonomy":"product_cat","embeddable":true,"href":"https:\/\/uj.adatbank.ro\/lexikon\/wp-json\/wp\/v2\/product_cat?post=10942"},{"taxonomy":"product_tag","embeddable":true,"href":"https:\/\/uj.adatbank.ro\/lexikon\/wp-json\/wp\/v2\/product_tag?post=10942"}],"curies":[{"name":"wp","href":"https:\/\/api.w.org\/{rel}","templated":true}]}}