{"id":10946,"date":"2025-06-29T13:36:51","date_gmt":"2025-06-29T11:36:51","guid":{"rendered":"https:\/\/uj.adatbank.ro\/lexikon\/termek\/jozsa-bela\/"},"modified":"2025-06-29T13:36:51","modified_gmt":"2025-06-29T11:36:51","slug":"jozsa-bela","status":"publish","type":"product","link":"https:\/\/uj.adatbank.ro\/lexikon\/termek\/jozsa-bela\/","title":{"rendered":"J\u00d3ZSA B\u00e9la"},"content":{"rendered":"<p>Hodgya, 1898. dec. 4. \u2020 Szamosfalva, 1943. nov. 29.: a munk\u00e1smozgalom v\u00e9rtan\u00faja, sz\u00e9kely \u00e9p\u00edt\u0151munk\u00e1s, faszobr\u00e1sz, k\u00f6lt\u0151. \u2013 Eg\u00e9sz \u00e9lete \u00f6sszeforrt a munk\u00e1ss\u00e1g sors\u00e1val. A M. Tan\u00e1csk\u00f6zt\u00e1rsas\u00e1g idej\u00e9n v\u00f6r\u00f6skatonak\u00e9nt harcolt, menek\u00fclnie kellet. Visszat\u00e9rte ut\u00e1n bekapcsol\u00f3dott a rom\u00e1niai munk\u00e1smozgalomba. A Mv.-en megjelent \u00daj Sz\u00f3-t szerkesztette (1936). Letart\u00f3ztatt\u00e1k (1943) \u00e9s a b\u00f6rt\u00f6nben meggyilkolt\u00e1k. \u2013 <strong>F. m.:<\/strong> Pet\u0151fi \u00e9s az 1848\/49-es szabads\u00e1gharc (Kv., 1939); 57 vers (Buk., 1957). <br \/><strong>Irod.:<\/strong> Aranykorszak; Gr\u00fcn Ferenc: Eml\u00e9kez\u00e9s J. B.-ra (1898\u20131943) (V. Z., 1968. nov. 22.)<\/br><\/p>\n","protected":false},"excerpt":{"rendered":"<p>Hodgya, 1898. dec. 4. \u2020 Szamosfalva, 1943. nov. 29.: a munk\u00e1smozgalom v\u00e9rtan\u00faja, sz\u00e9kely \u00e9p\u00edt\u0151munk\u00e1s, faszobr\u00e1sz, k\u00f6lt\u0151. \u2013 Eg\u00e9sz \u00e9lete \u00f6sszeforrt a munk\u00e1ss\u00e1g sors\u00e1val. A M. Tan\u00e1csk\u00f6zt\u00e1rsas\u00e1g idej\u00e9n v\u00f6r\u00f6skatonak\u00e9nt harcolt, menek\u00fclnie kellet. Visszat\u00e9rte ut\u00e1n bekapcsol\u00f3dott a rom\u00e1niai munk\u00e1smozgalomba. A Mv.-en megjelent \u00daj Sz\u00f3-t szerkesztette (1936). Letart\u00f3ztatt\u00e1k (1943) \u00e9s a b\u00f6rt\u00f6nben meggyilkolt\u00e1k. \u2013 F. m.: Pet\u0151fi \u00e9s [&hellip;]<\/p>\n","protected":false},"featured_media":0,"comment_status":"open","ping_status":"closed","template":"","meta":[],"product_brand":[],"product_cat":[137],"product_tag":[],"class_list":{"0":"post-10946","1":"product","2":"type-product","3":"status-publish","5":"product_cat-maros-megyei-eletrajzi-lexikon","7":"first","8":"instock","9":"shipping-taxable","10":"product-type-simple"},"_links":{"self":[{"href":"https:\/\/uj.adatbank.ro\/lexikon\/wp-json\/wp\/v2\/product\/10946","targetHints":{"allow":["GET"]}}],"collection":[{"href":"https:\/\/uj.adatbank.ro\/lexikon\/wp-json\/wp\/v2\/product"}],"about":[{"href":"https:\/\/uj.adatbank.ro\/lexikon\/wp-json\/wp\/v2\/types\/product"}],"replies":[{"embeddable":true,"href":"https:\/\/uj.adatbank.ro\/lexikon\/wp-json\/wp\/v2\/comments?post=10946"}],"wp:attachment":[{"href":"https:\/\/uj.adatbank.ro\/lexikon\/wp-json\/wp\/v2\/media?parent=10946"}],"wp:term":[{"taxonomy":"product_brand","embeddable":true,"href":"https:\/\/uj.adatbank.ro\/lexikon\/wp-json\/wp\/v2\/product_brand?post=10946"},{"taxonomy":"product_cat","embeddable":true,"href":"https:\/\/uj.adatbank.ro\/lexikon\/wp-json\/wp\/v2\/product_cat?post=10946"},{"taxonomy":"product_tag","embeddable":true,"href":"https:\/\/uj.adatbank.ro\/lexikon\/wp-json\/wp\/v2\/product_tag?post=10946"}],"curies":[{"name":"wp","href":"https:\/\/api.w.org\/{rel}","templated":true}]}}

JÓZSA Béla

<p>Hodgya, 1898. dec. 4. † Szamosfalva, 1943. nov. 29.: a munkásmozgalom vértanúja, székely építőmunkás, faszobrász, költő. – Egész élete összeforrt a munkásság sorsával. A M. Tanácsköztársaság idején vöröskatonaként harcolt, menekülnie kellet. Visszatérte után bekapcsolódott a romániai munkásmozgalomba. A Mv.-en megjelent Új Szó-t szerkesztette (1936). Letartóztatták (1943) és a börtönben meggyilkolták. – <strong>F. m.:</strong> Petőfi és az 1848/49-es szabadságharc (Kv., 1939); 57 vers (Buk., 1957). <br /><strong>Irod.:</strong> Aranykorszak; Grün Ferenc: Emlékezés J. B.-ra (1898–1943) (V. Z., 1968. nov. 22.)</br></p>

<p>Hodgya, 1898. dec. 4. † Szamosfalva, 1943. nov. 29.: a munkásmozgalom vértanúja, székely építőmunkás, faszobrász, költő. – Egész élete összeforrt a munkásság sorsával. A M. Tanácsköztársaság idején vöröskatonaként harcolt, menekülnie kellet. Visszatérte után bekapcsolódott a romániai munkásmozgalomba. A Mv.-en megjelent Új Szó-t szerkesztette (1936). Letartóztatták (1943) és a börtönben meggyilkolták. – F. m.: Petőfi és [&hellip;]</p>
