{"id":10948,"date":"2025-06-29T13:36:55","date_gmt":"2025-06-29T11:36:55","guid":{"rendered":"https:\/\/uj.adatbank.ro\/lexikon\/termek\/jozsa-gero\/"},"modified":"2025-06-29T13:36:55","modified_gmt":"2025-06-29T11:36:55","slug":"jozsa-gero","status":"publish","type":"product","link":"https:\/\/uj.adatbank.ro\/lexikon\/termek\/jozsa-gero\/","title":{"rendered":"J\u00d3ZSA Ger\u0151"},"content":{"rendered":"<p>Szamosudvarhely, 1913. dec. 15., \u2020 Mv., 1987. dec. 21.: tan\u00e1r. \u2013 Feles\u00e9ge Nemes Ir\u00e9n fest\u0151m\u0171v\u00e9sz. Az \u00e1ltal\u00e1nos iskol\u00e1t Kutyfalv\u00e1n \u00e9s Torboszl\u00f3n, a k\u00f6z\u00e9piskol\u00e1t Mv.-en v\u00e9gezte (1920\u201333), a kv.-i \u00e9s j\u00e1szv\u00e1rosi TE hallgat\u00f3ja (1933\u201339). Gyakornok a kv.-i TE-n, tan\u00e1r Nagyenyeden, majd a zilahi Wessel\u00e9nyi Koll.-ban (1939\u201349). A mv.-i \u00e9p\u00edt\u00e9szeti szakiskola tan\u00e1ra, majd aligazgat\u00f3ja (1954\u201356), k\u00f6nyvt\u00e1ros (1955), a mv.-i pion\u00edrh\u00e1z oktat\u00f3ja (1956\u201359), a m\u0171v\u00e9szeti l\u00edc. tan\u00e1ra nyugd\u00edjaz\u00e1s\u00e1ig (1959\u201373), ir\u00e1ny\u00edt\u00f3ja a Zenit c. di\u00e1klapnak. Kv.-i \u00e9vei alatt n\u00e9prajzzal is foglalkozott, Szab\u00f3 T. Attil\u00e1val j\u00e1rt\u00e1k Kalotaszeget, feldolgozta a kendertermeszt\u00e9s, fon\u00e1s, sz\u00f6v\u00e9s t\u00e1jszavait, m\u0171ve kiadatlan maradt. Tan\u00e1ri munk\u00e1ss\u00e1g\u00e1t a K\u00f6zt\u00e1rsas\u00e1gi eml\u00e9k\u00e9remmel jutalmazt\u00e1k (1972). <br \/><strong>Irod.:<\/strong> Bocskay Vince: A magyartan\u00e1rt J. G. -nek h\u00edvt\u00e1k (N\u00fa., 1997. dec. 23.); Kusz\u00e1lik; [Nekrol\u00f3g](V. Z., 1987. dec. 22.); Szikszai<\/br><\/p>\n","protected":false},"excerpt":{"rendered":"<p>Szamosudvarhely, 1913. dec. 15., \u2020 Mv., 1987. dec. 21.: tan\u00e1r. \u2013 Feles\u00e9ge Nemes Ir\u00e9n fest\u0151m\u0171v\u00e9sz. Az \u00e1ltal\u00e1nos iskol\u00e1t Kutyfalv\u00e1n \u00e9s Torboszl\u00f3n, a k\u00f6z\u00e9piskol\u00e1t Mv.-en v\u00e9gezte (1920\u201333), a kv.-i \u00e9s j\u00e1szv\u00e1rosi TE hallgat\u00f3ja (1933\u201339). Gyakornok a kv.-i TE-n, tan\u00e1r Nagyenyeden, majd a zilahi Wessel\u00e9nyi Koll.-ban (1939\u201349). A mv.-i \u00e9p\u00edt\u00e9szeti szakiskola tan\u00e1ra, majd aligazgat\u00f3ja (1954\u201356), k\u00f6nyvt\u00e1ros (1955), [&hellip;]<\/p>\n","protected":false},"featured_media":0,"comment_status":"open","ping_status":"closed","template":"","meta":[],"product_brand":[],"product_cat":[137],"product_tag":[],"class_list":{"0":"post-10948","1":"product","2":"type-product","3":"status-publish","5":"product_cat-maros-megyei-eletrajzi-lexikon","7":"first","8":"instock","9":"shipping-taxable","10":"product-type-simple"},"_links":{"self":[{"href":"https:\/\/uj.adatbank.ro\/lexikon\/wp-json\/wp\/v2\/product\/10948","targetHints":{"allow":["GET"]}}],"collection":[{"href":"https:\/\/uj.adatbank.ro\/lexikon\/wp-json\/wp\/v2\/product"}],"about":[{"href":"https:\/\/uj.adatbank.ro\/lexikon\/wp-json\/wp\/v2\/types\/product"}],"replies":[{"embeddable":true,"href":"https:\/\/uj.adatbank.ro\/lexikon\/wp-json\/wp\/v2\/comments?post=10948"}],"wp:attachment":[{"href":"https:\/\/uj.adatbank.ro\/lexikon\/wp-json\/wp\/v2\/media?parent=10948"}],"wp:term":[{"taxonomy":"product_brand","embeddable":true,"href":"https:\/\/uj.adatbank.ro\/lexikon\/wp-json\/wp\/v2\/product_brand?post=10948"},{"taxonomy":"product_cat","embeddable":true,"href":"https:\/\/uj.adatbank.ro\/lexikon\/wp-json\/wp\/v2\/product_cat?post=10948"},{"taxonomy":"product_tag","embeddable":true,"href":"https:\/\/uj.adatbank.ro\/lexikon\/wp-json\/wp\/v2\/product_tag?post=10948"}],"curies":[{"name":"wp","href":"https:\/\/api.w.org\/{rel}","templated":true}]}}

JÓZSA Gerő

<p>Szamosudvarhely, 1913. dec. 15., † Mv., 1987. dec. 21.: tanár. – Felesége Nemes Irén festőművész. Az általános iskolát Kutyfalván és Torboszlón, a középiskolát Mv.-en végezte (1920–33), a kv.-i és jászvárosi TE hallgatója (1933–39). Gyakornok a kv.-i TE-n, tanár Nagyenyeden, majd a zilahi Wesselényi Koll.-ban (1939–49). A mv.-i építészeti szakiskola tanára, majd aligazgatója (1954–56), könyvtáros (1955), a mv.-i pionírház oktatója (1956–59), a művészeti líc. tanára nyugdíjazásáig (1959–73), irányítója a Zenit c. diáklapnak. Kv.-i évei alatt néprajzzal is foglalkozott, Szabó T. Attilával járták Kalotaszeget, feldolgozta a kendertermesztés, fonás, szövés tájszavait, műve kiadatlan maradt. Tanári munkásságát a Köztársasági emlékéremmel jutalmazták (1972). <br /><strong>Irod.:</strong> Bocskay Vince: A magyartanárt J. G. -nek hívták (Nú., 1997. dec. 23.); Kuszálik; [Nekrológ](V. Z., 1987. dec. 22.); Szikszai</br></p>

<p>Szamosudvarhely, 1913. dec. 15., † Mv., 1987. dec. 21.: tanár. – Felesége Nemes Irén festőművész. Az általános iskolát Kutyfalván és Torboszlón, a középiskolát Mv.-en végezte (1920–33), a kv.-i és jászvárosi TE hallgatója (1933–39). Gyakornok a kv.-i TE-n, tanár Nagyenyeden, majd a zilahi Wesselényi Koll.-ban (1939–49). A mv.-i építészeti szakiskola tanára, majd aligazgatója (1954–56), könyvtáros (1955), [&hellip;]</p>
