{"id":10955,"date":"2025-06-29T13:37:10","date_gmt":"2025-06-29T11:37:10","guid":{"rendered":"https:\/\/uj.adatbank.ro\/lexikon\/termek\/jozsa-nemes-iren-%c2%a7-nemes-iren\/"},"modified":"2025-06-29T13:37:10","modified_gmt":"2025-06-29T11:37:10","slug":"jozsa-nemes-iren-%c2%a7-nemes-iren","status":"publish","type":"product","link":"https:\/\/uj.adatbank.ro\/lexikon\/termek\/jozsa-nemes-iren-%c2%a7-nemes-iren\/","title":{"rendered":"J\u00d3ZSA NEMES Ir\u00e9n, \u00a7 Nemes Ir\u00e9n"},"content":{"rendered":"<p>Bede, 1918. okt. 11., \u2020 Mv., 2003. okt. 30.: fest\u0151m\u0171v\u00e9sz. \u2013 F\u00e9rje J. Ger\u0151 tan\u00e1r. \u2013 Mv.-en a Ref. Le\u00e1nygimn.-ban tanult (1925\u201333); szaktanulm\u00e1nyait a mv.-i V\u00e1rosi Szabad Fest\u0151iskol\u00e1ban v\u00e9gezte (1936\u201340), ahol tan\u00e1ra volt Aurel Ciupe, Bordi Andr\u00e1s\u00a0(1940\u201343). Az iskola n\u00f6vend\u00e9keinek ki\u00e1ll\u00edt\u00e1s\u00e1n szerepelt (1939. j\u00fan.). Zilahon, Mv.-en (1941. dec), Kezdiv\u00e1s\u00e1rhelyen \u00f6n\u00e1ll\u00f3, Kv. -on, Buk.-ben orsz\u00e1gos ki\u00e1ll\u00edt\u00e1son mutatta be k\u00e9peit, az E\u00f6tv\u00f6s-napok alkalm\u00e1b\u00f3l Bp.-en a Nemzeti Gal\u00e9ria ki\u00e1ll\u00edt\u00e1s\u00e1n vett r\u00e9szt (1994). L\u00e9nyegret\u00f6r\u0151, naiv b\u00e1j\u00fa, \u00e9rzelemd\u00fas k\u00e9peket, csend\u00e9leteteket, egyedi erd\u00e9lyi t\u00e1jait meg\u00f6r\u00f6k\u00edt\u0151 akvarelleket, olajmunk\u00e1kat, portr\u00e9kat festett. D\u00edszleteket k\u00e9sz\u00edtett a b\u00e1bsz\u00ednh\u00e1znak (Moli\u00e9re: Botcsin\u00e1lta doktor, 1953). Tagaja volt a Rom\u00e1niai K\u00e9pz\u0151m\u0171v\u00e9szek Sz\u00f6vets\u00e9g\u00e9nek (1949\u2013). Sz\u00e1montartj\u00e1k Bede-ben, mint a falu jeles sz\u00fcl\u00f6tt\u00e9t. T\u00f6bb k\u00e9p\u00e9t a kv.-i, nagyv\u00e1radi, konstancai, buk.-i , mv.-i m\u00fazumban \u0151rzik. Olajban megfestette Szab\u00f3 Dezs\u0151 (1976) \u00e9s a k\u00fatj\u00e1r\u00f3l h\u00edres Bodor P\u00e9ter (1979) portr\u00e9j\u00e1t. Gy\u00fcsze, lelkem, kicsidem c. \u00f6n\u00e9letrajzi visszaeml\u00e9kez\u00e9se kiad\u00e1sra v\u00e1r. \u2013 F. ki\u00e1ll\u00edt.: csoportos ki\u00e1ll.: a Sz\u00e9kelyf\u00f6ldi M\u0171v\u00e9szeti \u00e9v keret\u00e9ben (1942\u201344), Kv. (1939), a VI. Nemzeti K\u00e9pz\u0151m\u0171v\u00e9szeti Ki\u00e1ll\u00edt\u00e1s (1942 \u00e9s 1944, 1953, 1995), Mv. tartom\u00e1nyi \/ megyei t\u00e1rlatok\u00a0(1961. m\u00e1j. 7., 1971. nov. 19; 1975. m\u00e1rc. 8., 1994, 1995, 1997); megyek\u00f6zi \u00e9s csoportos: Kv., Nagyv\u00e1rad, Tusn\u00e1d, Constan\u0163a, Sz\u00e1rhegy, Kov\u00e1szna, Sepsiszentgy\u00f6rgy, Cs\u00edkszereda; orsz\u00e1gos t\u00e1rlatok: Buk. (1953, 1962, 1963, 1970, 1983); Bp. (1995, 1999); Egy\u00e9ni ki\u00e1ll.: Zilah (1946), Mv. (1958, 1962, 1973, 1981, 1992, 1998. okt.: 80. sz\u00fclet\u00e9snapj\u00e1n), K\u00e9zdiv\u00e1s\u00e1rhely (1983, 1998), Szov\u00e1ta (1997), Ercsi (Magyaro., 1993), Sz\u00e1zhalombatta (1998), Sopron (2001); eml\u00e9kki\u00e1ll\u00edt\u00e1s Mv. Bern\u00e1dy H\u00e1z (2004. szept. -okt.). <br \/><strong>Irod.:<\/strong> 100 \u00e9v\u00a0; 20. sz.-i k\u00e9pz\u0151m\u0171v\u00e9szet; Arck\u00e9pcsarnok (Igaz Sz\u00f3, 1972, 11. sz.); Ariel; Banner; Bede a Bern\u00e1dy H\u00e1z falain (N\u00fa., 1998. okt. 26.); Bern\u00e1dy; EMKK 2000; Gal\u00e9ria a Bern\u00e1dy H\u00e1zban; Id\u0151t\u00e1r 3.; Jakabovits; J\u00e1ray F. Katalin: J. N. I. -eml\u00e9kki\u00e1ll\u00edt\u00e1s a Bern\u00e1dy H\u00e1zban (N\u00fa., 2004. okt. 4.); KKACs; Koch M\u00e1ria: \u00ab A lelk\u00e9vel fest\u00a0\u00ab (V. Z., 1981. dec. 12.); Kulcs\u00e1r B\u00e9la, ifj.: J. N. I. (V. Z., 1958. febr. 9.); Kusz\u00e1lik; M. I.: Egy festm\u00e9ny sz\u00fclet\u00e9se (\u00daj \u00c9let, 22. sz., 1964); MMK; Moln\u00e1r; M\u0171v\u00e9szeti hetek: Kv., 1942 m\u00e1jus 9. -j\u00fanius 6. (Bp., 1942); NMK: A l\u00e9lek meleg\u00e9vel (N\u00fa., M\u00fazsa, 82. sz., 1992. nov. 19.); NMK: Amikor m\u00e9g b\u00fcsz\u00e9k voltak a sz\u00e9kelyek (N\u00fa., M\u00fazsa, 366. sz., 1998. okt. 10.); Nagy Mikl\u00f3s Kund: J. N. I. 80 \u00e9ves (N\u00fa., M\u00fazsa, 368. sz., 1998. okt. 31.); Nagy Mikl\u00f3s Kund: Gondolatok J. N. I. eml\u00e9kki\u00e1ll\u00edt\u00e1sa el\u00e9 (M\u00fazsa, 2004. szept. 25., 658. sz.); [Nekrol\u00f3g] (N\u00fa., 2003. okt. 30.; nov. 1.); Pelin; RepM; RMIL; RMKK; N\u00fa. (2003. nov. 18\u00a0; 2004. szept. 25; 2004. okt. 9.); Sepsisz\u00e9ki; Szab\u00f3\u2013K\u00e1llai; Todea 2013<\/br><\/p>\n","protected":false},"excerpt":{"rendered":"<p>Bede, 1918. okt. 11., \u2020 Mv., 2003. okt. 30.: fest\u0151m\u0171v\u00e9sz. \u2013 F\u00e9rje J. Ger\u0151 tan\u00e1r. \u2013 Mv.-en a Ref. Le\u00e1nygimn.-ban tanult (1925\u201333); szaktanulm\u00e1nyait a mv.-i V\u00e1rosi Szabad Fest\u0151iskol\u00e1ban v\u00e9gezte (1936\u201340), ahol tan\u00e1ra volt Aurel Ciupe, Bordi Andr\u00e1s\u00a0(1940\u201343). Az iskola n\u00f6vend\u00e9keinek ki\u00e1ll\u00edt\u00e1s\u00e1n szerepelt (1939. j\u00fan.). Zilahon, Mv.-en (1941. dec), Kezdiv\u00e1s\u00e1rhelyen \u00f6n\u00e1ll\u00f3, Kv. -on, Buk.-ben orsz\u00e1gos ki\u00e1ll\u00edt\u00e1son [&hellip;]<\/p>\n","protected":false},"featured_media":0,"comment_status":"open","ping_status":"closed","template":"","meta":[],"product_brand":[],"product_cat":[137],"product_tag":[],"class_list":{"0":"post-10955","1":"product","2":"type-product","3":"status-publish","5":"product_cat-maros-megyei-eletrajzi-lexikon","7":"first","8":"instock","9":"shipping-taxable","10":"product-type-simple"},"_links":{"self":[{"href":"https:\/\/uj.adatbank.ro\/lexikon\/wp-json\/wp\/v2\/product\/10955","targetHints":{"allow":["GET"]}}],"collection":[{"href":"https:\/\/uj.adatbank.ro\/lexikon\/wp-json\/wp\/v2\/product"}],"about":[{"href":"https:\/\/uj.adatbank.ro\/lexikon\/wp-json\/wp\/v2\/types\/product"}],"replies":[{"embeddable":true,"href":"https:\/\/uj.adatbank.ro\/lexikon\/wp-json\/wp\/v2\/comments?post=10955"}],"wp:attachment":[{"href":"https:\/\/uj.adatbank.ro\/lexikon\/wp-json\/wp\/v2\/media?parent=10955"}],"wp:term":[{"taxonomy":"product_brand","embeddable":true,"href":"https:\/\/uj.adatbank.ro\/lexikon\/wp-json\/wp\/v2\/product_brand?post=10955"},{"taxonomy":"product_cat","embeddable":true,"href":"https:\/\/uj.adatbank.ro\/lexikon\/wp-json\/wp\/v2\/product_cat?post=10955"},{"taxonomy":"product_tag","embeddable":true,"href":"https:\/\/uj.adatbank.ro\/lexikon\/wp-json\/wp\/v2\/product_tag?post=10955"}],"curies":[{"name":"wp","href":"https:\/\/api.w.org\/{rel}","templated":true}]}}

JÓZSA NEMES Irén, § Nemes Irén

<p>Bede, 1918. okt. 11., † Mv., 2003. okt. 30.: festőművész. – Férje J. Gerő tanár. – Mv.-en a Ref. Leánygimn.-ban tanult (1925–33); szaktanulmányait a mv.-i Városi Szabad Festőiskolában végezte (1936–40), ahol tanára volt Aurel Ciupe, Bordi András (1940–43). Az iskola növendékeinek kiállításán szerepelt (1939. jún.). Zilahon, Mv.-en (1941. dec), Kezdivásárhelyen önálló, Kv. -on, Buk.-ben országos kiállításon mutatta be képeit, az Eötvös-napok alkalmából Bp.-en a Nemzeti Galéria kiállításán vett részt (1994). Lényegretörő, naiv bájú, érzelemdús képeket, csendéleteteket, egyedi erdélyi tájait megörökítő akvarelleket, olajmunkákat, portrékat festett. Díszleteket készített a bábszínháznak (Moliére: Botcsinálta doktor, 1953). Tagaja volt a Romániai Képzőművészek Szövetségének (1949–). Számontartják Bede-ben, mint a falu jeles szülöttét. Több képét a kv.-i, nagyváradi, konstancai, buk.-i , mv.-i múzumban őrzik. Olajban megfestette Szabó Dezső (1976) és a kútjáról híres Bodor Péter (1979) portréját. Gyüsze, lelkem, kicsidem c. önéletrajzi visszaemlékezése kiadásra vár. – F. kiállít.: csoportos kiáll.: a Székelyföldi Művészeti év keretében (1942–44), Kv. (1939), a VI. Nemzeti Képzőművészeti Kiállítás (1942 és 1944, 1953, 1995), Mv. tartományi / megyei tárlatok (1961. máj. 7., 1971. nov. 19; 1975. márc. 8., 1994, 1995, 1997); megyeközi és csoportos: Kv., Nagyvárad, Tusnád, Constanţa, Szárhegy, Kovászna, Sepsiszentgyörgy, Csíkszereda; országos tárlatok: Buk. (1953, 1962, 1963, 1970, 1983); Bp. (1995, 1999); Egyéni kiáll.: Zilah (1946), Mv. (1958, 1962, 1973, 1981, 1992, 1998. okt.: 80. születésnapján), Kézdivásárhely (1983, 1998), Szováta (1997), Ercsi (Magyaro., 1993), Százhalombatta (1998), Sopron (2001); emlékkiállítás Mv. Bernády Ház (2004. szept. -okt.). <br /><strong>Irod.:</strong> 100 év ; 20. sz.-i képzőművészet; Arcképcsarnok (Igaz Szó, 1972, 11. sz.); Ariel; Banner; Bede a Bernády Ház falain (Nú., 1998. okt. 26.); Bernády; EMKK 2000; Galéria a Bernády Házban; Időtár 3.; Jakabovits; Járay F. Katalin: J. N. I. -emlékkiállítás a Bernády Házban (Nú., 2004. okt. 4.); KKACs; Koch Mária: « A lelkével fest « (V. Z., 1981. dec. 12.); Kulcsár Béla, ifj.: J. N. I. (V. Z., 1958. febr. 9.); Kuszálik; M. I.: Egy festmény születése (Új Élet, 22. sz., 1964); MMK; Molnár; Művészeti hetek: Kv., 1942 május 9. -június 6. (Bp., 1942); NMK: A lélek melegével (Nú., Múzsa, 82. sz., 1992. nov. 19.); NMK: Amikor még büszék voltak a székelyek (Nú., Múzsa, 366. sz., 1998. okt. 10.); Nagy Miklós Kund: J. N. I. 80 éves (Nú., Múzsa, 368. sz., 1998. okt. 31.); Nagy Miklós Kund: Gondolatok J. N. I. emlékkiállítása elé (Múzsa, 2004. szept. 25., 658. sz.); [Nekrológ] (Nú., 2003. okt. 30.; nov. 1.); Pelin; RepM; RMIL; RMKK; Nú. (2003. nov. 18 ; 2004. szept. 25; 2004. okt. 9.); Sepsiszéki; Szabó–Kállai; Todea 2013</br></p>

<p>Bede, 1918. okt. 11., † Mv., 2003. okt. 30.: festőművész. – Férje J. Gerő tanár. – Mv.-en a Ref. Leánygimn.-ban tanult (1925–33); szaktanulmányait a mv.-i Városi Szabad Festőiskolában végezte (1936–40), ahol tanára volt Aurel Ciupe, Bordi András (1940–43). Az iskola növendékeinek kiállításán szerepelt (1939. jún.). Zilahon, Mv.-en (1941. dec), Kezdivásárhelyen önálló, Kv. -on, Buk.-ben országos kiállításon [&hellip;]</p>
