{"id":10957,"date":"2025-06-29T13:37:13","date_gmt":"2025-06-29T11:37:13","guid":{"rendered":"https:\/\/uj.adatbank.ro\/lexikon\/termek\/jozsa-sandor\/"},"modified":"2025-06-29T13:37:13","modified_gmt":"2025-06-29T11:37:13","slug":"jozsa-sandor","status":"publish","type":"product","link":"https:\/\/uj.adatbank.ro\/lexikon\/termek\/jozsa-sandor\/","title":{"rendered":"J\u00d3ZSA S\u00e1ndor"},"content":{"rendered":"<p>? \u2020\u00a0Mo., 2001. m\u00e1rc. 11: sportrep\u00fcl\u0151, oktat\u00f3 pil\u00f3ta. \u2013 A Constructorul sz\u00f6vetkezet technikusa. Mv.-en az els\u0151 s\u00e1rk\u00e1nyrep\u00fcl\u0151 szakoszt\u00e1ly a Prodcomplex sportegyes\u00fcletn\u00e9l, a Viitoruln\u00e1l alakult meg. Vitorl\u00e1z\u00f3 rep\u00fcl\u0151, a mv.-i Aeroklub parancsnoka. Sportrep\u00fcl\u00e9sben orsz\u00e1gos eredm\u00e9nyei voltak. Tagja lett a vitorl\u00e1z\u00f3 rep\u00fcl\u0151k v\u00e1logatott keret\u00e9nek (1965\u2013). Sportmesteri c\u00edm birtokosa (1967). A Rom\u00e1n Rep\u00fcl\u0151sz\u00f6vets\u00e9g t\u00f6bb alkalommal kit\u00fcntette. Megszerezte a Nemzetk\u00f6zi Rep\u00fcl\u0151sz\u00f6vets\u00e9g egygy\u00e9m\u00e1ntos aranykoszor\u00faj\u00e1t (300 km. -es t\u00e1v berep\u00fcl\u00e9se el\u0151re bejelentett c\u00e9lba, 3000 m magass\u00e1gban; 1966. j\u00fan.). <br \/><strong>Irod.:<\/strong> Kov\u00e1cs B. Istv\u00e1n: S\u00e1rk\u00e1nyrep\u00fcl\u00e9s (V. Z., 1983. aug. 2.); Makkai J\u00e1nos: A szelek ut\u00edt\u00e1rsa (V. Z., 1966. j\u00fan. 19.); [Nekrol\u00f3g] (N\u00fa., 2001. m\u00e1rc. 13); Papp J\u00f3zsef: J. S. (V. Z., 1967. jan. 17.)<\/br><\/p>\n","protected":false},"excerpt":{"rendered":"<p>? \u2020\u00a0Mo., 2001. m\u00e1rc. 11: sportrep\u00fcl\u0151, oktat\u00f3 pil\u00f3ta. \u2013 A Constructorul sz\u00f6vetkezet technikusa. Mv.-en az els\u0151 s\u00e1rk\u00e1nyrep\u00fcl\u0151 szakoszt\u00e1ly a Prodcomplex sportegyes\u00fcletn\u00e9l, a Viitoruln\u00e1l alakult meg. Vitorl\u00e1z\u00f3 rep\u00fcl\u0151, a mv.-i Aeroklub parancsnoka. Sportrep\u00fcl\u00e9sben orsz\u00e1gos eredm\u00e9nyei voltak. Tagja lett a vitorl\u00e1z\u00f3 rep\u00fcl\u0151k v\u00e1logatott keret\u00e9nek (1965\u2013). Sportmesteri c\u00edm birtokosa (1967). A Rom\u00e1n Rep\u00fcl\u0151sz\u00f6vets\u00e9g t\u00f6bb alkalommal kit\u00fcntette. Megszerezte a [&hellip;]<\/p>\n","protected":false},"featured_media":0,"comment_status":"open","ping_status":"closed","template":"","meta":[],"product_brand":[],"product_cat":[137],"product_tag":[],"class_list":{"0":"post-10957","1":"product","2":"type-product","3":"status-publish","5":"product_cat-maros-megyei-eletrajzi-lexikon","7":"first","8":"instock","9":"shipping-taxable","10":"product-type-simple"},"_links":{"self":[{"href":"https:\/\/uj.adatbank.ro\/lexikon\/wp-json\/wp\/v2\/product\/10957","targetHints":{"allow":["GET"]}}],"collection":[{"href":"https:\/\/uj.adatbank.ro\/lexikon\/wp-json\/wp\/v2\/product"}],"about":[{"href":"https:\/\/uj.adatbank.ro\/lexikon\/wp-json\/wp\/v2\/types\/product"}],"replies":[{"embeddable":true,"href":"https:\/\/uj.adatbank.ro\/lexikon\/wp-json\/wp\/v2\/comments?post=10957"}],"wp:attachment":[{"href":"https:\/\/uj.adatbank.ro\/lexikon\/wp-json\/wp\/v2\/media?parent=10957"}],"wp:term":[{"taxonomy":"product_brand","embeddable":true,"href":"https:\/\/uj.adatbank.ro\/lexikon\/wp-json\/wp\/v2\/product_brand?post=10957"},{"taxonomy":"product_cat","embeddable":true,"href":"https:\/\/uj.adatbank.ro\/lexikon\/wp-json\/wp\/v2\/product_cat?post=10957"},{"taxonomy":"product_tag","embeddable":true,"href":"https:\/\/uj.adatbank.ro\/lexikon\/wp-json\/wp\/v2\/product_tag?post=10957"}],"curies":[{"name":"wp","href":"https:\/\/api.w.org\/{rel}","templated":true}]}}

JÓZSA Sándor

<p>? † Mo., 2001. márc. 11: sportrepülő, oktató pilóta. – A Constructorul szövetkezet technikusa. Mv.-en az első sárkányrepülő szakosztály a Prodcomplex sportegyesületnél, a Viitorulnál alakult meg. Vitorlázó repülő, a mv.-i Aeroklub parancsnoka. Sportrepülésben országos eredményei voltak. Tagja lett a vitorlázó repülők válogatott keretének (1965–). Sportmesteri cím birtokosa (1967). A Román Repülőszövetség több alkalommal kitüntette. Megszerezte a Nemzetközi Repülőszövetség egygyémántos aranykoszorúját (300 km. -es táv berepülése előre bejelentett célba, 3000 m magasságban; 1966. jún.). <br /><strong>Irod.:</strong> Kovács B. István: Sárkányrepülés (V. Z., 1983. aug. 2.); Makkai János: A szelek utítársa (V. Z., 1966. jún. 19.); [Nekrológ] (Nú., 2001. márc. 13); Papp József: J. S. (V. Z., 1967. jan. 17.)</br></p>

<p>? † Mo., 2001. márc. 11: sportrepülő, oktató pilóta. – A Constructorul szövetkezet technikusa. Mv.-en az első sárkányrepülő szakosztály a Prodcomplex sportegyesületnél, a Viitorulnál alakult meg. Vitorlázó repülő, a mv.-i Aeroklub parancsnoka. Sportrepülésben országos eredményei voltak. Tagja lett a vitorlázó repülők válogatott keretének (1965–). Sportmesteri cím birtokosa (1967). A Román Repülőszövetség több alkalommal kitüntette. Megszerezte a [&hellip;]</p>
