{"id":10962,"date":"2025-06-29T13:37:23","date_gmt":"2025-06-29T11:37:23","guid":{"rendered":"https:\/\/uj.adatbank.ro\/lexikon\/termek\/jozsef-ferenc-2\/"},"modified":"2025-06-29T13:37:23","modified_gmt":"2025-06-29T11:37:23","slug":"jozsef-ferenc-2","status":"publish","type":"product","link":"https:\/\/uj.adatbank.ro\/lexikon\/termek\/jozsef-ferenc-2\/","title":{"rendered":"J\u00d3ZSEF Ferenc"},"content":{"rendered":"<p>? \u2020 ? : kir\u00e1lyi herceg. \u2013 T\u00f6bbsz\u00f6r j\u00e1rt Mv.-en, itt lakott (1916\u201317). Mv.-en megalakult a Baross Sz\u00f6vets\u00e9g helyi tagozata (1942. m\u00e1rc. 8.), \u00e9s itt zajlott az Idegenforgalmi \u00e9s f\u00fcrd\u0151\u00fcgyi orsz\u00e1gos kongresszus (1942. m\u00e1rc. 22\u201324). Mint az Orsz\u00e1gos Baross Sz\u00f6vets\u00e9g d\u00edszeln\u00f6ke, \u00e9s a mo.-i F\u00fcrd\u0151sz\u00f6vets\u00e9g eln\u00f6ke, r\u00e9szt mind a k\u00e9t rendezv\u00e9nyen. <br \/><strong>Irod.:<\/strong> Id\u0151t\u00e1r 3<\/br><\/p>\n","protected":false},"excerpt":{"rendered":"<p>? \u2020 ? : kir\u00e1lyi herceg. \u2013 T\u00f6bbsz\u00f6r j\u00e1rt Mv.-en, itt lakott (1916\u201317). Mv.-en megalakult a Baross Sz\u00f6vets\u00e9g helyi tagozata (1942. m\u00e1rc. 8.), \u00e9s itt zajlott az Idegenforgalmi \u00e9s f\u00fcrd\u0151\u00fcgyi orsz\u00e1gos kongresszus (1942. m\u00e1rc. 22\u201324). Mint az Orsz\u00e1gos Baross Sz\u00f6vets\u00e9g d\u00edszeln\u00f6ke, \u00e9s a mo.-i F\u00fcrd\u0151sz\u00f6vets\u00e9g eln\u00f6ke, r\u00e9szt mind a k\u00e9t rendezv\u00e9nyen. Irod.: Id\u0151t\u00e1r 3<\/p>\n","protected":false},"featured_media":0,"comment_status":"open","ping_status":"closed","template":"","meta":[],"product_brand":[],"product_cat":[137],"product_tag":[],"class_list":{"0":"post-10962","1":"product","2":"type-product","3":"status-publish","5":"product_cat-maros-megyei-eletrajzi-lexikon","7":"first","8":"instock","9":"shipping-taxable","10":"product-type-simple"},"_links":{"self":[{"href":"https:\/\/uj.adatbank.ro\/lexikon\/wp-json\/wp\/v2\/product\/10962","targetHints":{"allow":["GET"]}}],"collection":[{"href":"https:\/\/uj.adatbank.ro\/lexikon\/wp-json\/wp\/v2\/product"}],"about":[{"href":"https:\/\/uj.adatbank.ro\/lexikon\/wp-json\/wp\/v2\/types\/product"}],"replies":[{"embeddable":true,"href":"https:\/\/uj.adatbank.ro\/lexikon\/wp-json\/wp\/v2\/comments?post=10962"}],"wp:attachment":[{"href":"https:\/\/uj.adatbank.ro\/lexikon\/wp-json\/wp\/v2\/media?parent=10962"}],"wp:term":[{"taxonomy":"product_brand","embeddable":true,"href":"https:\/\/uj.adatbank.ro\/lexikon\/wp-json\/wp\/v2\/product_brand?post=10962"},{"taxonomy":"product_cat","embeddable":true,"href":"https:\/\/uj.adatbank.ro\/lexikon\/wp-json\/wp\/v2\/product_cat?post=10962"},{"taxonomy":"product_tag","embeddable":true,"href":"https:\/\/uj.adatbank.ro\/lexikon\/wp-json\/wp\/v2\/product_tag?post=10962"}],"curies":[{"name":"wp","href":"https:\/\/api.w.org\/{rel}","templated":true}]}}

JÓZSEF Ferenc

<p>? † ? : királyi herceg. – Többször járt Mv.-en, itt lakott (1916–17). Mv.-en megalakult a Baross Szövetség helyi tagozata (1942. márc. 8.), és itt zajlott az Idegenforgalmi és fürdőügyi országos kongresszus (1942. márc. 22–24). Mint az Országos Baross Szövetség díszelnöke, és a mo.-i Fürdőszövetség elnöke, részt mind a két rendezvényen. <br /><strong>Irod.:</strong> Időtár 3</br></p>

<p>? † ? : királyi herceg. – Többször járt Mv.-en, itt lakott (1916–17). Mv.-en megalakult a Baross Szövetség helyi tagozata (1942. márc. 8.), és itt zajlott az Idegenforgalmi és fürdőügyi országos kongresszus (1942. márc. 22–24). Mint az Országos Baross Szövetség díszelnöke, és a mo.-i Fürdőszövetség elnöke, részt mind a két rendezvényen. Irod.: Időtár 3</p>
