{"id":10963,"date":"2025-06-29T13:37:25","date_gmt":"2025-06-29T11:37:25","guid":{"rendered":"https:\/\/uj.adatbank.ro\/lexikon\/termek\/jozsef-ii-jozsef-ii-csaszar-ii-jozsef-habsburg-lotharingiai\/"},"modified":"2025-06-29T13:37:25","modified_gmt":"2025-06-29T11:37:25","slug":"jozsef-ii-jozsef-ii-csaszar-ii-jozsef-habsburg-lotharingiai","status":"publish","type":"product","link":"https:\/\/uj.adatbank.ro\/lexikon\/termek\/jozsef-ii-jozsef-ii-csaszar-ii-jozsef-habsburg-lotharingiai\/","title":{"rendered":"J\u00d3ZSEF II. J\u00f3zsef II. cs\u00e1sz\u00e1r, II. J\u00f3zsef Habsburg-Lotharingiai"},"content":{"rendered":"<p>1741., \u2020\u00a01790.: m. kir\u00e1ly, n\u00e9met-r\u00f3mai cs\u00e1sz\u00e1r (1765\u201390), m. \u00e9s cseh kir (1780\u201390). \u2013 M\u00e1ria Ter\u00e9zia \u00e9s Lotharingiai Ferenc fia. -Anyja, M\u00e1ria Ter\u00e9zia cs\u00e1sz\u00e1rn\u0151 mellett volt a n\u00e9met-r\u00f3mai birodalom r\u00e9gense \/ uralkod\u00f3t\u00e1rsa \u00e9s m. kir\u00e1ly (1780\u201390). Erd\u00e9lyi k\u00f6r\u00fatat tett (1773. m\u00e1j. 24. -j\u00fal. 10.), melynek sor\u00e1n a parajdi \u00e9s szov\u00e1tai s\u00f3vid\u00e9k sz\u00e1mbav\u00e9tele ut\u00e1n Sz\u00e1szr\u00e9genen kereszt\u00fcl Mv. -re l\u00e1togatott (1773). Felkereste a v\u00e1rban \u00e1llom\u00e1soz\u00f3 hely\u0151rs\u00e9get, a v\u00e1rban l\u00e9v\u0151 d\u00edszszeml\u00e9re a Pal\u00e1sk\u00f6z\u00f6n felfel\u00e9, a s\u00e1r miatt egy katona \u00e9s a ref. pap h\u00e1t\u00e1n \u00e9rkezett. A Szent Gy\u00f6rgy utca v\u00e9g\u00e9n l\u00e9v\u0151 Makari\u00e1s h\u00e1zba sz\u00e1ll\u00e1solt\u00e1k (1773. j\u00fal. 11\u201313), itt t\u00f6lt\u00f6tt egy \u00e9jszak\u00e1t. Borosnyai Luk\u00e1cs Simon volt a k\u00eds\u00e9r\u0151je \u00e9s tolm\u00e1csa. M\u00e9g Szebenbe is mag\u00e1hoz rendelte annyira tetszett neki a lelk\u00e9sz pr\u00e9dik\u00e1l\u00e1sa. Megl\u00e1togatta a mv.-i v\u00e1rat \u00e9s a letart\u00f3ztatott Apor b\u00e1r\u00f3t. Majd Sz\u00e1szr\u00e9genbe, Beszterc\u00e9re \u00e9s Bal\u00e1zsfalv\u00e1ra folytatta \u00fatj\u00e1t. -: <strong>F. m.:<\/strong> J\u00f3zsrf ts\u00e1sz\u00e1r im\u00e1ds\u00e1gos k\u00f6nyve: N\u00e9metb\u0151l ford\u00edtatott Mv.-en , 1787. <br \/><strong>Irod.:<\/strong> Bozac-Pavel; Id\u0151t\u00e1r 1; Mv. Molter; N\u00fa. (1998. j\u00fan. 26); P\u00e1l-Antal 2002; Szentgy\u00f6rgyi; Sz\u0151cs Istv\u00e1n: A (v\u00e1s\u00e1r)helyi g\u00e9niuszr\u00f3l (Utunk 36. sz., 1965. szept. 3.); Telekiek<\/br><\/p>\n","protected":false},"excerpt":{"rendered":"<p>1741., \u2020\u00a01790.: m. kir\u00e1ly, n\u00e9met-r\u00f3mai cs\u00e1sz\u00e1r (1765\u201390), m. \u00e9s cseh kir (1780\u201390). \u2013 M\u00e1ria Ter\u00e9zia \u00e9s Lotharingiai Ferenc fia. -Anyja, M\u00e1ria Ter\u00e9zia cs\u00e1sz\u00e1rn\u0151 mellett volt a n\u00e9met-r\u00f3mai birodalom r\u00e9gense \/ uralkod\u00f3t\u00e1rsa \u00e9s m. kir\u00e1ly (1780\u201390). Erd\u00e9lyi k\u00f6r\u00fatat tett (1773. m\u00e1j. 24. -j\u00fal. 10.), melynek sor\u00e1n a parajdi \u00e9s szov\u00e1tai s\u00f3vid\u00e9k sz\u00e1mbav\u00e9tele ut\u00e1n Sz\u00e1szr\u00e9genen kereszt\u00fcl Mv. [&hellip;]<\/p>\n","protected":false},"featured_media":0,"comment_status":"open","ping_status":"closed","template":"","meta":[],"product_brand":[],"product_cat":[137],"product_tag":[],"class_list":{"0":"post-10963","1":"product","2":"type-product","3":"status-publish","5":"product_cat-maros-megyei-eletrajzi-lexikon","7":"first","8":"instock","9":"shipping-taxable","10":"product-type-simple"},"_links":{"self":[{"href":"https:\/\/uj.adatbank.ro\/lexikon\/wp-json\/wp\/v2\/product\/10963","targetHints":{"allow":["GET"]}}],"collection":[{"href":"https:\/\/uj.adatbank.ro\/lexikon\/wp-json\/wp\/v2\/product"}],"about":[{"href":"https:\/\/uj.adatbank.ro\/lexikon\/wp-json\/wp\/v2\/types\/product"}],"replies":[{"embeddable":true,"href":"https:\/\/uj.adatbank.ro\/lexikon\/wp-json\/wp\/v2\/comments?post=10963"}],"wp:attachment":[{"href":"https:\/\/uj.adatbank.ro\/lexikon\/wp-json\/wp\/v2\/media?parent=10963"}],"wp:term":[{"taxonomy":"product_brand","embeddable":true,"href":"https:\/\/uj.adatbank.ro\/lexikon\/wp-json\/wp\/v2\/product_brand?post=10963"},{"taxonomy":"product_cat","embeddable":true,"href":"https:\/\/uj.adatbank.ro\/lexikon\/wp-json\/wp\/v2\/product_cat?post=10963"},{"taxonomy":"product_tag","embeddable":true,"href":"https:\/\/uj.adatbank.ro\/lexikon\/wp-json\/wp\/v2\/product_tag?post=10963"}],"curies":[{"name":"wp","href":"https:\/\/api.w.org\/{rel}","templated":true}]}}

JÓZSEF II. József II. császár, II. József Habsburg-Lotharingiai

<p>1741., † 1790.: m. király, német-római császár (1765–90), m. és cseh kir (1780–90). – Mária Terézia és Lotharingiai Ferenc fia. -Anyja, Mária Terézia császárnő mellett volt a német-római birodalom régense / uralkodótársa és m. király (1780–90). Erdélyi körútat tett (1773. máj. 24. -júl. 10.), melynek során a parajdi és szovátai sóvidék számbavétele után Szászrégenen keresztül Mv. -re látogatott (1773). Felkereste a várban állomásozó helyőrséget, a várban lévő díszszemlére a Palásközön felfelé, a sár miatt egy katona és a ref. pap hátán érkezett. A Szent György utca végén lévő Makariás házba szállásolták (1773. júl. 11–13), itt töltött egy éjszakát. Borosnyai Lukács Simon volt a kísérője és tolmácsa. Még Szebenbe is magához rendelte annyira tetszett neki a lelkész prédikálása. Meglátogatta a mv.-i várat és a letartóztatott Apor bárót. Majd Szászrégenbe, Besztercére és Balázsfalvára folytatta útját. -: <strong>F. m.:</strong> Józsrf tsászár imádságos könyve: Németből fordítatott Mv.-en , 1787. <br /><strong>Irod.:</strong> Bozac-Pavel; Időtár 1; Mv. Molter; Nú. (1998. jún. 26); Pál-Antal 2002; Szentgyörgyi; Szőcs István: A (vásár)helyi géniuszról (Utunk 36. sz., 1965. szept. 3.); Telekiek</br></p>

<p>1741., † 1790.: m. király, német-római császár (1765–90), m. és cseh kir (1780–90). – Mária Terézia és Lotharingiai Ferenc fia. -Anyja, Mária Terézia császárnő mellett volt a német-római birodalom régense / uralkodótársa és m. király (1780–90). Erdélyi körútat tett (1773. máj. 24. -júl. 10.), melynek során a parajdi és szovátai sóvidék számbavétele után Szászrégenen keresztül Mv. [&hellip;]</p>
