{"id":10967,"date":"2025-06-29T13:37:33","date_gmt":"2025-06-29T11:37:33","guid":{"rendered":"https:\/\/uj.adatbank.ro\/lexikon\/termek\/juhasz-andras\/"},"modified":"2025-06-29T13:37:33","modified_gmt":"2025-06-29T11:37:33","slug":"juhasz-andras","status":"publish","type":"product","link":"https:\/\/uj.adatbank.ro\/lexikon\/termek\/juhasz-andras\/","title":{"rendered":"JUH\u00c1SZ Andr\u00e1s"},"content":{"rendered":"<p>1941. nov. 28., \u2020 Bp., 1993. jan. 5. Mv.-en nyugszik a ref. temet\u0151ben: ref. lelk\u00e9sz, esperes. \u2013 Feles\u00e9ge: Moln\u00e1r Annam\u00e1ria (*1945 \u2020 2019. febr. 14.), tiszteletesasszony, k\u00e1ntora a gy\u00fclekezletnek 28 \u00e9vig. \u2013 Detrehemben szolg\u00e1lt, innen h\u00edvt\u00e1k meg a mv.-i Szabadi utcai ref. egyh\u00e1zk\u00f6zs\u00e9g lelk\u00e9sz\u00e9nek (1974. j\u00fan. 29. \u2013), a Maros-Mez\u0151s\u00e9gi Egyh\u00e1zmegye esperese. Amerikai tanulm\u00e1ny\u00faton volt a Princeton-i egyetemen tanulm\u00e1ny\u00f6szt\u00f6nd\u00edjjal (1976\u201377), megszerezte a teol\u00f3gia magiszteri fokozatot, dr. Lelk\u00e9sz-tan\u00e1r volt a Vall\u00e1stan\u00e1rk\u00e9pz\u0151 F\u0151iskol\u00e1n \u00e9s a Mv.-i K\u00e1ntor-tan\u00edt\u00f3k\u00e9pz\u0151ben. A mv.-i Szabadi \u00fati ref. egyh\u00e1zk\u00f6zs\u00e9g Gy\u00fclekezeti K\u00f6zpontja viseli a Dr. J. A. nevet (1996). \u2013 <strong>F. m.:<\/strong> Az erd\u00e9lyi reform\u00e1tus egyh\u00e1zker\u00fclet  =  Erd\u00e9lyi egyh\u00e1zak; \u00d6kum\u00e9nikus t\u00f6rekv\u00e9sek az Erd\u00e9lyi Reform\u00e1tus Egyh\u00e1z 16. \u00e9s 17. sz\u00e1zadi t\u00f6rt\u00e9net\u00e9ben (a sz\u00f6veget gondozta Tonk S\u00e1ndor; Kv., 1994). <br \/><strong>Irod.:<\/strong> Cs\u00e1ky; MMK; [Nekrol\u00f3g] (N\u00fa., 1993. jan. 7.; 1993. jan. 8.; 1993. jan. 12.); Remeteszeg; Sz\u00e1sz Zolt\u00e1n: A dr. J. A. Gy\u0171lekezeti K\u00f6zpont (N\u00fa., 9. sz., 2000. szept.); T\u0151k\u00e9s Istv\u00e1n, lelk\u00e9sz; [Juh\u00e1sz Andr\u00e1sn\u00e9, Nekrol\u00f3g, (N\u00fa., 2019. febr. 12.)<\/br><\/p>\n","protected":false},"excerpt":{"rendered":"<p>1941. nov. 28., \u2020 Bp., 1993. jan. 5. Mv.-en nyugszik a ref. temet\u0151ben: ref. lelk\u00e9sz, esperes. \u2013 Feles\u00e9ge: Moln\u00e1r Annam\u00e1ria (*1945 \u2020 2019. febr. 14.), tiszteletesasszony, k\u00e1ntora a gy\u00fclekezletnek 28 \u00e9vig. \u2013 Detrehemben szolg\u00e1lt, innen h\u00edvt\u00e1k meg a mv.-i Szabadi utcai ref. egyh\u00e1zk\u00f6zs\u00e9g lelk\u00e9sz\u00e9nek (1974. j\u00fan. 29. \u2013), a Maros-Mez\u0151s\u00e9gi Egyh\u00e1zmegye esperese. Amerikai tanulm\u00e1ny\u00faton volt [&hellip;]<\/p>\n","protected":false},"featured_media":0,"comment_status":"open","ping_status":"closed","template":"","meta":[],"product_brand":[],"product_cat":[137],"product_tag":[],"class_list":{"0":"post-10967","1":"product","2":"type-product","3":"status-publish","5":"product_cat-maros-megyei-eletrajzi-lexikon","7":"first","8":"instock","9":"shipping-taxable","10":"product-type-simple"},"_links":{"self":[{"href":"https:\/\/uj.adatbank.ro\/lexikon\/wp-json\/wp\/v2\/product\/10967","targetHints":{"allow":["GET"]}}],"collection":[{"href":"https:\/\/uj.adatbank.ro\/lexikon\/wp-json\/wp\/v2\/product"}],"about":[{"href":"https:\/\/uj.adatbank.ro\/lexikon\/wp-json\/wp\/v2\/types\/product"}],"replies":[{"embeddable":true,"href":"https:\/\/uj.adatbank.ro\/lexikon\/wp-json\/wp\/v2\/comments?post=10967"}],"wp:attachment":[{"href":"https:\/\/uj.adatbank.ro\/lexikon\/wp-json\/wp\/v2\/media?parent=10967"}],"wp:term":[{"taxonomy":"product_brand","embeddable":true,"href":"https:\/\/uj.adatbank.ro\/lexikon\/wp-json\/wp\/v2\/product_brand?post=10967"},{"taxonomy":"product_cat","embeddable":true,"href":"https:\/\/uj.adatbank.ro\/lexikon\/wp-json\/wp\/v2\/product_cat?post=10967"},{"taxonomy":"product_tag","embeddable":true,"href":"https:\/\/uj.adatbank.ro\/lexikon\/wp-json\/wp\/v2\/product_tag?post=10967"}],"curies":[{"name":"wp","href":"https:\/\/api.w.org\/{rel}","templated":true}]}}

JUHÁSZ András

<p>1941. nov. 28., † Bp., 1993. jan. 5. Mv.-en nyugszik a ref. temetőben: ref. lelkész, esperes. – Felesége: Molnár Annamária (*1945 † 2019. febr. 14.), tiszteletesasszony, kántora a gyülekezletnek 28 évig. – Detrehemben szolgált, innen hívták meg a mv.-i Szabadi utcai ref. egyházközség lelkészének (1974. jún. 29. –), a Maros-Mezőségi Egyházmegye esperese. Amerikai tanulmányúton volt a Princeton-i egyetemen tanulmányösztöndíjjal (1976–77), megszerezte a teológia magiszteri fokozatot, dr. Lelkész-tanár volt a Vallástanárképző Főiskolán és a Mv.-i Kántor-tanítóképzőben. A mv.-i Szabadi úti ref. egyházközség Gyülekezeti Központja viseli a Dr. J. A. nevet (1996). – <strong>F. m.:</strong> Az erdélyi református egyházkerület  =  Erdélyi egyházak; Ökuménikus törekvések az Erdélyi Református Egyház 16. és 17. századi történetében (a szöveget gondozta Tonk Sándor; Kv., 1994). <br /><strong>Irod.:</strong> Csáky; MMK; [Nekrológ] (Nú., 1993. jan. 7.; 1993. jan. 8.; 1993. jan. 12.); Remeteszeg; Szász Zoltán: A dr. J. A. Gyűlekezeti Központ (Nú., 9. sz., 2000. szept.); Tőkés István, lelkész; [Juhász Andrásné, Nekrológ, (Nú., 2019. febr. 12.)</br></p>

<p>1941. nov. 28., † Bp., 1993. jan. 5. Mv.-en nyugszik a ref. temetőben: ref. lelkész, esperes. – Felesége: Molnár Annamária (*1945 † 2019. febr. 14.), tiszteletesasszony, kántora a gyülekezletnek 28 évig. – Detrehemben szolgált, innen hívták meg a mv.-i Szabadi utcai ref. egyházközség lelkészének (1974. jún. 29. –), a Maros-Mezőségi Egyházmegye esperese. Amerikai tanulmányúton volt [&hellip;]</p>
