{"id":10968,"date":"2025-06-29T13:37:35","date_gmt":"2025-06-29T11:37:35","guid":{"rendered":"https:\/\/uj.adatbank.ro\/lexikon\/termek\/juhasz-antal\/"},"modified":"2025-06-29T13:37:35","modified_gmt":"2025-06-29T11:37:35","slug":"juhasz-antal","status":"publish","type":"product","link":"https:\/\/uj.adatbank.ro\/lexikon\/termek\/juhasz-antal\/","title":{"rendered":"JUH\u00c1SZ Antal"},"content":{"rendered":"<p>Jegenye, 1912. m\u00e1j. 30., \u2020\u00a0Cs\u00edkszereda, 1990. nov. 24.: r. k. pap. \u2013 Papp\u00e1 szentelt\u00e9k (1940. j\u00fan. 29.). K\u00e1pl\u00e1n Ditr\u00f3ban, Cs\u00edkszentsimonon, Altorj\u00e1n, Cs\u00edkszered\u00e1ban, Gyergy\u00f3szentmiikl\u00f3son, Mv.-en (1946. aug\u2013). \u00c1llamellenes \u00f6sszeesk\u00fcv\u00e9ssel v\u00e1dolt\u00e1k, beb\u00f6rt\u00f6n\u00f6zt\u00e9k, Szamos\u00fajv\u00e1ron volt politikai fogoly (1947. j\u00fan. \u201348. \u00e1pr.). Pl\u00e9b\u00e1nos P\u00e1lpatak\u00e1n (1948), Gyergy\u00f3kily\u00e9nfalv\u00e1n (1950\u2013). \u00dajra letart\u00f3ztatt\u00e1k, Mv.-en \u00e1ll\u00edtott\u00e1k b\u00edr\u00f3s\u00e1g el\u00e9, mert szembe\u00e1llt a papi b\u00e9kemozgalommal, vallat\u00e1skor l\u00e1b\u00e1t kuty\u00e1kkal t\u00e9pett\u00e9k (1950. aug. 20. \u2013 szept. 14. Buk. -be sz\u00e1ll\u00edtott\u00e1k), beb\u00f6rt\u00f6n\u00f6zt\u00e9k (1951\u201353). Pl\u00e9b\u00e1nos Malomfalv\u00e1n (1954), Sz\u00e1kelykereszt\u00faron (1957\u201390). <br \/><strong>Irod.:<\/strong> Akik im\u00e1dkoztak 2.; Ferenczi S\u00e1ndor 2009; Ferenczi S\u00e1ndor 2012; Id\u0151t\u00e1r 4.<\/br><\/p>\n","protected":false},"excerpt":{"rendered":"<p>Jegenye, 1912. m\u00e1j. 30., \u2020\u00a0Cs\u00edkszereda, 1990. nov. 24.: r. k. pap. \u2013 Papp\u00e1 szentelt\u00e9k (1940. j\u00fan. 29.). K\u00e1pl\u00e1n Ditr\u00f3ban, Cs\u00edkszentsimonon, Altorj\u00e1n, Cs\u00edkszered\u00e1ban, Gyergy\u00f3szentmiikl\u00f3son, Mv.-en (1946. aug\u2013). \u00c1llamellenes \u00f6sszeesk\u00fcv\u00e9ssel v\u00e1dolt\u00e1k, beb\u00f6rt\u00f6n\u00f6zt\u00e9k, Szamos\u00fajv\u00e1ron volt politikai fogoly (1947. j\u00fan. \u201348. \u00e1pr.). Pl\u00e9b\u00e1nos P\u00e1lpatak\u00e1n (1948), Gyergy\u00f3kily\u00e9nfalv\u00e1n (1950\u2013). \u00dajra letart\u00f3ztatt\u00e1k, Mv.-en \u00e1ll\u00edtott\u00e1k b\u00edr\u00f3s\u00e1g el\u00e9, mert szembe\u00e1llt a papi b\u00e9kemozgalommal, vallat\u00e1skor [&hellip;]<\/p>\n","protected":false},"featured_media":0,"comment_status":"open","ping_status":"closed","template":"","meta":[],"product_brand":[],"product_cat":[137],"product_tag":[],"class_list":{"0":"post-10968","1":"product","2":"type-product","3":"status-publish","5":"product_cat-maros-megyei-eletrajzi-lexikon","7":"first","8":"instock","9":"shipping-taxable","10":"product-type-simple"},"_links":{"self":[{"href":"https:\/\/uj.adatbank.ro\/lexikon\/wp-json\/wp\/v2\/product\/10968","targetHints":{"allow":["GET"]}}],"collection":[{"href":"https:\/\/uj.adatbank.ro\/lexikon\/wp-json\/wp\/v2\/product"}],"about":[{"href":"https:\/\/uj.adatbank.ro\/lexikon\/wp-json\/wp\/v2\/types\/product"}],"replies":[{"embeddable":true,"href":"https:\/\/uj.adatbank.ro\/lexikon\/wp-json\/wp\/v2\/comments?post=10968"}],"wp:attachment":[{"href":"https:\/\/uj.adatbank.ro\/lexikon\/wp-json\/wp\/v2\/media?parent=10968"}],"wp:term":[{"taxonomy":"product_brand","embeddable":true,"href":"https:\/\/uj.adatbank.ro\/lexikon\/wp-json\/wp\/v2\/product_brand?post=10968"},{"taxonomy":"product_cat","embeddable":true,"href":"https:\/\/uj.adatbank.ro\/lexikon\/wp-json\/wp\/v2\/product_cat?post=10968"},{"taxonomy":"product_tag","embeddable":true,"href":"https:\/\/uj.adatbank.ro\/lexikon\/wp-json\/wp\/v2\/product_tag?post=10968"}],"curies":[{"name":"wp","href":"https:\/\/api.w.org\/{rel}","templated":true}]}}

JUHÁSZ Antal

<p>Jegenye, 1912. máj. 30., † Csíkszereda, 1990. nov. 24.: r. k. pap. – Pappá szentelték (1940. jún. 29.). Káplán Ditróban, Csíkszentsimonon, Altorján, Csíkszeredában, Gyergyószentmiiklóson, Mv.-en (1946. aug–). Államellenes összeesküvéssel vádolták, bebörtönözték, Szamosújváron volt politikai fogoly (1947. jún. –48. ápr.). Plébános Pálpatakán (1948), Gyergyókilyénfalván (1950–). Újra letartóztatták, Mv.-en állították bíróság elé, mert szembeállt a papi békemozgalommal, vallatáskor lábát kutyákkal tépették (1950. aug. 20. – szept. 14. Buk. -be szállították), bebörtönözték (1951–53). Plébános Malomfalván (1954), Szákelykeresztúron (1957–90). <br /><strong>Irod.:</strong> Akik imádkoztak 2.; Ferenczi Sándor 2009; Ferenczi Sándor 2012; Időtár 4.</br></p>

<p>Jegenye, 1912. máj. 30., † Csíkszereda, 1990. nov. 24.: r. k. pap. – Pappá szentelték (1940. jún. 29.). Káplán Ditróban, Csíkszentsimonon, Altorján, Csíkszeredában, Gyergyószentmiiklóson, Mv.-en (1946. aug–). Államellenes összeesküvéssel vádolták, bebörtönözték, Szamosújváron volt politikai fogoly (1947. jún. –48. ápr.). Plébános Pálpatakán (1948), Gyergyókilyénfalván (1950–). Újra letartóztatták, Mv.-en állították bíróság elé, mert szembeállt a papi békemozgalommal, vallatáskor [&hellip;]</p>
