{"id":10978,"date":"2025-06-29T13:37:55","date_gmt":"2025-06-29T11:37:55","guid":{"rendered":"https:\/\/uj.adatbank.ro\/lexikon\/termek\/k-jakab-antal\/"},"modified":"2025-06-29T13:37:55","modified_gmt":"2025-06-29T11:37:55","slug":"k-jakab-antal","status":"publish","type":"product","link":"https:\/\/uj.adatbank.ro\/lexikon\/termek\/k-jakab-antal\/","title":{"rendered":"K. JAKAB Antal"},"content":{"rendered":"<p>Mv., 1942. j\u00fal. 26., \u2020 Mv., : kritikus, essz\u00e9\u00edr\u00f3. \u2013 Kv.-on a BBTE magyar nyelv \u00e9s irodalom szak\u00e1n v\u00e9gzett (1964). Szerkeszt\u0151 az Utunk (1964\u201368), a Korunk foly\u00f3iratn\u00e1l (1968\u201370), visszat\u00e9rt az Utunkhoz (1970\u2013), az \u00e1tnevezett Helikon munkat\u00e1rsa, kritikusa. Az Utunk Lev\u00e1lv\u00e1lt\u00e1s rovat\u00e1nak kritikus, ir\u00f3nikus, szellemes szerkeszt\u0151je. Tagja a Pezsg\u0151-dijat oszt\u00f3 koll\u00e9g\u00e1i szavazat\u00e1nak (1971\u20131982). \u2013 <strong>F. m.:<\/strong> A n\u00e9vm\u00e1s \u00e9jszak\u00e1ja (1972), Irodalmi N\u00f3bel-d\u00edj: 1901\u20131990. (Kv., 1990); \u00c1tmenetek : essz\u00e9k (Miskolc, 1994); Dsida Jen\u0151: Zar\u00e1ndok\u00fat: v\u00e1logat\u00e1s (Buk., 1995); Magyar irodalom Ady Endr\u00e9t\u0151l Nagy L\u00e1szl\u00f3ig: sz\u00f6veggy\u0171jtem\u00e9ny, v\u00e1l., jegyzet (Kv., 1996); Magyar irodalom B\u00e1nffy Mikl\u00f3st\u00f3l Szil\u00e1gyi Domokosig: sz\u00f6veggy\u0171jtem\u00e9ny, v\u00e1l., jegyzet (Kv., 1998); Magyar irodalom a kezdetekt\u0151l Kisfaludy S\u00e1ndorig sz\u00f6veggy\u0171jtem\u00e9ny, v\u00e1l., jegyzet (Kv., 1999 ?.). <br \/><strong>Irod.:<\/strong> EMKK; K\u00e1ntor\u2013L\u00e1ng<\/br><\/p>\n","protected":false},"excerpt":{"rendered":"<p>Mv., 1942. j\u00fal. 26., \u2020 Mv., : kritikus, essz\u00e9\u00edr\u00f3. \u2013 Kv.-on a BBTE magyar nyelv \u00e9s irodalom szak\u00e1n v\u00e9gzett (1964). Szerkeszt\u0151 az Utunk (1964\u201368), a Korunk foly\u00f3iratn\u00e1l (1968\u201370), visszat\u00e9rt az Utunkhoz (1970\u2013), az \u00e1tnevezett Helikon munkat\u00e1rsa, kritikusa. Az Utunk Lev\u00e1lv\u00e1lt\u00e1s rovat\u00e1nak kritikus, ir\u00f3nikus, szellemes szerkeszt\u0151je. Tagja a Pezsg\u0151-dijat oszt\u00f3 koll\u00e9g\u00e1i szavazat\u00e1nak (1971\u20131982). \u2013 F. m.: [&hellip;]<\/p>\n","protected":false},"featured_media":0,"comment_status":"open","ping_status":"closed","template":"","meta":[],"product_brand":[],"product_cat":[137],"product_tag":[],"class_list":{"0":"post-10978","1":"product","2":"type-product","3":"status-publish","5":"product_cat-maros-megyei-eletrajzi-lexikon","7":"first","8":"instock","9":"shipping-taxable","10":"product-type-simple"},"_links":{"self":[{"href":"https:\/\/uj.adatbank.ro\/lexikon\/wp-json\/wp\/v2\/product\/10978","targetHints":{"allow":["GET"]}}],"collection":[{"href":"https:\/\/uj.adatbank.ro\/lexikon\/wp-json\/wp\/v2\/product"}],"about":[{"href":"https:\/\/uj.adatbank.ro\/lexikon\/wp-json\/wp\/v2\/types\/product"}],"replies":[{"embeddable":true,"href":"https:\/\/uj.adatbank.ro\/lexikon\/wp-json\/wp\/v2\/comments?post=10978"}],"wp:attachment":[{"href":"https:\/\/uj.adatbank.ro\/lexikon\/wp-json\/wp\/v2\/media?parent=10978"}],"wp:term":[{"taxonomy":"product_brand","embeddable":true,"href":"https:\/\/uj.adatbank.ro\/lexikon\/wp-json\/wp\/v2\/product_brand?post=10978"},{"taxonomy":"product_cat","embeddable":true,"href":"https:\/\/uj.adatbank.ro\/lexikon\/wp-json\/wp\/v2\/product_cat?post=10978"},{"taxonomy":"product_tag","embeddable":true,"href":"https:\/\/uj.adatbank.ro\/lexikon\/wp-json\/wp\/v2\/product_tag?post=10978"}],"curies":[{"name":"wp","href":"https:\/\/api.w.org\/{rel}","templated":true}]}}

<p>Mv., 1942. júl. 26., † Mv., : kritikus, esszéíró. – Kv.-on a BBTE magyar nyelv és irodalom szakán végzett (1964). Szerkesztő az Utunk (1964–68), a Korunk folyóiratnál (1968–70), visszatért az Utunkhoz (1970–), az átnevezett Helikon munkatársa, kritikusa. Az Utunk Leválváltás rovatának kritikus, irónikus, szellemes szerkesztője. Tagja a Pezsgő-dijat osztó kollégái szavazatának (1971–1982). – <strong>F. m.:</strong> A névmás éjszakája (1972), Irodalmi Nóbel-díj: 1901–1990. (Kv., 1990); Átmenetek : esszék (Miskolc, 1994); Dsida Jenő: Zarándokút: válogatás (Buk., 1995); Magyar irodalom Ady Endrétől Nagy Lászlóig: szöveggyűjtemény, vál., jegyzet (Kv., 1996); Magyar irodalom Bánffy Miklóstól Szilágyi Domokosig: szöveggyűjtemény, vál., jegyzet (Kv., 1998); Magyar irodalom a kezdetektől Kisfaludy Sándorig szöveggyűjtemény, vál., jegyzet (Kv., 1999 ?.). <br /><strong>Irod.:</strong> EMKK; Kántor–Láng</br></p>

<p>Mv., 1942. júl. 26., † Mv., : kritikus, esszéíró. – Kv.-on a BBTE magyar nyelv és irodalom szakán végzett (1964). Szerkesztő az Utunk (1964–68), a Korunk folyóiratnál (1968–70), visszatért az Utunkhoz (1970–), az átnevezett Helikon munkatársa, kritikusa. Az Utunk Leválváltás rovatának kritikus, irónikus, szellemes szerkesztője. Tagja a Pezsgő-dijat osztó kollégái szavazatának (1971–1982). – F. m.: [&hellip;]</p>
