{"id":10979,"date":"2025-06-29T13:37:56","date_gmt":"2025-06-29T11:37:56","guid":{"rendered":"https:\/\/uj.adatbank.ro\/lexikon\/termek\/k-jakab-antal-k-%c2%a7-k-jakab-antal\/"},"modified":"2025-06-29T13:37:56","modified_gmt":"2025-06-29T11:37:56","slug":"k-jakab-antal-k-%c2%a7-k-jakab-antal","status":"publish","type":"product","link":"https:\/\/uj.adatbank.ro\/lexikon\/termek\/k-jakab-antal-k-%c2%a7-k-jakab-antal\/","title":{"rendered":"K. JAKAB Antal, K., \u00a7 K. Jakab Antal"},"content":{"rendered":"<p>Mv, 1942. j\u00fal. 26., \u2020 Kv., 2007. j\u00fan. 20.: irodalomt\u00f6rt\u00e9n\u00e9sz, kritikus, szerkeszt\u0151. \u2013 Apja: J. A. \u00fajs\u00e1g\u00edr\u00f3. \u2013 Szatm\u00e1ron v\u00e9gezte a k\u00f6z\u00e9piskol\u00e1t (1959). A BBTE-en szerzett diplom\u00e1t m. nyelv \u00e9s irodalomb\u00f3l (1964). Levelez\u0151 hallgat\u00f3 az egyetem filoz\u00f3fia szak\u00e1n. A kv.-i Utunk (1964\u2013), majd a Helikon (1990\u2013) szerk.-je, k\u00f6zben a Korunk filozofiai rovat\u00e1nak szerk. (1968\u201370), visszat\u00e9rte ut\u00e1n az Utunk versszerkeszt\u0151je \u00e9s a Lev\u00e9lv\u00e1lt\u00e1s rovatot vezette. Az Erd\u00e9lyi Napl\u00f3 publicist\u00e1ja. \u2013 <strong>F. m.:<\/strong> A n\u00e9vm\u00e1s \u00e9jszak\u00e1ja (Buk., 1972); H\u00e9t \u00e9vsz\u00e1zad m. irodalm\u00e1nak antol\u00f3gi\u00e1ja 4. k\u00f6t., H\u0151s k\u00f6r\u00f6ztetik (1990). Szerk. Miller, Arthur: Az \u00fcgyn\u00f6k hal\u00e1la (ut\u00f3sz\u00f3, Buk., 1966); Salamon Ern\u0151: Legszebb versei (el\u0151sz\u00f3; Buk., 1967); Bodor \u00c1d\u00e1m: A tanu (Novell\u00e1k; el\u0151sz\u00f3. Buk., 1969), Tomcsa S\u00e1ndor: A fell\u00e1zadt pofoz\u00f3g\u00e9p (humoreszkek; v\u00e1logatta; Buk., 1973); Szil\u00e1gyi Domokos: Legszebb versei (el\u0151sz\u00f3; Buk., 1976), Irodalmi Nobel-d\u00edj, 1901\u20131990 (\u00f6ssze\u00e1ll.); Moln\u00e1r H. Lajos: \u00c9s akkor \u00e1tmentem a t\u0171z\u00f6n c. k\u00f6nyv\u00e9r\u0151l); A Helikon \u00e9vk\u00f6nyve (Kv., 1990); Szenci Moln\u00e1r Albert; Bethlen Mikl\u00f6s = Sz\u00f6veggy\u0171jtem\u00e9ny; Od\u00fcsszeuszt\u00f3l Ulissesig. <br \/><strong>Irod.:<\/strong> Helikon; Kort\u00e1rs M\u00cdKL; M\u00f3zes Attila: Lap \u2013 vissz\u00e1j\u00e1r\u00f3l (Helikon, 14. sz., 2002. j\u00fal. 25.); RMIL; Szil\u00e1gyi Istv\u00e1n: B\u00facs\u00fa K. J. A. -t\u00f3l (Helikon, 14. sz., 2007. j\u00fal. 25.)<\/br><\/p>\n","protected":false},"excerpt":{"rendered":"<p>Mv, 1942. j\u00fal. 26., \u2020 Kv., 2007. j\u00fan. 20.: irodalomt\u00f6rt\u00e9n\u00e9sz, kritikus, szerkeszt\u0151. \u2013 Apja: J. A. \u00fajs\u00e1g\u00edr\u00f3. \u2013 Szatm\u00e1ron v\u00e9gezte a k\u00f6z\u00e9piskol\u00e1t (1959). A BBTE-en szerzett diplom\u00e1t m. nyelv \u00e9s irodalomb\u00f3l (1964). Levelez\u0151 hallgat\u00f3 az egyetem filoz\u00f3fia szak\u00e1n. A kv.-i Utunk (1964\u2013), majd a Helikon (1990\u2013) szerk.-je, k\u00f6zben a Korunk filozofiai rovat\u00e1nak szerk. (1968\u201370), visszat\u00e9rte [&hellip;]<\/p>\n","protected":false},"featured_media":0,"comment_status":"open","ping_status":"closed","template":"","meta":[],"product_brand":[],"product_cat":[137],"product_tag":[],"class_list":{"0":"post-10979","1":"product","2":"type-product","3":"status-publish","5":"product_cat-maros-megyei-eletrajzi-lexikon","7":"first","8":"instock","9":"shipping-taxable","10":"product-type-simple"},"_links":{"self":[{"href":"https:\/\/uj.adatbank.ro\/lexikon\/wp-json\/wp\/v2\/product\/10979","targetHints":{"allow":["GET"]}}],"collection":[{"href":"https:\/\/uj.adatbank.ro\/lexikon\/wp-json\/wp\/v2\/product"}],"about":[{"href":"https:\/\/uj.adatbank.ro\/lexikon\/wp-json\/wp\/v2\/types\/product"}],"replies":[{"embeddable":true,"href":"https:\/\/uj.adatbank.ro\/lexikon\/wp-json\/wp\/v2\/comments?post=10979"}],"wp:attachment":[{"href":"https:\/\/uj.adatbank.ro\/lexikon\/wp-json\/wp\/v2\/media?parent=10979"}],"wp:term":[{"taxonomy":"product_brand","embeddable":true,"href":"https:\/\/uj.adatbank.ro\/lexikon\/wp-json\/wp\/v2\/product_brand?post=10979"},{"taxonomy":"product_cat","embeddable":true,"href":"https:\/\/uj.adatbank.ro\/lexikon\/wp-json\/wp\/v2\/product_cat?post=10979"},{"taxonomy":"product_tag","embeddable":true,"href":"https:\/\/uj.adatbank.ro\/lexikon\/wp-json\/wp\/v2\/product_tag?post=10979"}],"curies":[{"name":"wp","href":"https:\/\/api.w.org\/{rel}","templated":true}]}}

<p>Mv, 1942. júl. 26., † Kv., 2007. jún. 20.: irodalomtörténész, kritikus, szerkesztő. – Apja: J. A. újságíró. – Szatmáron végezte a középiskolát (1959). A BBTE-en szerzett diplomát m. nyelv és irodalomból (1964). Levelező hallgató az egyetem filozófia szakán. A kv.-i Utunk (1964–), majd a Helikon (1990–) szerk.-je, közben a Korunk filozofiai rovatának szerk. (1968–70), visszatérte után az Utunk versszerkesztője és a Levélváltás rovatot vezette. Az Erdélyi Napló publicistája. – <strong>F. m.:</strong> A névmás éjszakája (Buk., 1972); Hét évszázad m. irodalmának antológiája 4. köt., Hős köröztetik (1990). Szerk. Miller, Arthur: Az ügynök halála (utószó, Buk., 1966); Salamon Ernő: Legszebb versei (előszó; Buk., 1967); Bodor Ádám: A tanu (Novellák; előszó. Buk., 1969), Tomcsa Sándor: A fellázadt pofozógép (humoreszkek; válogatta; Buk., 1973); Szilágyi Domokos: Legszebb versei (előszó; Buk., 1976), Irodalmi Nobel-díj, 1901–1990 (összeáll.); Molnár H. Lajos: És akkor átmentem a tűzön c. könyvéről); A Helikon évkönyve (Kv., 1990); Szenci Molnár Albert; Bethlen Miklös = Szöveggyűjtemény; Odüsszeusztól Ulissesig. <br /><strong>Irod.:</strong> Helikon; Kortárs MÍKL; Mózes Attila: Lap – visszájáról (Helikon, 14. sz., 2002. júl. 25.); RMIL; Szilágyi István: Búcsú K. J. A. -tól (Helikon, 14. sz., 2007. júl. 25.)</br></p>

<p>Mv, 1942. júl. 26., † Kv., 2007. jún. 20.: irodalomtörténész, kritikus, szerkesztő. – Apja: J. A. újságíró. – Szatmáron végezte a középiskolát (1959). A BBTE-en szerzett diplomát m. nyelv és irodalomból (1964). Levelező hallgató az egyetem filozófia szakán. A kv.-i Utunk (1964–), majd a Helikon (1990–) szerk.-je, közben a Korunk filozofiai rovatának szerk. (1968–70), visszatérte [&hellip;]</p>
