{"id":10985,"date":"2025-06-29T13:38:11","date_gmt":"2025-06-29T11:38:11","guid":{"rendered":"https:\/\/uj.adatbank.ro\/lexikon\/termek\/kabdebo-kalman-%c2%a7\/"},"modified":"2025-06-29T13:38:11","modified_gmt":"2025-06-29T11:38:11","slug":"kabdebo-kalman-%c2%a7","status":"publish","type":"product","link":"https:\/\/uj.adatbank.ro\/lexikon\/termek\/kabdebo-kalman-%c2%a7\/","title":{"rendered":"KABDEB\u00d3 K\u00e1lm\u00e1n, \u00a7"},"content":{"rendered":"<p>Sz\u00e9kelykereszt\u00far, 1886., \u2020 1965.: orvos, b\u0151rgy\u00f3gy\u00e1sz, v\u00edt\u00e9z. \u2013 Talpasi K. Ott\u00f3, keresked\u0151 \u00e9s Kir\u00e1ly Eszter fia. Feles\u00e9ge: Borny\u00e1sz Viola. \u2013 Debrecenben a Piarista R. K. gimn.-ban \u00e9retts\u00e9gizett (1905), az egyetemet Kv.-on a Ferenc J\u00f3zsef TE v\u00e9gezte (1905\u20131910), doktor\u00e1lt (1911. febr. 4.), majd a berlini Bum klinik\u00e1n egy \u00e9vig orvos. Az I. vh. idej\u00e9n a mv.-i cs. \u00e9s kir. csapatk\u00f3rh\u00e1zn\u00e1l m\u0171k\u00f6d\u00f6tt, azut\u00e1n a mv.-i \u00e1llami k\u00f3rh\u00e1zban f\u0151orvos (\u20131920). A poliklinikai ambulatorium venerikus oszt\u00e1ly\u00e1nak orvosa, \u00e9s a mv.-i szanat\u00f3rium b\u0151rgy\u00f3gy\u00e1sz f\u0151orvosa. A Rom\u00e1n Orvosi Kamara Kistan\u00e1cs\u00e1nak tagja, a Mv. \u00e9s Vid\u00e9ke Vad\u00e1sz Egyes\u00fclet eln\u00f6ke, a Nimrod Vad\u00e1szegyes\u00fclet aleln\u00f6ke, a MSE aleln\u00f6ke, majd az MTK labdar\u00fag\u00f3 szakoszt\u00e1ly\u00e1nak eln\u00f6ke (1919), ennek egyes\u00fcl\u00e9se ut\u00e1n a MSE-vel szakoszt\u00e1lyi eln\u00f6k lett. A mv.-i Vad\u00e1sz- \u00e9s V\u00e9degylet eln\u00f6ke (1941) T\u00f6bb t\u00e1rsadalmi, kultur\u00e1lis egyes\u00fclet tagja volt. R\u00e9szese azon orvosoknak, akik k\u00f6z\u00f6s eml\u00e9kirattal fordultak a kv.-i M. Egyetemszervez\u0151 Bizotts\u00e1ghoz (1945. j\u00fal. 15\u201316), k\u00e9rve hogy a Mv. -re k\u00f6lt\u00f6z\u00e9s ut\u00e1n is maradhassanak \u00e1ll\u00e1sukban. A Bor- \u00e9s Nemi Betegs\u00e9gek K\u00f3rh\u00e1z\u00e1nak f\u0151orvosa (1945). <br \/><strong>Irod.:<\/strong> Berekm\u00e9ri\u2013Nemes; Dsida; Id\u0151t\u00e1r 3, 4.; Ki kicsoda?; Kiss-P. &#8211; P;. Mv. \u00e9s a h\u00e1bor\u00fa 1.; Pluh\u00e1r<\/br><\/p>\n","protected":false},"excerpt":{"rendered":"<p>Sz\u00e9kelykereszt\u00far, 1886., \u2020 1965.: orvos, b\u0151rgy\u00f3gy\u00e1sz, v\u00edt\u00e9z. \u2013 Talpasi K. Ott\u00f3, keresked\u0151 \u00e9s Kir\u00e1ly Eszter fia. Feles\u00e9ge: Borny\u00e1sz Viola. \u2013 Debrecenben a Piarista R. K. gimn.-ban \u00e9retts\u00e9gizett (1905), az egyetemet Kv.-on a Ferenc J\u00f3zsef TE v\u00e9gezte (1905\u20131910), doktor\u00e1lt (1911. febr. 4.), majd a berlini Bum klinik\u00e1n egy \u00e9vig orvos. Az I. vh. idej\u00e9n a mv.-i [&hellip;]<\/p>\n","protected":false},"featured_media":0,"comment_status":"open","ping_status":"closed","template":"","meta":[],"product_brand":[],"product_cat":[137],"product_tag":[],"class_list":{"0":"post-10985","1":"product","2":"type-product","3":"status-publish","5":"product_cat-maros-megyei-eletrajzi-lexikon","7":"first","8":"instock","9":"shipping-taxable","10":"product-type-simple"},"_links":{"self":[{"href":"https:\/\/uj.adatbank.ro\/lexikon\/wp-json\/wp\/v2\/product\/10985","targetHints":{"allow":["GET"]}}],"collection":[{"href":"https:\/\/uj.adatbank.ro\/lexikon\/wp-json\/wp\/v2\/product"}],"about":[{"href":"https:\/\/uj.adatbank.ro\/lexikon\/wp-json\/wp\/v2\/types\/product"}],"replies":[{"embeddable":true,"href":"https:\/\/uj.adatbank.ro\/lexikon\/wp-json\/wp\/v2\/comments?post=10985"}],"wp:attachment":[{"href":"https:\/\/uj.adatbank.ro\/lexikon\/wp-json\/wp\/v2\/media?parent=10985"}],"wp:term":[{"taxonomy":"product_brand","embeddable":true,"href":"https:\/\/uj.adatbank.ro\/lexikon\/wp-json\/wp\/v2\/product_brand?post=10985"},{"taxonomy":"product_cat","embeddable":true,"href":"https:\/\/uj.adatbank.ro\/lexikon\/wp-json\/wp\/v2\/product_cat?post=10985"},{"taxonomy":"product_tag","embeddable":true,"href":"https:\/\/uj.adatbank.ro\/lexikon\/wp-json\/wp\/v2\/product_tag?post=10985"}],"curies":[{"name":"wp","href":"https:\/\/api.w.org\/{rel}","templated":true}]}}

KABDEBÓ Kálmán, §

<p>Székelykeresztúr, 1886., † 1965.: orvos, bőrgyógyász, vítéz. – Talpasi K. Ottó, kereskedő és Király Eszter fia. Felesége: Bornyász Viola. – Debrecenben a Piarista R. K. gimn.-ban érettségizett (1905), az egyetemet Kv.-on a Ferenc József TE végezte (1905–1910), doktorált (1911. febr. 4.), majd a berlini Bum klinikán egy évig orvos. Az I. vh. idején a mv.-i cs. és kir. csapatkórháznál működött, azután a mv.-i állami kórházban főorvos (–1920). A poliklinikai ambulatorium venerikus osztályának orvosa, és a mv.-i szanatórium bőrgyógyász főorvosa. A Román Orvosi Kamara Kistanácsának tagja, a Mv. és Vidéke Vadász Egyesület elnöke, a Nimrod Vadászegyesület alelnöke, a MSE alelnöke, majd az MTK labdarúgó szakosztályának elnöke (1919), ennek egyesülése után a MSE-vel szakosztályi elnök lett. A mv.-i Vadász- és Védegylet elnöke (1941) Több társadalmi, kulturális egyesület tagja volt. Részese azon orvosoknak, akik közös emlékirattal fordultak a kv.-i M. Egyetemszervező Bizottsághoz (1945. júl. 15–16), kérve hogy a Mv. -re költözés után is maradhassanak állásukban. A Bor- és Nemi Betegségek Kórházának főorvosa (1945). <br /><strong>Irod.:</strong> Berekméri–Nemes; Dsida; Időtár 3, 4.; Ki kicsoda?; Kiss-P. &#8211; P;. Mv. és a háború 1.; Pluhár</br></p>

<p>Székelykeresztúr, 1886., † 1965.: orvos, bőrgyógyász, vítéz. – Talpasi K. Ottó, kereskedő és Király Eszter fia. Felesége: Bornyász Viola. – Debrecenben a Piarista R. K. gimn.-ban érettségizett (1905), az egyetemet Kv.-on a Ferenc József TE végezte (1905–1910), doktorált (1911. febr. 4.), majd a berlini Bum klinikán egy évig orvos. Az I. vh. idején a mv.-i [&hellip;]</p>
