{"id":10988,"date":"2025-06-29T13:38:15","date_gmt":"2025-06-29T11:38:15","guid":{"rendered":"https:\/\/uj.adatbank.ro\/lexikon\/termek\/kabos-daniel-magyargyeromonostori\/"},"modified":"2025-06-29T13:38:15","modified_gmt":"2025-06-29T11:38:15","slug":"kabos-daniel-magyargyeromonostori","status":"publish","type":"product","link":"https:\/\/uj.adatbank.ro\/lexikon\/termek\/kabos-daniel-magyargyeromonostori\/","title":{"rendered":"KABOS D\u00e1niel, magyargyer\u0151monostori"},"content":{"rendered":"<p>? \u2020 ? : jog\u00e1sz. \u2013 Feles\u00e9ge: br. Kem\u00e9ny Katalin (1804.?- B\u00e9cs, 1857. okt. 19. Szucs\u00e1kban temett\u00e9k). Gyermekeik: Eszther, Wilhelmina, Giz\u00e9la. \u2013 A cs. k. legfels\u0151bb t\u00f6rv\u00e9nysz\u00e9k tan\u00e1csosa. Mv.-en a Kir\u00e1lyi T\u00e1bla, a Marossz\u00e9ki r\u00f6gt\u00f6n\u00edt\u00e9l\u0151 b\u00edr\u00f3s\u00e1g tagja. Ezt a b\u00edr\u00f3s\u00e1got Vay Mikl\u00f3s kir\u00e1lybiztos javaslat\u00e1ra hozt\u00e1k l\u00e9tre (1848. szept. 5.), eln\u00f6ke Szolnokon tart\u00f3zkodott. Mv.-en egyetlen \u00edt\u00e9letet sem hozott. <br \/><strong>Irod.:<\/strong> 1848\u20131849 Transilvania; Lev\u00e9lt\u00e1ri gy\u00e1szj.; P\u00e1lffy<\/br><\/p>\n","protected":false},"excerpt":{"rendered":"<p>? \u2020 ? : jog\u00e1sz. \u2013 Feles\u00e9ge: br. Kem\u00e9ny Katalin (1804.?- B\u00e9cs, 1857. okt. 19. Szucs\u00e1kban temett\u00e9k). Gyermekeik: Eszther, Wilhelmina, Giz\u00e9la. \u2013 A cs. k. legfels\u0151bb t\u00f6rv\u00e9nysz\u00e9k tan\u00e1csosa. Mv.-en a Kir\u00e1lyi T\u00e1bla, a Marossz\u00e9ki r\u00f6gt\u00f6n\u00edt\u00e9l\u0151 b\u00edr\u00f3s\u00e1g tagja. Ezt a b\u00edr\u00f3s\u00e1got Vay Mikl\u00f3s kir\u00e1lybiztos javaslat\u00e1ra hozt\u00e1k l\u00e9tre (1848. szept. 5.), eln\u00f6ke Szolnokon tart\u00f3zkodott. Mv.-en egyetlen \u00edt\u00e9letet [&hellip;]<\/p>\n","protected":false},"featured_media":0,"comment_status":"open","ping_status":"closed","template":"","meta":[],"product_brand":[],"product_cat":[137],"product_tag":[],"class_list":{"0":"post-10988","1":"product","2":"type-product","3":"status-publish","5":"product_cat-maros-megyei-eletrajzi-lexikon","7":"first","8":"instock","9":"shipping-taxable","10":"product-type-simple"},"_links":{"self":[{"href":"https:\/\/uj.adatbank.ro\/lexikon\/wp-json\/wp\/v2\/product\/10988","targetHints":{"allow":["GET"]}}],"collection":[{"href":"https:\/\/uj.adatbank.ro\/lexikon\/wp-json\/wp\/v2\/product"}],"about":[{"href":"https:\/\/uj.adatbank.ro\/lexikon\/wp-json\/wp\/v2\/types\/product"}],"replies":[{"embeddable":true,"href":"https:\/\/uj.adatbank.ro\/lexikon\/wp-json\/wp\/v2\/comments?post=10988"}],"wp:attachment":[{"href":"https:\/\/uj.adatbank.ro\/lexikon\/wp-json\/wp\/v2\/media?parent=10988"}],"wp:term":[{"taxonomy":"product_brand","embeddable":true,"href":"https:\/\/uj.adatbank.ro\/lexikon\/wp-json\/wp\/v2\/product_brand?post=10988"},{"taxonomy":"product_cat","embeddable":true,"href":"https:\/\/uj.adatbank.ro\/lexikon\/wp-json\/wp\/v2\/product_cat?post=10988"},{"taxonomy":"product_tag","embeddable":true,"href":"https:\/\/uj.adatbank.ro\/lexikon\/wp-json\/wp\/v2\/product_tag?post=10988"}],"curies":[{"name":"wp","href":"https:\/\/api.w.org\/{rel}","templated":true}]}}

KABOS Dániel, magyargyerőmonostori

<p>? † ? : jogász. – Felesége: br. Kemény Katalin (1804.?- Bécs, 1857. okt. 19. Szucsákban temették). Gyermekeik: Eszther, Wilhelmina, Gizéla. – A cs. k. legfelsőbb törvényszék tanácsosa. Mv.-en a Királyi Tábla, a Marosszéki rögtönítélő bíróság tagja. Ezt a bíróságot Vay Miklós királybiztos javaslatára hozták létre (1848. szept. 5.), elnöke Szolnokon tartózkodott. Mv.-en egyetlen ítéletet sem hozott. <br /><strong>Irod.:</strong> 1848–1849 Transilvania; Levéltári gyászj.; Pálffy</br></p>

<p>? † ? : jogász. – Felesége: br. Kemény Katalin (1804.?- Bécs, 1857. okt. 19. Szucsákban temették). Gyermekeik: Eszther, Wilhelmina, Gizéla. – A cs. k. legfelsőbb törvényszék tanácsosa. Mv.-en a Királyi Tábla, a Marosszéki rögtönítélő bíróság tagja. Ezt a bíróságot Vay Miklós királybiztos javaslatára hozták létre (1848. szept. 5.), elnöke Szolnokon tartózkodott. Mv.-en egyetlen ítéletet [&hellip;]</p>
