{"id":10989,"date":"2025-06-29T13:38:17","date_gmt":"2025-06-29T11:38:17","guid":{"rendered":"https:\/\/uj.adatbank.ro\/lexikon\/termek\/kabos-eva-kabos-eva-kabos-katalin-eva\/"},"modified":"2025-06-29T13:38:17","modified_gmt":"2025-06-29T11:38:17","slug":"kabos-eva-kabos-eva-kabos-katalin-eva","status":"publish","type":"product","link":"https:\/\/uj.adatbank.ro\/lexikon\/termek\/kabos-eva-kabos-eva-kabos-katalin-eva\/","title":{"rendered":"KAB\u00d3S \u00c9va, Kabos \u00c9va, Kab\u00f3s Katalin \u00c9va"},"content":{"rendered":"<p>Kv., 1915. febr. 2., \u2020 Mv., 2001. szept. 23.: k\u00f6lt\u0151. &#8211; Az egyik legr\u00e9gibb erd\u00e9lyi m. csal\u00e1d, a Kalota nemzets\u00e9g lesz\u00e1rmazottja. Kv.-on a Fels\u0151 Kereskedelmi Iskol\u00e1ban v\u00e9gzett (1932). Sz\u00fclei kor\u00e1n elhaltak, s a gazdas\u00e1g ir\u00e1ny\u00edt\u00e1s\u00e1t neki kellett v\u00e1llalnia fiatalon. Gazd\u00e1lkodott Maroslekenc\u00e9n \u00e9s Iklandon (1949. m\u00e1rc. 3.-ig). Maroslekenc\u00e9r\u0151l telep\u00edtett\u00e9k ki, k\u00e9nyszerlakhelye Mv. volt (1949. m\u00e1rc. \u2013), a kezdetekben a Molter csal\u00e1d fogadta be. Tisztvisel\u0151, k\u00f6nyvel\u0151, g\u00e9p\u00edr\u00f3n\u0151 nyugd\u00edjaz\u00e1s\u00e1ig (1950\u201373). Gyakran szerepelt kv.-i, tordai, marosludasi irodalmi esteken, a bp.-i Zeneakad\u00e9mia nagyterm\u00e9ben \u00e9s a KZST esteken Mv.-en. Els\u0151 versei a Erd\u00e9lyi M. L\u00e1nyok c. lapban jelentek meg. A korabeli lapok rendszeresen k\u00f6z\u00f6lt\u00e9k verseit: Erd\u00e9lyi M. L\u00e1nyok, Ellenz\u00e9k, Keleti \u00dajs\u00e1g, P\u00e1sztort\u0171z, Aranyosvid\u00e9k, H\u00f6lgyfut\u00e1r, D\u00e9li H\u00edrlap, Havi Szemle, \u00dczenet, Sz\u00e9kelyf\u00f6ld, RMSz\u00f3, N\u00fa. Legnagyobb siker\u00e9t \u00f6n\u00e9letrajzi visszaeml\u00e9kez\u00e9s\u00e9vel \u00e9rte el, a m. birtokoss\u00e1g k\u00e1lv\u00e1ri\u00e1j\u00e1t, a kitelep\u00edt\u00e9sek t\u00f6rt\u00e9net\u00e9t (1949. m\u00e1rc. 2\/3) \u00edrta meg, a t\u00e9nyek t\u00e1rgyilagos felid\u00e9z\u00e9s\u00e9vel. A M. \u00cdr\u00f3sz\u00f6vets\u00e9g tagja volt. A mv.-i ref. egyh\u00e1zker\u00fclet tiszteletbeli presbitere. \u2013 <strong>F. m.:<\/strong> Z\u00f6rgessetek ! Megnyittatik! (versek; Kv., 1938); Amit az \u00e9n sorsom megad nekem (versek; Nagyenyed, 1943); Istenkez\u00e9ben (1993); Ap\u00e1m f\u00f6ldj\u00e9n (versek; Cs\u00edkszereda, 1996); Volt egyszer egy k\u00fat: Visszaeml\u00e9kez\u00e9sek (Cs\u00edkszereda, 1997); Havasok t\u00fcnd\u00e9rei (Mes\u00e9s t\u00f6rt\u00e9netek; Mv., 1998); Visszaj\u00e1tsz\u00e1s (Mv., 2000); Katal\u00f3nia (Spanyolo.) 2002<\/br><\/p>\n","protected":false},"excerpt":{"rendered":"<p>Kv., 1915. febr. 2., \u2020 Mv., 2001. szept. 23.: k\u00f6lt\u0151. &#8211; Az egyik legr\u00e9gibb erd\u00e9lyi m. csal\u00e1d, a Kalota nemzets\u00e9g lesz\u00e1rmazottja. Kv.-on a Fels\u0151 Kereskedelmi Iskol\u00e1ban v\u00e9gzett (1932). Sz\u00fclei kor\u00e1n elhaltak, s a gazdas\u00e1g ir\u00e1ny\u00edt\u00e1s\u00e1t neki kellett v\u00e1llalnia fiatalon. Gazd\u00e1lkodott Maroslekenc\u00e9n \u00e9s Iklandon (1949. m\u00e1rc. 3.-ig). Maroslekenc\u00e9r\u0151l telep\u00edtett\u00e9k ki, k\u00e9nyszerlakhelye Mv. volt (1949. m\u00e1rc. \u2013), [&hellip;]<\/p>\n","protected":false},"featured_media":0,"comment_status":"open","ping_status":"closed","template":"","meta":[],"product_brand":[],"product_cat":[137],"product_tag":[],"class_list":{"0":"post-10989","1":"product","2":"type-product","3":"status-publish","5":"product_cat-maros-megyei-eletrajzi-lexikon","7":"first","8":"instock","9":"shipping-taxable","10":"product-type-simple"},"_links":{"self":[{"href":"https:\/\/uj.adatbank.ro\/lexikon\/wp-json\/wp\/v2\/product\/10989","targetHints":{"allow":["GET"]}}],"collection":[{"href":"https:\/\/uj.adatbank.ro\/lexikon\/wp-json\/wp\/v2\/product"}],"about":[{"href":"https:\/\/uj.adatbank.ro\/lexikon\/wp-json\/wp\/v2\/types\/product"}],"replies":[{"embeddable":true,"href":"https:\/\/uj.adatbank.ro\/lexikon\/wp-json\/wp\/v2\/comments?post=10989"}],"wp:attachment":[{"href":"https:\/\/uj.adatbank.ro\/lexikon\/wp-json\/wp\/v2\/media?parent=10989"}],"wp:term":[{"taxonomy":"product_brand","embeddable":true,"href":"https:\/\/uj.adatbank.ro\/lexikon\/wp-json\/wp\/v2\/product_brand?post=10989"},{"taxonomy":"product_cat","embeddable":true,"href":"https:\/\/uj.adatbank.ro\/lexikon\/wp-json\/wp\/v2\/product_cat?post=10989"},{"taxonomy":"product_tag","embeddable":true,"href":"https:\/\/uj.adatbank.ro\/lexikon\/wp-json\/wp\/v2\/product_tag?post=10989"}],"curies":[{"name":"wp","href":"https:\/\/api.w.org\/{rel}","templated":true}]}}

KABÓS Éva, Kabos Éva, Kabós Katalin Éva

<p>Kv., 1915. febr. 2., † Mv., 2001. szept. 23.: költő. &#8211; Az egyik legrégibb erdélyi m. család, a Kalota nemzetség leszármazottja. Kv.-on a Felső Kereskedelmi Iskolában végzett (1932). Szülei korán elhaltak, s a gazdaság irányítását neki kellett vállalnia fiatalon. Gazdálkodott Maroslekencén és Iklandon (1949. márc. 3.-ig). Maroslekencéről telepítették ki, kényszerlakhelye Mv. volt (1949. márc. –), a kezdetekben a Molter család fogadta be. Tisztviselő, könyvelő, gépírónő nyugdíjazásáig (1950–73). Gyakran szerepelt kv.-i, tordai, marosludasi irodalmi esteken, a bp.-i Zeneakadémia nagytermében és a KZST esteken Mv.-en. Első versei a Erdélyi M. Lányok c. lapban jelentek meg. A korabeli lapok rendszeresen közölték verseit: Erdélyi M. Lányok, Ellenzék, Keleti Újság, Pásztortűz, Aranyosvidék, Hölgyfutár, Déli Hírlap, Havi Szemle, Üzenet, Székelyföld, RMSzó, Nú. Legnagyobb sikerét önéletrajzi visszaemlékezésével érte el, a m. birtokosság kálváriáját, a kitelepítések történetét (1949. márc. 2/3) írta meg, a tények tárgyilagos felidézésével. A M. Írószövetség tagja volt. A mv.-i ref. egyházkerület tiszteletbeli presbitere. – <strong>F. m.:</strong> Zörgessetek ! Megnyittatik! (versek; Kv., 1938); Amit az én sorsom megad nekem (versek; Nagyenyed, 1943); Istenkezében (1993); Apám földjén (versek; Csíkszereda, 1996); Volt egyszer egy kút: Visszaemlékezések (Csíkszereda, 1997); Havasok tündérei (Mesés történetek; Mv., 1998); Visszajátszás (Mv., 2000); Katalónia (Spanyolo.) 2002</br></p>

<p>Kv., 1915. febr. 2., † Mv., 2001. szept. 23.: költő. &#8211; Az egyik legrégibb erdélyi m. család, a Kalota nemzetség leszármazottja. Kv.-on a Felső Kereskedelmi Iskolában végzett (1932). Szülei korán elhaltak, s a gazdaság irányítását neki kellett vállalnia fiatalon. Gazdálkodott Maroslekencén és Iklandon (1949. márc. 3.-ig). Maroslekencéről telepítették ki, kényszerlakhelye Mv. volt (1949. márc. –), [&hellip;]</p>
