{"id":10990,"date":"2025-06-29T13:38:19","date_gmt":"2025-06-29T11:38:19","guid":{"rendered":"https:\/\/uj.adatbank.ro\/lexikon\/termek\/kabos-ferenc-kabot\/"},"modified":"2025-06-29T13:38:19","modified_gmt":"2025-06-29T11:38:19","slug":"kabos-ferenc-kabot","status":"publish","type":"product","link":"https:\/\/uj.adatbank.ro\/lexikon\/termek\/kabos-ferenc-kabot\/","title":{"rendered":"KAB\u00d3S Ferenc, Kab\u00f3t"},"content":{"rendered":"<p>Zilah, 1859., \u2020 ?: jog\u00e1sz, ogy.-i k\u00e9pvisel\u0151. \u2013 Apja \u00e1llami tisztvisel\u0151 Mv.-en. \u2013 K\u00f6z\u00e9piskol\u00e1t Mv.-en a ref. f\u0151gimn.-ban, jogi tanulm\u00e1nyait r\u00e9szben a b\u00e9csi Egy. Jogtud. Kar\u00e1n (1876\u201378), r\u00e9szben a bp.-i egyetemen v\u00e9gezte. Kisk\u00fck\u00fcll\u0151megye k\u00f6zponti j\u00e1r\u00e1s\u00e1ban megv\u00e1lasztott\u00e1k szolgab\u00edr\u00f3nak (1884), ahonnan a balav\u00e1s\u00e1ri ker\u00fclet ogy.-i k\u00e9pvisel\u0151nek k\u00fcldte az ogy. -be (1892- 1906) Szabadelv\u0171 P\u00e1rti programmal, majd Nemzeti Munkap\u00e1rti programmal \u00fajra megv\u00e1lasztott\u00e1k (1910\u201318), a k\u00e9pvisel\u0151h\u00e1z aleln\u0151ke (1910\u201312). R\u00e9szt vett a boszniai felkel\u00e9s lever\u00e9s\u00e9ben mint a 62 sz tartal\u00e9kos hadnagya (1882). A mentelmi, z\u00e1rsz\u00e1mvizsg\u00e1l\u00f3i \u00e9s a VI. b\u00edr\u00e1l\u00f3 bizotts\u00e1gban m\u0171k\u00f6d\u00f6tt. A K\u00fck\u00fcll\u0151i ref. egyh\u00e1zmegye algondnokak\u00e9nt r\u00e9szt vett az Erd\u00e9lyi Ref. Egyh\u00e1zker\u00fclet k\u00f6zgy\u0171l\u00e9s\u00e9n (Kv, 1888). <br \/><strong>Irod.:<\/strong> Az Erd\u00e9lyi Ref. Egyh\u00e1zker\u00fclet k\u00f6zgy\u0171l\u00e9s\u00e9nek jegyz\u0151k\u00f6nyve (Kv, 1888); Ogy.-i almanach; Szab\u00f3\u2013Simon\u2013Sz\u00f6gi<\/br><\/p>\n","protected":false},"excerpt":{"rendered":"<p>Zilah, 1859., \u2020 ?: jog\u00e1sz, ogy.-i k\u00e9pvisel\u0151. \u2013 Apja \u00e1llami tisztvisel\u0151 Mv.-en. \u2013 K\u00f6z\u00e9piskol\u00e1t Mv.-en a ref. f\u0151gimn.-ban, jogi tanulm\u00e1nyait r\u00e9szben a b\u00e9csi Egy. Jogtud. Kar\u00e1n (1876\u201378), r\u00e9szben a bp.-i egyetemen v\u00e9gezte. Kisk\u00fck\u00fcll\u0151megye k\u00f6zponti j\u00e1r\u00e1s\u00e1ban megv\u00e1lasztott\u00e1k szolgab\u00edr\u00f3nak (1884), ahonnan a balav\u00e1s\u00e1ri ker\u00fclet ogy.-i k\u00e9pvisel\u0151nek k\u00fcldte az ogy. -be (1892- 1906) Szabadelv\u0171 P\u00e1rti programmal, majd Nemzeti [&hellip;]<\/p>\n","protected":false},"featured_media":0,"comment_status":"open","ping_status":"closed","template":"","meta":[],"product_brand":[],"product_cat":[137],"product_tag":[],"class_list":{"0":"post-10990","1":"product","2":"type-product","3":"status-publish","5":"product_cat-maros-megyei-eletrajzi-lexikon","7":"first","8":"instock","9":"shipping-taxable","10":"product-type-simple"},"_links":{"self":[{"href":"https:\/\/uj.adatbank.ro\/lexikon\/wp-json\/wp\/v2\/product\/10990","targetHints":{"allow":["GET"]}}],"collection":[{"href":"https:\/\/uj.adatbank.ro\/lexikon\/wp-json\/wp\/v2\/product"}],"about":[{"href":"https:\/\/uj.adatbank.ro\/lexikon\/wp-json\/wp\/v2\/types\/product"}],"replies":[{"embeddable":true,"href":"https:\/\/uj.adatbank.ro\/lexikon\/wp-json\/wp\/v2\/comments?post=10990"}],"wp:attachment":[{"href":"https:\/\/uj.adatbank.ro\/lexikon\/wp-json\/wp\/v2\/media?parent=10990"}],"wp:term":[{"taxonomy":"product_brand","embeddable":true,"href":"https:\/\/uj.adatbank.ro\/lexikon\/wp-json\/wp\/v2\/product_brand?post=10990"},{"taxonomy":"product_cat","embeddable":true,"href":"https:\/\/uj.adatbank.ro\/lexikon\/wp-json\/wp\/v2\/product_cat?post=10990"},{"taxonomy":"product_tag","embeddable":true,"href":"https:\/\/uj.adatbank.ro\/lexikon\/wp-json\/wp\/v2\/product_tag?post=10990"}],"curies":[{"name":"wp","href":"https:\/\/api.w.org\/{rel}","templated":true}]}}

KABÓS Ferenc, Kabót

<p>Zilah, 1859., † ?: jogász, ogy.-i képviselő. – Apja állami tisztviselő Mv.-en. – Középiskolát Mv.-en a ref. főgimn.-ban, jogi tanulmányait részben a bécsi Egy. Jogtud. Karán (1876–78), részben a bp.-i egyetemen végezte. Kisküküllőmegye központi járásában megválasztották szolgabírónak (1884), ahonnan a balavásári kerület ogy.-i képviselőnek küldte az ogy. -be (1892- 1906) Szabadelvű Párti programmal, majd Nemzeti Munkapárti programmal újra megválasztották (1910–18), a képviselőház alelnőke (1910–12). Részt vett a boszniai felkelés leverésében mint a 62 sz tartalékos hadnagya (1882). A mentelmi, zárszámvizsgálói és a VI. bíráló bizottságban működött. A Küküllői ref. egyházmegye algondnokaként részt vett az Erdélyi Ref. Egyházkerület közgyűlésén (Kv, 1888). <br /><strong>Irod.:</strong> Az Erdélyi Ref. Egyházkerület közgyűlésének jegyzőkönyve (Kv, 1888); Ogy.-i almanach; Szabó–Simon–Szögi</br></p>

<p>Zilah, 1859., † ?: jogász, ogy.-i képviselő. – Apja állami tisztviselő Mv.-en. – Középiskolát Mv.-en a ref. főgimn.-ban, jogi tanulmányait részben a bécsi Egy. Jogtud. Karán (1876–78), részben a bp.-i egyetemen végezte. Kisküküllőmegye központi járásában megválasztották szolgabírónak (1884), ahonnan a balavásári kerület ogy.-i képviselőnek küldte az ogy. -be (1892- 1906) Szabadelvű Párti programmal, majd Nemzeti [&hellip;]</p>
