{"id":10991,"date":"2025-06-29T13:38:22","date_gmt":"2025-06-29T11:38:22","guid":{"rendered":"https:\/\/uj.adatbank.ro\/lexikon\/termek\/kabos-kalman-magyargyeromonostori-kabos-kalman\/"},"modified":"2025-06-29T13:38:22","modified_gmt":"2025-06-29T11:38:22","slug":"kabos-kalman-magyargyeromonostori-kabos-kalman","status":"publish","type":"product","link":"https:\/\/uj.adatbank.ro\/lexikon\/termek\/kabos-kalman-magyargyeromonostori-kabos-kalman\/","title":{"rendered":"KAB\u00d3S K\u00e1lm\u00e1n, magyargyer\u0151monostori, Kabos K\u00e1lm\u00e1n"},"content":{"rendered":"<p>1890.? \u2020 Maroslekence, 1938. dec. 3., Nagyiklandon temett\u00e9k: f\u00f6ldbirtokos. \u2013 Testv\u00e9re: K. M\u00e1ria, porcsalmai \u00e9s bulyi dr. J\u00e9key D\u00e1nieln\u00e9. Feles\u00e9ge: 1.? ; 2. Vincefi Viola. Gyermekei: K. \u00c9va (1915\u20132001), L\u00e1szl\u00f3 (\u2020 Mv., 1879. aug. 28.) \u00e9s \u00c1ni dr. Pappsz\u00e1sz K\u00e1rolyn\u00e9, klinikai vegy\u00e9sz. \u2013 Nagy udvarh\u00e1zat tartott fenn a csal\u00e1d Maroslekenc\u00e9n \u00e9s Nagyiklandon is volt egy (m\u00e1r 1568\u2013). A maroslekencei udvarh\u00e1z b\u0151v\u00edt\u00e9s\u00e9t v\u00e9geztette (1925), majd fia K\u00e1lm\u00e1n, valamint K. \u00c9va \u00f6r\u00f6k\u00f6lte. Az EMKE alap\u00edt\u00f3 \u00e9s v\u00e1lasztott v\u00e1lasztm\u00e1nyi tagja (1885. \u00e1pr. 12\u2013). <br \/><strong>Irod.:<\/strong> B\u00e1nffy \u2013 Marosi EMKE 120; Gy\u00e1szjelent\u0151; Keresztes Gyula: \u00d6r\u00f6ks\u00e9g\u00fcnk 70.: Udvarh\u00e1zak Mv. -t\u0151l d\u00e9lre (N\u00fa., 1995. jan. 7.)<\/br><\/p>\n","protected":false},"excerpt":{"rendered":"<p>1890.? \u2020 Maroslekence, 1938. dec. 3., Nagyiklandon temett\u00e9k: f\u00f6ldbirtokos. \u2013 Testv\u00e9re: K. M\u00e1ria, porcsalmai \u00e9s bulyi dr. J\u00e9key D\u00e1nieln\u00e9. Feles\u00e9ge: 1.? ; 2. Vincefi Viola. Gyermekei: K. \u00c9va (1915\u20132001), L\u00e1szl\u00f3 (\u2020 Mv., 1879. aug. 28.) \u00e9s \u00c1ni dr. Pappsz\u00e1sz K\u00e1rolyn\u00e9, klinikai vegy\u00e9sz. \u2013 Nagy udvarh\u00e1zat tartott fenn a csal\u00e1d Maroslekenc\u00e9n \u00e9s Nagyiklandon is volt egy [&hellip;]<\/p>\n","protected":false},"featured_media":0,"comment_status":"open","ping_status":"closed","template":"","meta":[],"product_brand":[],"product_cat":[137],"product_tag":[],"class_list":{"0":"post-10991","1":"product","2":"type-product","3":"status-publish","5":"product_cat-maros-megyei-eletrajzi-lexikon","7":"first","8":"instock","9":"shipping-taxable","10":"product-type-simple"},"_links":{"self":[{"href":"https:\/\/uj.adatbank.ro\/lexikon\/wp-json\/wp\/v2\/product\/10991","targetHints":{"allow":["GET"]}}],"collection":[{"href":"https:\/\/uj.adatbank.ro\/lexikon\/wp-json\/wp\/v2\/product"}],"about":[{"href":"https:\/\/uj.adatbank.ro\/lexikon\/wp-json\/wp\/v2\/types\/product"}],"replies":[{"embeddable":true,"href":"https:\/\/uj.adatbank.ro\/lexikon\/wp-json\/wp\/v2\/comments?post=10991"}],"wp:attachment":[{"href":"https:\/\/uj.adatbank.ro\/lexikon\/wp-json\/wp\/v2\/media?parent=10991"}],"wp:term":[{"taxonomy":"product_brand","embeddable":true,"href":"https:\/\/uj.adatbank.ro\/lexikon\/wp-json\/wp\/v2\/product_brand?post=10991"},{"taxonomy":"product_cat","embeddable":true,"href":"https:\/\/uj.adatbank.ro\/lexikon\/wp-json\/wp\/v2\/product_cat?post=10991"},{"taxonomy":"product_tag","embeddable":true,"href":"https:\/\/uj.adatbank.ro\/lexikon\/wp-json\/wp\/v2\/product_tag?post=10991"}],"curies":[{"name":"wp","href":"https:\/\/api.w.org\/{rel}","templated":true}]}}

KABÓS Kálmán, magyargyerőmonostori, Kabos Kálmán

<p>1890.? † Maroslekence, 1938. dec. 3., Nagyiklandon temették: földbirtokos. – Testvére: K. Mária, porcsalmai és bulyi dr. Jékey Dánielné. Felesége: 1.? ; 2. Vincefi Viola. Gyermekei: K. Éva (1915–2001), László († Mv., 1879. aug. 28.) és Áni dr. Pappszász Károlyné, klinikai vegyész. – Nagy udvarházat tartott fenn a család Maroslekencén és Nagyiklandon is volt egy (már 1568–). A maroslekencei udvarház bővítését végeztette (1925), majd fia Kálmán, valamint K. Éva örökölte. Az EMKE alapító és választott választmányi tagja (1885. ápr. 12–). <br /><strong>Irod.:</strong> Bánffy – Marosi EMKE 120; Gyászjelentő; Keresztes Gyula: Örökségünk 70.: Udvarházak Mv. -től délre (Nú., 1995. jan. 7.)</br></p>

<p>1890.? † Maroslekence, 1938. dec. 3., Nagyiklandon temették: földbirtokos. – Testvére: K. Mária, porcsalmai és bulyi dr. Jékey Dánielné. Felesége: 1.? ; 2. Vincefi Viola. Gyermekei: K. Éva (1915–2001), László († Mv., 1879. aug. 28.) és Áni dr. Pappszász Károlyné, klinikai vegyész. – Nagy udvarházat tartott fenn a család Maroslekencén és Nagyiklandon is volt egy [&hellip;]</p>
