{"id":11003,"date":"2025-06-29T13:38:44","date_gmt":"2025-06-29T11:38:44","guid":{"rendered":"https:\/\/uj.adatbank.ro\/lexikon\/termek\/kacso-denes\/"},"modified":"2025-06-29T13:38:44","modified_gmt":"2025-06-29T11:38:44","slug":"kacso-denes","status":"publish","type":"product","link":"https:\/\/uj.adatbank.ro\/lexikon\/termek\/kacso-denes\/","title":{"rendered":"KACS\u00d3 D\u00e9nes"},"content":{"rendered":"<p>Ny\u00e1r\u00e1dszereda, 1885., \u2020 Ny\u00e1r\u00e1dselye, 1941. okt. 4.: tan\u00edt\u00f3. \u2013 K\u00f6z\u00e9pisk-t Mv.-en, tan\u00edt\u00f3k\u00e9pz\u0151t Enyeden v\u00e9gzett. Selye egyhang\u00falag h\u00edvta meg papnak (1909\u201339). Az I. vh. el\u0151tt dal\u00e1rd\u00e1t szervezett \u00e9s t\u00f6bb sz\u00edndarabot betan\u00edtott. R\u00e9szt vett a vh.-ban, fogs\u00e1gba esett. Miut\u00e1n hazat\u00e9rt nagy neh\u00e9zs\u00e9gei voltak, mert nem besz\u00e9lte a rom\u00e1n nyelvet. Az el\u0151\u00edrt vizsg\u00e1it nem tudta letenni, m\u0171k\u0151d\u00e9si enged\u00e9lyt nem kapott. Ez\u00e9rt a h\u00e1bor\u00fa ut\u00e1ni m\u0171k\u0151d\u00e9se sok k\u00edv\u00e1nni val\u00f3t hagyott. <br \/><strong>Irod.:<\/strong> Ny\u00e1r\u00e1dselye \u00e9s egyh\u00e1zai<\/br><\/p>\n","protected":false},"excerpt":{"rendered":"<p>Ny\u00e1r\u00e1dszereda, 1885., \u2020 Ny\u00e1r\u00e1dselye, 1941. okt. 4.: tan\u00edt\u00f3. \u2013 K\u00f6z\u00e9pisk-t Mv.-en, tan\u00edt\u00f3k\u00e9pz\u0151t Enyeden v\u00e9gzett. Selye egyhang\u00falag h\u00edvta meg papnak (1909\u201339). Az I. vh. el\u0151tt dal\u00e1rd\u00e1t szervezett \u00e9s t\u00f6bb sz\u00edndarabot betan\u00edtott. R\u00e9szt vett a vh.-ban, fogs\u00e1gba esett. Miut\u00e1n hazat\u00e9rt nagy neh\u00e9zs\u00e9gei voltak, mert nem besz\u00e9lte a rom\u00e1n nyelvet. Az el\u0151\u00edrt vizsg\u00e1it nem tudta letenni, m\u0171k\u0151d\u00e9si enged\u00e9lyt [&hellip;]<\/p>\n","protected":false},"featured_media":0,"comment_status":"open","ping_status":"closed","template":"","meta":[],"product_brand":[],"product_cat":[137],"product_tag":[],"class_list":{"0":"post-11003","1":"product","2":"type-product","3":"status-publish","5":"product_cat-maros-megyei-eletrajzi-lexikon","7":"first","8":"instock","9":"shipping-taxable","10":"product-type-simple"},"_links":{"self":[{"href":"https:\/\/uj.adatbank.ro\/lexikon\/wp-json\/wp\/v2\/product\/11003","targetHints":{"allow":["GET"]}}],"collection":[{"href":"https:\/\/uj.adatbank.ro\/lexikon\/wp-json\/wp\/v2\/product"}],"about":[{"href":"https:\/\/uj.adatbank.ro\/lexikon\/wp-json\/wp\/v2\/types\/product"}],"replies":[{"embeddable":true,"href":"https:\/\/uj.adatbank.ro\/lexikon\/wp-json\/wp\/v2\/comments?post=11003"}],"wp:attachment":[{"href":"https:\/\/uj.adatbank.ro\/lexikon\/wp-json\/wp\/v2\/media?parent=11003"}],"wp:term":[{"taxonomy":"product_brand","embeddable":true,"href":"https:\/\/uj.adatbank.ro\/lexikon\/wp-json\/wp\/v2\/product_brand?post=11003"},{"taxonomy":"product_cat","embeddable":true,"href":"https:\/\/uj.adatbank.ro\/lexikon\/wp-json\/wp\/v2\/product_cat?post=11003"},{"taxonomy":"product_tag","embeddable":true,"href":"https:\/\/uj.adatbank.ro\/lexikon\/wp-json\/wp\/v2\/product_tag?post=11003"}],"curies":[{"name":"wp","href":"https:\/\/api.w.org\/{rel}","templated":true}]}}

KACSÓ Dénes

<p>Nyárádszereda, 1885., † Nyárádselye, 1941. okt. 4.: tanító. – Középisk-t Mv.-en, tanítóképzőt Enyeden végzett. Selye egyhangúlag hívta meg papnak (1909–39). Az I. vh. előtt dalárdát szervezett és több színdarabot betanított. Részt vett a vh.-ban, fogságba esett. Miután hazatért nagy nehézségei voltak, mert nem beszélte a román nyelvet. Az előírt vizsgáit nem tudta letenni, műkődési engedélyt nem kapott. Ezért a háború utáni műkődése sok kívánni valót hagyott. <br /><strong>Irod.:</strong> Nyárádselye és egyházai</br></p>

<p>Nyárádszereda, 1885., † Nyárádselye, 1941. okt. 4.: tanító. – Középisk-t Mv.-en, tanítóképzőt Enyeden végzett. Selye egyhangúlag hívta meg papnak (1909–39). Az I. vh. előtt dalárdát szervezett és több színdarabot betanított. Részt vett a vh.-ban, fogságba esett. Miután hazatért nagy nehézségei voltak, mert nem beszélte a román nyelvet. Az előírt vizsgáit nem tudta letenni, műkődési engedélyt [&hellip;]</p>
