{"id":11004,"date":"2025-06-29T13:38:46","date_gmt":"2025-06-29T11:38:46","guid":{"rendered":"https:\/\/uj.adatbank.ro\/lexikon\/termek\/kacso-denes-selyei\/"},"modified":"2025-06-29T13:38:46","modified_gmt":"2025-06-29T11:38:46","slug":"kacso-denes-selyei","status":"publish","type":"product","link":"https:\/\/uj.adatbank.ro\/lexikon\/termek\/kacso-denes-selyei\/","title":{"rendered":"KACS\u00d3 D\u00e9nes, selyei"},"content":{"rendered":"<p>Mikh\u00e1za, 1896. j\u00fal. 15., \u2020 Cleveland, 1957. nov. 29.: \u00edr\u00f3, tan\u00edt\u00f3. \u2013N\u00e9meto. &#8211; ban lakott (1945\u2013); az USA-ban \u00e9lt (1949\u2013). <br \/><strong>Irod.:<\/strong> Guly\u00e1s; Nagy Csaba<\/br><\/p>\n","protected":false},"excerpt":{"rendered":"<p>Mikh\u00e1za, 1896. j\u00fal. 15., \u2020 Cleveland, 1957. nov. 29.: \u00edr\u00f3, tan\u00edt\u00f3. \u2013N\u00e9meto. &#8211; ban lakott (1945\u2013); az USA-ban \u00e9lt (1949\u2013). Irod.: Guly\u00e1s; Nagy Csaba<\/p>\n","protected":false},"featured_media":0,"comment_status":"open","ping_status":"closed","template":"","meta":[],"product_brand":[],"product_cat":[137],"product_tag":[],"class_list":{"0":"post-11004","1":"product","2":"type-product","3":"status-publish","5":"product_cat-maros-megyei-eletrajzi-lexikon","7":"first","8":"instock","9":"shipping-taxable","10":"product-type-simple"},"_links":{"self":[{"href":"https:\/\/uj.adatbank.ro\/lexikon\/wp-json\/wp\/v2\/product\/11004","targetHints":{"allow":["GET"]}}],"collection":[{"href":"https:\/\/uj.adatbank.ro\/lexikon\/wp-json\/wp\/v2\/product"}],"about":[{"href":"https:\/\/uj.adatbank.ro\/lexikon\/wp-json\/wp\/v2\/types\/product"}],"replies":[{"embeddable":true,"href":"https:\/\/uj.adatbank.ro\/lexikon\/wp-json\/wp\/v2\/comments?post=11004"}],"wp:attachment":[{"href":"https:\/\/uj.adatbank.ro\/lexikon\/wp-json\/wp\/v2\/media?parent=11004"}],"wp:term":[{"taxonomy":"product_brand","embeddable":true,"href":"https:\/\/uj.adatbank.ro\/lexikon\/wp-json\/wp\/v2\/product_brand?post=11004"},{"taxonomy":"product_cat","embeddable":true,"href":"https:\/\/uj.adatbank.ro\/lexikon\/wp-json\/wp\/v2\/product_cat?post=11004"},{"taxonomy":"product_tag","embeddable":true,"href":"https:\/\/uj.adatbank.ro\/lexikon\/wp-json\/wp\/v2\/product_tag?post=11004"}],"curies":[{"name":"wp","href":"https:\/\/api.w.org\/{rel}","templated":true}]}}