{"id":11006,"date":"2025-06-29T13:38:52","date_gmt":"2025-06-29T11:38:52","guid":{"rendered":"https:\/\/uj.adatbank.ro\/lexikon\/termek\/kacso-ferenc\/"},"modified":"2025-06-29T13:38:52","modified_gmt":"2025-06-29T11:38:52","slug":"kacso-ferenc","status":"publish","type":"product","link":"https:\/\/uj.adatbank.ro\/lexikon\/termek\/kacso-ferenc\/","title":{"rendered":"KACS\u00d3 Ferenc"},"content":{"rendered":"<p>1896, \u2020 Mv., 1974. aug. 21.: munk\u00e1smozgalmi harcos. \u2013 A RKP tagja (1921\u2013), az illegal\u00edt\u00e1s \u00e9veiben mint f\u00fcggetlen\u00edtett p\u00e1rtakt\u00edvista dolgozott az orsz\u00e1g k\u00fcl\u00f6nb\u00f6z\u0151 v\u00e1rosaiban. T\u00f6bb \u00e9ven \u00e1t volt az egys\u00e9ges szakszervezetek mv.-i szakan\u00e1cs\u00e1nak titk\u00e1ra, szerepe volt a marosv\u00f6lgyi munk\u00e1smozgalom megszervez\u00e9s\u00e9ben \u00e9s meger\u0151s\u00edt\u00e9s\u00e9ben. A mv. i p\u00e1rtbizotts\u00e1g titk\u00e1ra (1921- ). Jelent\u0151s szerepe volt a mv.-i V\u00f6r\u00f6s Seg\u00e9ly bizotts\u00e1g munk\u00e1j\u00e1ban (1930-as \u00e9vekben) \u00e9s sok\u00e1ig vezette a mv.-i Munk\u00e1s Testedz\u0151 Egyes\u00fcletet is. T\u00f6bbsz\u00f6r tart\u00f3ztatt\u00e1k le \u00e9s b\u00f6rt\u00f6nb\u00fcntet\u00e9sre \u00edt\u00e9lt\u00e9k. A felszabadul\u00e1s ut\u00e1n egyik szervez\u0151je volt a kisipari sz\u00f6vetkezeteknek. A M. N\u00e9pi Sz\u00f6vets\u00e9g MT megye k\u00e9pvisel\u0151je a parlamentben (1946. nov. 19. \u2013). Nyugd\u00edjaz\u00e1s\u00e1ig a Ciocanul, ill. Elektromaros V\u00e1llalatn\u00e1l dolgozott. <br \/><strong>Irod.:<\/strong> Cri\u015fan; N\u00e9h\u00e1nyan az RKP 1921\u201322-es Maros megyei tagjai k\u00f6z\u00fcl, akikkel egy\u00fctt \u00fcnnepelj\u00fck a nagy \u00e9vfordl\u00f3t (V. Z., 1971. m\u00e1j. 7.); K. F. [Nekrol\u00f3g] (V. Z., 1974. aug. 23.)<\/br><\/p>\n","protected":false},"excerpt":{"rendered":"<p>1896, \u2020 Mv., 1974. aug. 21.: munk\u00e1smozgalmi harcos. \u2013 A RKP tagja (1921\u2013), az illegal\u00edt\u00e1s \u00e9veiben mint f\u00fcggetlen\u00edtett p\u00e1rtakt\u00edvista dolgozott az orsz\u00e1g k\u00fcl\u00f6nb\u00f6z\u0151 v\u00e1rosaiban. T\u00f6bb \u00e9ven \u00e1t volt az egys\u00e9ges szakszervezetek mv.-i szakan\u00e1cs\u00e1nak titk\u00e1ra, szerepe volt a marosv\u00f6lgyi munk\u00e1smozgalom megszervez\u00e9s\u00e9ben \u00e9s meger\u0151s\u00edt\u00e9s\u00e9ben. A mv. i p\u00e1rtbizotts\u00e1g titk\u00e1ra (1921- ). Jelent\u0151s szerepe volt a mv.-i V\u00f6r\u00f6s [&hellip;]<\/p>\n","protected":false},"featured_media":0,"comment_status":"open","ping_status":"closed","template":"","meta":[],"product_brand":[],"product_cat":[137],"product_tag":[],"class_list":{"0":"post-11006","1":"product","2":"type-product","3":"status-publish","5":"product_cat-maros-megyei-eletrajzi-lexikon","7":"first","8":"instock","9":"shipping-taxable","10":"product-type-simple"},"_links":{"self":[{"href":"https:\/\/uj.adatbank.ro\/lexikon\/wp-json\/wp\/v2\/product\/11006","targetHints":{"allow":["GET"]}}],"collection":[{"href":"https:\/\/uj.adatbank.ro\/lexikon\/wp-json\/wp\/v2\/product"}],"about":[{"href":"https:\/\/uj.adatbank.ro\/lexikon\/wp-json\/wp\/v2\/types\/product"}],"replies":[{"embeddable":true,"href":"https:\/\/uj.adatbank.ro\/lexikon\/wp-json\/wp\/v2\/comments?post=11006"}],"wp:attachment":[{"href":"https:\/\/uj.adatbank.ro\/lexikon\/wp-json\/wp\/v2\/media?parent=11006"}],"wp:term":[{"taxonomy":"product_brand","embeddable":true,"href":"https:\/\/uj.adatbank.ro\/lexikon\/wp-json\/wp\/v2\/product_brand?post=11006"},{"taxonomy":"product_cat","embeddable":true,"href":"https:\/\/uj.adatbank.ro\/lexikon\/wp-json\/wp\/v2\/product_cat?post=11006"},{"taxonomy":"product_tag","embeddable":true,"href":"https:\/\/uj.adatbank.ro\/lexikon\/wp-json\/wp\/v2\/product_tag?post=11006"}],"curies":[{"name":"wp","href":"https:\/\/api.w.org\/{rel}","templated":true}]}}

KACSÓ Ferenc

<p>1896, † Mv., 1974. aug. 21.: munkásmozgalmi harcos. – A RKP tagja (1921–), az illegalítás éveiben mint függetlenített pártaktívista dolgozott az ország különböző városaiban. Több éven át volt az egységes szakszervezetek mv.-i szakanácsának titkára, szerepe volt a marosvölgyi munkásmozgalom megszervezésében és megerősítésében. A mv. i pártbizottság titkára (1921- ). Jelentős szerepe volt a mv.-i Vörös Segély bizottság munkájában (1930-as években) és sokáig vezette a mv.-i Munkás Testedző Egyesületet is. Többször tartóztatták le és börtönbüntetésre ítélték. A felszabadulás után egyik szervezője volt a kisipari szövetkezeteknek. A M. Népi Szövetség MT megye képviselője a parlamentben (1946. nov. 19. –). Nyugdíjazásáig a Ciocanul, ill. Elektromaros Vállalatnál dolgozott. <br /><strong>Irod.:</strong> Crişan; Néhányan az RKP 1921–22-es Maros megyei tagjai közül, akikkel együtt ünnepeljük a nagy évfordlót (V. Z., 1971. máj. 7.); K. F. [Nekrológ] (V. Z., 1974. aug. 23.)</br></p>

<p>1896, † Mv., 1974. aug. 21.: munkásmozgalmi harcos. – A RKP tagja (1921–), az illegalítás éveiben mint függetlenített pártaktívista dolgozott az ország különböző városaiban. Több éven át volt az egységes szakszervezetek mv.-i szakanácsának titkára, szerepe volt a marosvölgyi munkásmozgalom megszervezésében és megerősítésében. A mv. i pártbizottság titkára (1921- ). Jelentős szerepe volt a mv.-i Vörös [&hellip;]</p>
