{"id":11008,"date":"2025-06-29T13:38:56","date_gmt":"2025-06-29T11:38:56","guid":{"rendered":"https:\/\/uj.adatbank.ro\/lexikon\/termek\/kacso-ferenc-selyei\/"},"modified":"2025-06-29T13:38:56","modified_gmt":"2025-06-29T11:38:56","slug":"kacso-ferenc-selyei","status":"publish","type":"product","link":"https:\/\/uj.adatbank.ro\/lexikon\/termek\/kacso-ferenc-selyei\/","title":{"rendered":"KACS\u00d3 Ferenc, selyei"},"content":{"rendered":"<p>Ny\u00e1r\u00e1dselye, 1865., \u2020 Mikh\u00e1za, 1938. jan. 15.: k\u00f6zs\u00e9gi f\u0151jegyz\u0151, \u00edr\u00f3. \u2013 K. Boldizs\u00e1r (1837\u20131903) \u00e9s Kov\u00e1cs Erzs\u00e9bet (1839\u20131899) fia. Feles\u00e9ge: Kiss \u00c1gnes. Gyermekeik: L\u00e1szl\u00f3 dr. (Cleveland); D\u00e1niel (Bp.), feles\u00e9ge, Bak\u00f3 Erzs\u00e9bet; Erzs\u00e9bet Hajdu Andr\u00e1sn\u00e9; S\u00e1ndor \u00edr\u00f3, feles\u00e9ge Hantz Am\u00e1lia; R\u00f3za M\u00e1tyus J\u00f3zsefn\u00e9; \u00c1gnes Sz\u00e9llyes Imr\u00e9n\u00e9; Anna Salat D\u00e9nesn\u00e9. \u2013 Tanulm\u00e1nyai elv\u00e9gz\u00e9se ut\u00e1n a k\u00f6zigazgat\u00e1si p\u00e1ly\u00e1ra l\u00e9pett \u00e9s hossz\u00fa \u00e9vekig volt k\u00f6rjegyz\u0151 Mikh\u00e1z\u00e1n. Harisny\u00e1s jegyz\u0151k\u00e9nt emlegett\u00e9k. V\u00e1rmegyei bizotts\u00e1gi tag. <br \/><strong>Irod.:<\/strong> Guly\u00e1s, Gy\u00e1szjelent\u0151; A Kacs\u00f3 csal\u00e1d nemzetk\u00f6zi tal\u00e1lkoz\u00f3ja Mikh\u00e1z\u00e1n (N\u00fa, 2000. aug. 9); Sz\u00e9kelyf\u00f6ld \u00ed. k.<\/br><\/p>\n","protected":false},"excerpt":{"rendered":"<p>Ny\u00e1r\u00e1dselye, 1865., \u2020 Mikh\u00e1za, 1938. jan. 15.: k\u00f6zs\u00e9gi f\u0151jegyz\u0151, \u00edr\u00f3. \u2013 K. Boldizs\u00e1r (1837\u20131903) \u00e9s Kov\u00e1cs Erzs\u00e9bet (1839\u20131899) fia. Feles\u00e9ge: Kiss \u00c1gnes. Gyermekeik: L\u00e1szl\u00f3 dr. (Cleveland); D\u00e1niel (Bp.), feles\u00e9ge, Bak\u00f3 Erzs\u00e9bet; Erzs\u00e9bet Hajdu Andr\u00e1sn\u00e9; S\u00e1ndor \u00edr\u00f3, feles\u00e9ge Hantz Am\u00e1lia; R\u00f3za M\u00e1tyus J\u00f3zsefn\u00e9; \u00c1gnes Sz\u00e9llyes Imr\u00e9n\u00e9; Anna Salat D\u00e9nesn\u00e9. \u2013 Tanulm\u00e1nyai elv\u00e9gz\u00e9se ut\u00e1n a k\u00f6zigazgat\u00e1si p\u00e1ly\u00e1ra [&hellip;]<\/p>\n","protected":false},"featured_media":0,"comment_status":"open","ping_status":"closed","template":"","meta":[],"product_brand":[],"product_cat":[137],"product_tag":[],"class_list":{"0":"post-11008","1":"product","2":"type-product","3":"status-publish","5":"product_cat-maros-megyei-eletrajzi-lexikon","7":"first","8":"instock","9":"shipping-taxable","10":"product-type-simple"},"_links":{"self":[{"href":"https:\/\/uj.adatbank.ro\/lexikon\/wp-json\/wp\/v2\/product\/11008","targetHints":{"allow":["GET"]}}],"collection":[{"href":"https:\/\/uj.adatbank.ro\/lexikon\/wp-json\/wp\/v2\/product"}],"about":[{"href":"https:\/\/uj.adatbank.ro\/lexikon\/wp-json\/wp\/v2\/types\/product"}],"replies":[{"embeddable":true,"href":"https:\/\/uj.adatbank.ro\/lexikon\/wp-json\/wp\/v2\/comments?post=11008"}],"wp:attachment":[{"href":"https:\/\/uj.adatbank.ro\/lexikon\/wp-json\/wp\/v2\/media?parent=11008"}],"wp:term":[{"taxonomy":"product_brand","embeddable":true,"href":"https:\/\/uj.adatbank.ro\/lexikon\/wp-json\/wp\/v2\/product_brand?post=11008"},{"taxonomy":"product_cat","embeddable":true,"href":"https:\/\/uj.adatbank.ro\/lexikon\/wp-json\/wp\/v2\/product_cat?post=11008"},{"taxonomy":"product_tag","embeddable":true,"href":"https:\/\/uj.adatbank.ro\/lexikon\/wp-json\/wp\/v2\/product_tag?post=11008"}],"curies":[{"name":"wp","href":"https:\/\/api.w.org\/{rel}","templated":true}]}}

KACSÓ Ferenc, selyei

<p>Nyárádselye, 1865., † Mikháza, 1938. jan. 15.: községi főjegyző, író. – K. Boldizsár (1837–1903) és Kovács Erzsébet (1839–1899) fia. Felesége: Kiss Ágnes. Gyermekeik: László dr. (Cleveland); Dániel (Bp.), felesége, Bakó Erzsébet; Erzsébet Hajdu Andrásné; Sándor író, felesége Hantz Amália; Róza Mátyus Józsefné; Ágnes Széllyes Imréné; Anna Salat Dénesné. – Tanulmányai elvégzése után a közigazgatási pályára lépett és hosszú évekig volt körjegyző Mikházán. Harisnyás jegyzőként emlegették. Vármegyei bizottsági tag. <br /><strong>Irod.:</strong> Gulyás, Gyászjelentő; A Kacsó család nemzetközi találkozója Mikházán (Nú, 2000. aug. 9); Székelyföld í. k.</br></p>

<p>Nyárádselye, 1865., † Mikháza, 1938. jan. 15.: községi főjegyző, író. – K. Boldizsár (1837–1903) és Kovács Erzsébet (1839–1899) fia. Felesége: Kiss Ágnes. Gyermekeik: László dr. (Cleveland); Dániel (Bp.), felesége, Bakó Erzsébet; Erzsébet Hajdu Andrásné; Sándor író, felesége Hantz Amália; Róza Mátyus Józsefné; Ágnes Széllyes Imréné; Anna Salat Dénesné. – Tanulmányai elvégzése után a közigazgatási pályára [&hellip;]</p>
