{"id":11011,"date":"2025-06-29T13:39:01","date_gmt":"2025-06-29T11:39:01","guid":{"rendered":"https:\/\/uj.adatbank.ro\/lexikon\/termek\/kacso-gabor-%c2%a7\/"},"modified":"2025-06-29T13:39:01","modified_gmt":"2025-06-29T11:39:01","slug":"kacso-gabor-%c2%a7","status":"publish","type":"product","link":"https:\/\/uj.adatbank.ro\/lexikon\/termek\/kacso-gabor-%c2%a7\/","title":{"rendered":"KACS\u00d3 G\u00e1bor, \u00a7"},"content":{"rendered":"<p>Mez\u0151fele, 1898., vagy 1889., \u2020 Mez\u0151fele, 1962.: birtokos, gazd\u00e1lkod\u00f3, doh\u00e1nytermel\u00e9si megb\u00edzott. \u2013 Feles\u00e9ge: G\u00e1ll Roz\u00e1lia (esk\u00fcv\u0151 1923), gyermekeik: Erzs\u00e9bet (1926\u2013), Tibor (1931\u2013). \u2013 Tanulm\u00e1nyait sz\u00fcl\u0151fal\u00faj\u00e1ban, a mv.-i Ref. Koll.-ban \u00e9s Lip\u00f3t\u00fajv\u00e1roson az Erd\u00e9szeti Szakiskol\u00e1ban v\u00e9gezte. A mv.-i Erd\u00e9szeti Hivataln\u00e1l kezdett dolgozni (1919); a doh\u00e1nyj\u00f6ved\u00e9ki fel\u00fcgyel\u0151s\u00e9gn\u00e9l tev\u00e9kenykedett, de saj\u00e1t f\u00f6ldj\u00e9n is gazd\u00e1lkodott; az els\u0151 vh.-ban az olasz fronton harcolt. R\u00e9szt vett a Fogyaszt\u00e1si Sz\u00f6vetkezet \u00fajj\u00e1szervez\u00e9s\u00e9ben \u00e9s annak eln\u00f6ki tiszts\u00e9g\u00e9t is bet\u00f6lt\u00f6tte. Az orosz fronton harcolt (1917). A II. vh. ut\u00e1n \u00e1ll\u00e1s\u00e1b\u00f3l kitett\u00e9k a f\u00f6ld miatt. Szabot\u00e1zs v\u00e1dj\u00e1val letart\u00f3ztatt\u00e1k (1951), el\u00edt\u00e9lt\u00e9k, k\u00e9nyszermunk\u00e1ra a Duna-csatorn\u00e1hoz vitt\u00e9k. Mindent elkoboztak, a f\u00f6ldet, h\u00e1z\u00e1t, bels\u0151s\u00e9geket (1952). Szt\u00e1lin hal\u00e1la ut\u00e1n (1953. m\u00e1rc. 5.) kegyelem alapj\u00e1n szabadult. Rokonokn\u00e1l lakott, napsz\u00e1mosk\u00e9nt dolgozott, majd visszakapta a h\u00e1z\u00e1t, a r\u00e9gi munkahely\u00e9t, mint doh\u00e1nytermel\u00e9si szakember ment nyugd\u00edjba. <br \/><strong>Irod.:<\/strong> Akik im\u00e1dkoztak 2.; Sz\u00e9kelyf\u00f6ld \u00ed. k.<\/br><\/p>\n","protected":false},"excerpt":{"rendered":"<p>Mez\u0151fele, 1898., vagy 1889., \u2020 Mez\u0151fele, 1962.: birtokos, gazd\u00e1lkod\u00f3, doh\u00e1nytermel\u00e9si megb\u00edzott. \u2013 Feles\u00e9ge: G\u00e1ll Roz\u00e1lia (esk\u00fcv\u0151 1923), gyermekeik: Erzs\u00e9bet (1926\u2013), Tibor (1931\u2013). \u2013 Tanulm\u00e1nyait sz\u00fcl\u0151fal\u00faj\u00e1ban, a mv.-i Ref. Koll.-ban \u00e9s Lip\u00f3t\u00fajv\u00e1roson az Erd\u00e9szeti Szakiskol\u00e1ban v\u00e9gezte. A mv.-i Erd\u00e9szeti Hivataln\u00e1l kezdett dolgozni (1919); a doh\u00e1nyj\u00f6ved\u00e9ki fel\u00fcgyel\u0151s\u00e9gn\u00e9l tev\u00e9kenykedett, de saj\u00e1t f\u00f6ldj\u00e9n is gazd\u00e1lkodott; az els\u0151 vh.-ban az [&hellip;]<\/p>\n","protected":false},"featured_media":0,"comment_status":"open","ping_status":"closed","template":"","meta":[],"product_brand":[],"product_cat":[137],"product_tag":[],"class_list":{"0":"post-11011","1":"product","2":"type-product","3":"status-publish","5":"product_cat-maros-megyei-eletrajzi-lexikon","7":"first","8":"instock","9":"shipping-taxable","10":"product-type-simple"},"_links":{"self":[{"href":"https:\/\/uj.adatbank.ro\/lexikon\/wp-json\/wp\/v2\/product\/11011","targetHints":{"allow":["GET"]}}],"collection":[{"href":"https:\/\/uj.adatbank.ro\/lexikon\/wp-json\/wp\/v2\/product"}],"about":[{"href":"https:\/\/uj.adatbank.ro\/lexikon\/wp-json\/wp\/v2\/types\/product"}],"replies":[{"embeddable":true,"href":"https:\/\/uj.adatbank.ro\/lexikon\/wp-json\/wp\/v2\/comments?post=11011"}],"wp:attachment":[{"href":"https:\/\/uj.adatbank.ro\/lexikon\/wp-json\/wp\/v2\/media?parent=11011"}],"wp:term":[{"taxonomy":"product_brand","embeddable":true,"href":"https:\/\/uj.adatbank.ro\/lexikon\/wp-json\/wp\/v2\/product_brand?post=11011"},{"taxonomy":"product_cat","embeddable":true,"href":"https:\/\/uj.adatbank.ro\/lexikon\/wp-json\/wp\/v2\/product_cat?post=11011"},{"taxonomy":"product_tag","embeddable":true,"href":"https:\/\/uj.adatbank.ro\/lexikon\/wp-json\/wp\/v2\/product_tag?post=11011"}],"curies":[{"name":"wp","href":"https:\/\/api.w.org\/{rel}","templated":true}]}}

KACSÓ Gábor, §

<p>Mezőfele, 1898., vagy 1889., † Mezőfele, 1962.: birtokos, gazdálkodó, dohánytermelési megbízott. – Felesége: Gáll Rozália (esküvő 1923), gyermekeik: Erzsébet (1926–), Tibor (1931–). – Tanulmányait szülőfalújában, a mv.-i Ref. Koll.-ban és Lipótújvároson az Erdészeti Szakiskolában végezte. A mv.-i Erdészeti Hivatalnál kezdett dolgozni (1919); a dohányjövedéki felügyelőségnél tevékenykedett, de saját földjén is gazdálkodott; az első vh.-ban az olasz fronton harcolt. Részt vett a Fogyasztási Szövetkezet újjászervezésében és annak elnöki tisztségét is betöltötte. Az orosz fronton harcolt (1917). A II. vh. után állásából kitették a föld miatt. Szabotázs vádjával letartóztatták (1951), elítélték, kényszermunkára a Duna-csatornához vitték. Mindent elkoboztak, a földet, házát, belsőségeket (1952). Sztálin halála után (1953. márc. 5.) kegyelem alapján szabadult. Rokonoknál lakott, napszámosként dolgozott, majd visszakapta a házát, a régi munkahelyét, mint dohánytermelési szakember ment nyugdíjba. <br /><strong>Irod.:</strong> Akik imádkoztak 2.; Székelyföld í. k.</br></p>

<p>Mezőfele, 1898., vagy 1889., † Mezőfele, 1962.: birtokos, gazdálkodó, dohánytermelési megbízott. – Felesége: Gáll Rozália (esküvő 1923), gyermekeik: Erzsébet (1926–), Tibor (1931–). – Tanulmányait szülőfalújában, a mv.-i Ref. Koll.-ban és Lipótújvároson az Erdészeti Szakiskolában végezte. A mv.-i Erdészeti Hivatalnál kezdett dolgozni (1919); a dohányjövedéki felügyelőségnél tevékenykedett, de saját földjén is gazdálkodott; az első vh.-ban az [&hellip;]</p>
