{"id":11015,"date":"2025-06-29T13:39:07","date_gmt":"2025-06-29T11:39:07","guid":{"rendered":"https:\/\/uj.adatbank.ro\/lexikon\/termek\/kacso-istvan\/"},"modified":"2025-06-29T13:39:07","modified_gmt":"2025-06-29T11:39:07","slug":"kacso-istvan","status":"publish","type":"product","link":"https:\/\/uj.adatbank.ro\/lexikon\/termek\/kacso-istvan\/","title":{"rendered":"KACS\u00d3 Istv\u00e1n"},"content":{"rendered":"<p>Ny\u00e1r\u00e1dszereda, 1881. febr. 28., \u2020 Ny\u00e1r\u00e1dszereda, 1949. aug. 9.: f\u00f6ldbirtokos, b\u00edr\u00f3. \u2013 Sz\u00fclei: K\u00e1roly \u00e9s Roz\u00e1lia. \u2013 Ny\u00e1r\u00e1dszered\u00e1ban volt f\u00f6ldbirtokos, a k\u00f6zs\u00e9g b\u00edr\u00f3nak v\u00e1lasztotta a MP jel\u0151l\u00e9s\u00e9re (1920-as \u00e9vek). A kul\u00e1k min\u0151s\u00edt\u00e9s\u0171 gazd\u00e1t Ny\u00e1r\u00e1dszereda hat\u00e1r\u00e1ban agyonl\u0151tte a szekuritate k\u00e9t embere T\u00f3th Zolt\u00e1n \u00e9s L\u00f6te L\u00e1szl\u00f3 (1949. aug. 9-r\u0151l 10-\u00e9re virrad\u00f3 \u00e9jszaka). Gyilkoss\u00e1g v\u00e9lhet\u0151 indoka: a sz\u00e9r\u0171cs\u00e9pl\u00e9snek ellen\u00e1ll\u00f3 vid\u00e9ki lakoss\u00e1g megf\u00e9leml\u00edt\u00e9se. Egyike a kollekt\u00edviz\u00e1l\u00e1s \u00e1ldozatainak Maros megy\u00e9ben. Csal\u00e1dj\u00e1t, \u00e9s fi\u00e1t annak csal\u00e1dj\u00e1val a Constan\u0163a megyei Pe\u015ftera, majd Mircea Vod\u0103 faluba deport\u00e1lt\u00e1k k\u00e9nyszerlakhelyre (1949\u201355), a k\u00e9t h\u00e1zukat, annak minden javaival egy\u00fctt elkobozt\u00e1k. <br \/><strong>Irod.:<\/strong> Autonom magyarok; Cs\u00edkfalva; L\u00e1szl\u00f3 M\u00e1rton k\u00f6zl\u00e9se; [Nekrol\u00f3g] (N\u00fa., 1992. m\u00e1rc. 31.); Ny\u00e1r\u00e1dszereda; (-\u00d3z): Elmaradt temet\u00e9s (N\u00fa., 1992. \u00e1pr. 4.); Suciu, Vasile T.: Martiri ale colectiviz\u0103rii jude\u0163ului Mure\u015f (C. l., 27. iul. 2007.); Visnai<\/br><\/p>\n","protected":false},"excerpt":{"rendered":"<p>Ny\u00e1r\u00e1dszereda, 1881. febr. 28., \u2020 Ny\u00e1r\u00e1dszereda, 1949. aug. 9.: f\u00f6ldbirtokos, b\u00edr\u00f3. \u2013 Sz\u00fclei: K\u00e1roly \u00e9s Roz\u00e1lia. \u2013 Ny\u00e1r\u00e1dszered\u00e1ban volt f\u00f6ldbirtokos, a k\u00f6zs\u00e9g b\u00edr\u00f3nak v\u00e1lasztotta a MP jel\u0151l\u00e9s\u00e9re (1920-as \u00e9vek). A kul\u00e1k min\u0151s\u00edt\u00e9s\u0171 gazd\u00e1t Ny\u00e1r\u00e1dszereda hat\u00e1r\u00e1ban agyonl\u0151tte a szekuritate k\u00e9t embere T\u00f3th Zolt\u00e1n \u00e9s L\u00f6te L\u00e1szl\u00f3 (1949. aug. 9-r\u0151l 10-\u00e9re virrad\u00f3 \u00e9jszaka). Gyilkoss\u00e1g v\u00e9lhet\u0151 indoka: a [&hellip;]<\/p>\n","protected":false},"featured_media":0,"comment_status":"open","ping_status":"closed","template":"","meta":[],"product_brand":[],"product_cat":[137],"product_tag":[],"class_list":{"0":"post-11015","1":"product","2":"type-product","3":"status-publish","5":"product_cat-maros-megyei-eletrajzi-lexikon","7":"first","8":"instock","9":"shipping-taxable","10":"product-type-simple"},"_links":{"self":[{"href":"https:\/\/uj.adatbank.ro\/lexikon\/wp-json\/wp\/v2\/product\/11015","targetHints":{"allow":["GET"]}}],"collection":[{"href":"https:\/\/uj.adatbank.ro\/lexikon\/wp-json\/wp\/v2\/product"}],"about":[{"href":"https:\/\/uj.adatbank.ro\/lexikon\/wp-json\/wp\/v2\/types\/product"}],"replies":[{"embeddable":true,"href":"https:\/\/uj.adatbank.ro\/lexikon\/wp-json\/wp\/v2\/comments?post=11015"}],"wp:attachment":[{"href":"https:\/\/uj.adatbank.ro\/lexikon\/wp-json\/wp\/v2\/media?parent=11015"}],"wp:term":[{"taxonomy":"product_brand","embeddable":true,"href":"https:\/\/uj.adatbank.ro\/lexikon\/wp-json\/wp\/v2\/product_brand?post=11015"},{"taxonomy":"product_cat","embeddable":true,"href":"https:\/\/uj.adatbank.ro\/lexikon\/wp-json\/wp\/v2\/product_cat?post=11015"},{"taxonomy":"product_tag","embeddable":true,"href":"https:\/\/uj.adatbank.ro\/lexikon\/wp-json\/wp\/v2\/product_tag?post=11015"}],"curies":[{"name":"wp","href":"https:\/\/api.w.org\/{rel}","templated":true}]}}

KACSÓ István

<p>Nyárádszereda, 1881. febr. 28., † Nyárádszereda, 1949. aug. 9.: földbirtokos, bíró. – Szülei: Károly és Rozália. – Nyárádszeredában volt földbirtokos, a község bírónak választotta a MP jelőlésére (1920-as évek). A kulák minősítésű gazdát Nyárádszereda határában agyonlőtte a szekuritate két embere Tóth Zoltán és Löte László (1949. aug. 9-ről 10-ére virradó éjszaka). Gyilkosság vélhető indoka: a szérűcséplésnek ellenálló vidéki lakosság megfélemlítése. Egyike a kollektívizálás áldozatainak Maros megyében. Családját, és fiát annak családjával a Constanţa megyei Peştera, majd Mircea Vodă faluba deportálták kényszerlakhelyre (1949–55), a két házukat, annak minden javaival együtt elkobozták. <br /><strong>Irod.:</strong> Autonom magyarok; Csíkfalva; László Márton közlése; [Nekrológ] (Nú., 1992. márc. 31.); Nyárádszereda; (-Óz): Elmaradt temetés (Nú., 1992. ápr. 4.); Suciu, Vasile T.: Martiri ale colectivizării judeţului Mureş (C. l., 27. iul. 2007.); Visnai</br></p>

<p>Nyárádszereda, 1881. febr. 28., † Nyárádszereda, 1949. aug. 9.: földbirtokos, bíró. – Szülei: Károly és Rozália. – Nyárádszeredában volt földbirtokos, a község bírónak választotta a MP jelőlésére (1920-as évek). A kulák minősítésű gazdát Nyárádszereda határában agyonlőtte a szekuritate két embere Tóth Zoltán és Löte László (1949. aug. 9-ről 10-ére virradó éjszaka). Gyilkosság vélhető indoka: a [&hellip;]</p>
