{"id":11018,"date":"2025-06-29T13:39:15","date_gmt":"2025-06-29T11:39:15","guid":{"rendered":"https:\/\/uj.adatbank.ro\/lexikon\/termek\/kacso-judit-kacso-gaborne-nanasi-judit\/"},"modified":"2025-06-29T13:39:15","modified_gmt":"2025-06-29T11:39:15","slug":"kacso-judit-kacso-gaborne-nanasi-judit","status":"publish","type":"product","link":"https:\/\/uj.adatbank.ro\/lexikon\/termek\/kacso-judit-kacso-gaborne-nanasi-judit\/","title":{"rendered":"KACS\u00d3 Judit; Kacs\u00f3 G\u00e1born\u00e9; N\u00e1n\u00e1si Judit"},"content":{"rendered":"<p>Mv., 1932. febr. 26., \u2020 ? : k\u00f6nyvszerkeszt\u0151, m\u0171ford\u00edt\u00f3. \u2013 A mv.-i Le\u00e1nygimn.-ban \u00e9retts\u00e9gizett (1951); a buk.-i Maxim Gorkij F\u0151iskol\u00e1n orosz tan\u00e1ri oklevelet szerzett (1955). Egy \u00e9vig Buk-ben oroszt tan\u00edtott, majd a \u015etiin\u0163\u0103 \u015fi Technic\u0103 foly\u00f3irat kiad\u00e1s\u00e1ban magyarul megjelen\u0151 tudom\u00e1nyos-fantasztikus reg\u00e9nysorozatot szerkesztette (1957\u2013). Szerk. az Irodalmi K\u00f6nyvkiad\u00f3n\u00e1l (1958\u2013), majd a Kriterionn\u00e1l (1970\u2013), ahol f\u0151k\u00e9pp a Dr\u00e1m\u00e1k sorozat, a Kriterion Kiskalauz, valamint a gyermek \u00e9s ifj\u00fas\u00e1gi kiadv\u00e1nyok gondoz\u00f3ja. Tudom\u00e1nyos fantasztukus munk\u00e1kat ford\u00edtott oroszb\u00f3l, szerkesztette D\u00e1nos Mikl\u00f3ssal az \u00c1rv\u00edzk\u00f6nyv 1970. m\u00e1j. 13. -j\u00fan. 10. c. k\u00f6tetet (1970). \u2013<strong>ford.:<\/strong> I. Jefremov: Androm\u00e9da k\u00f6dfolt (Buk., 1956); Sz. M. Beljajev: A tizedik bolyg\u00f3 (Buk., 1956); V. Trenyov: Indi\u00e1nok (Buk., 1957); I. M. \u015etefan: Szememprisz herceg titka (Buk., 1957); Ioana Petrescu: Hatty\u00fadal (Buk., 1957); \u015etefan Tita: T\u00f6rp\u00e9k Gulliver haz\u00e1j\u00e1ban (Buk., 1957); Sergiu F\u0103rc\u0103\u015fan: Szerelem\u202641042 (elb.; Buk., 1958). <br \/><strong>Irod.:<\/strong> Kusz\u00e1lik; RMIL<\/br><\/p>\n","protected":false},"excerpt":{"rendered":"<p>Mv., 1932. febr. 26., \u2020 ? : k\u00f6nyvszerkeszt\u0151, m\u0171ford\u00edt\u00f3. \u2013 A mv.-i Le\u00e1nygimn.-ban \u00e9retts\u00e9gizett (1951); a buk.-i Maxim Gorkij F\u0151iskol\u00e1n orosz tan\u00e1ri oklevelet szerzett (1955). Egy \u00e9vig Buk-ben oroszt tan\u00edtott, majd a \u015etiin\u0163\u0103 \u015fi Technic\u0103 foly\u00f3irat kiad\u00e1s\u00e1ban magyarul megjelen\u0151 tudom\u00e1nyos-fantasztikus reg\u00e9nysorozatot szerkesztette (1957\u2013). Szerk. az Irodalmi K\u00f6nyvkiad\u00f3n\u00e1l (1958\u2013), majd a Kriterionn\u00e1l (1970\u2013), ahol f\u0151k\u00e9pp a [&hellip;]<\/p>\n","protected":false},"featured_media":0,"comment_status":"open","ping_status":"closed","template":"","meta":[],"product_brand":[],"product_cat":[137],"product_tag":[],"class_list":{"0":"post-11018","1":"product","2":"type-product","3":"status-publish","5":"product_cat-maros-megyei-eletrajzi-lexikon","7":"first","8":"instock","9":"shipping-taxable","10":"product-type-simple"},"_links":{"self":[{"href":"https:\/\/uj.adatbank.ro\/lexikon\/wp-json\/wp\/v2\/product\/11018","targetHints":{"allow":["GET"]}}],"collection":[{"href":"https:\/\/uj.adatbank.ro\/lexikon\/wp-json\/wp\/v2\/product"}],"about":[{"href":"https:\/\/uj.adatbank.ro\/lexikon\/wp-json\/wp\/v2\/types\/product"}],"replies":[{"embeddable":true,"href":"https:\/\/uj.adatbank.ro\/lexikon\/wp-json\/wp\/v2\/comments?post=11018"}],"wp:attachment":[{"href":"https:\/\/uj.adatbank.ro\/lexikon\/wp-json\/wp\/v2\/media?parent=11018"}],"wp:term":[{"taxonomy":"product_brand","embeddable":true,"href":"https:\/\/uj.adatbank.ro\/lexikon\/wp-json\/wp\/v2\/product_brand?post=11018"},{"taxonomy":"product_cat","embeddable":true,"href":"https:\/\/uj.adatbank.ro\/lexikon\/wp-json\/wp\/v2\/product_cat?post=11018"},{"taxonomy":"product_tag","embeddable":true,"href":"https:\/\/uj.adatbank.ro\/lexikon\/wp-json\/wp\/v2\/product_tag?post=11018"}],"curies":[{"name":"wp","href":"https:\/\/api.w.org\/{rel}","templated":true}]}}

KACSÓ Judit; Kacsó Gáborné; Nánási Judit

<p>Mv., 1932. febr. 26., † ? : könyvszerkesztő, műfordító. – A mv.-i Leánygimn.-ban érettségizett (1951); a buk.-i Maxim Gorkij Főiskolán orosz tanári oklevelet szerzett (1955). Egy évig Buk-ben oroszt tanított, majd a Ştiinţă şi Technică folyóirat kiadásában magyarul megjelenő tudományos-fantasztikus regénysorozatot szerkesztette (1957–). Szerk. az Irodalmi Könyvkiadónál (1958–), majd a Kriterionnál (1970–), ahol főképp a Drámák sorozat, a Kriterion Kiskalauz, valamint a gyermek és ifjúsági kiadványok gondozója. Tudományos fantasztukus munkákat fordított oroszból, szerkesztette Dános Miklóssal az Árvízkönyv 1970. máj. 13. -jún. 10. c. kötetet (1970). –<strong>ford.:</strong> I. Jefremov: Androméda ködfolt (Buk., 1956); Sz. M. Beljajev: A tizedik bolygó (Buk., 1956); V. Trenyov: Indiánok (Buk., 1957); I. M. Ştefan: Szememprisz herceg titka (Buk., 1957); Ioana Petrescu: Hattyúdal (Buk., 1957); Ştefan Tita: Törpék Gulliver hazájában (Buk., 1957); Sergiu Fărcăşan: Szerelem…41042 (elb.; Buk., 1958). <br /><strong>Irod.:</strong> Kuszálik; RMIL</br></p>

<p>Mv., 1932. febr. 26., † ? : könyvszerkesztő, műfordító. – A mv.-i Leánygimn.-ban érettségizett (1951); a buk.-i Maxim Gorkij Főiskolán orosz tanári oklevelet szerzett (1955). Egy évig Buk-ben oroszt tanított, majd a Ştiinţă şi Technică folyóirat kiadásában magyarul megjelenő tudományos-fantasztikus regénysorozatot szerkesztette (1957–). Szerk. az Irodalmi Könyvkiadónál (1958–), majd a Kriterionnál (1970–), ahol főképp a [&hellip;]</p>
