{"id":11022,"date":"2025-06-29T13:39:23","date_gmt":"2025-06-29T11:39:23","guid":{"rendered":"https:\/\/uj.adatbank.ro\/lexikon\/termek\/kacso-karoly-%c2%a7\/"},"modified":"2025-06-29T13:39:23","modified_gmt":"2025-06-29T11:39:23","slug":"kacso-karoly-%c2%a7","status":"publish","type":"product","link":"https:\/\/uj.adatbank.ro\/lexikon\/termek\/kacso-karoly-%c2%a7\/","title":{"rendered":"KACS\u00d3 K\u00e1roly, \u00a7"},"content":{"rendered":"<p>? \u2020 ? : sportol\u00f3. \u2013 A MSE keret\u00e9ben atl\u00e9tikai versenyeken vett r\u00e9szt, magasugr\u00e1sban, g\u00e1tfut\u00e1sban, t\u00e1volugr\u00e1sban, diszkoszvet\u00e9sben jeleskedett (1920\u2013). <br \/><strong>Irod.:<\/strong> Illy\u00e9s<\/br><\/p>\n","protected":false},"excerpt":{"rendered":"<p>? \u2020 ? : sportol\u00f3. \u2013 A MSE keret\u00e9ben atl\u00e9tikai versenyeken vett r\u00e9szt, magasugr\u00e1sban, g\u00e1tfut\u00e1sban, t\u00e1volugr\u00e1sban, diszkoszvet\u00e9sben jeleskedett (1920\u2013). Irod.: Illy\u00e9s<\/p>\n","protected":false},"featured_media":0,"comment_status":"open","ping_status":"closed","template":"","meta":[],"product_brand":[],"product_cat":[137],"product_tag":[],"class_list":{"0":"post-11022","1":"product","2":"type-product","3":"status-publish","5":"product_cat-maros-megyei-eletrajzi-lexikon","7":"first","8":"instock","9":"shipping-taxable","10":"product-type-simple"},"_links":{"self":[{"href":"https:\/\/uj.adatbank.ro\/lexikon\/wp-json\/wp\/v2\/product\/11022","targetHints":{"allow":["GET"]}}],"collection":[{"href":"https:\/\/uj.adatbank.ro\/lexikon\/wp-json\/wp\/v2\/product"}],"about":[{"href":"https:\/\/uj.adatbank.ro\/lexikon\/wp-json\/wp\/v2\/types\/product"}],"replies":[{"embeddable":true,"href":"https:\/\/uj.adatbank.ro\/lexikon\/wp-json\/wp\/v2\/comments?post=11022"}],"wp:attachment":[{"href":"https:\/\/uj.adatbank.ro\/lexikon\/wp-json\/wp\/v2\/media?parent=11022"}],"wp:term":[{"taxonomy":"product_brand","embeddable":true,"href":"https:\/\/uj.adatbank.ro\/lexikon\/wp-json\/wp\/v2\/product_brand?post=11022"},{"taxonomy":"product_cat","embeddable":true,"href":"https:\/\/uj.adatbank.ro\/lexikon\/wp-json\/wp\/v2\/product_cat?post=11022"},{"taxonomy":"product_tag","embeddable":true,"href":"https:\/\/uj.adatbank.ro\/lexikon\/wp-json\/wp\/v2\/product_tag?post=11022"}],"curies":[{"name":"wp","href":"https:\/\/api.w.org\/{rel}","templated":true}]}}