{"id":11024,"date":"2025-06-29T13:39:25","date_gmt":"2025-06-29T11:39:25","guid":{"rendered":"https:\/\/uj.adatbank.ro\/lexikon\/termek\/kacso-lajos-nyaradselyei\/"},"modified":"2025-06-29T13:39:25","modified_gmt":"2025-06-29T11:39:25","slug":"kacso-lajos-nyaradselyei","status":"publish","type":"product","link":"https:\/\/uj.adatbank.ro\/lexikon\/termek\/kacso-lajos-nyaradselyei\/","title":{"rendered":"KACS\u00d3 Lajos, ny\u00e1r\u00e1dselyei"},"content":{"rendered":"<p>Backamadaras, 1884., \u2020 Mv., 1961.: ref. lelk\u00e9sz, esperes. \u2013 K\u00f6z\u00e9piskol\u00e1it Mv.-en, a teol\u00f3gi\u00e1t Kv.-on v\u00e9gezte. P\u00e1nc\u00e9lcsehen kezdte szolg\u00e1lat\u00e1t (1908\u2013). Mez\u0151madarason volt lelk\u00e9sz (1909- 1950). H\u00edres sz\u00f3nok \u00e9s temet\u0151 pap, a Marosi Egyh\u00e1zmegye f\u0151jegyz\u0151je (1923. nov. 17. \u2013), esperes helyettes. Az OMP Maros megyei tagozat\u00e1nak aleln\u00f6ke (1932). Irodalmi t\u00e9ren k\u00f6zismert munk\u00e1ss\u00e1got fejtett ki, Mv.-en 2 \u00e9vig szerk. a Bar\u00e1zda c. hetilapot, sz\u00e1mos novell\u00e1ja, egyh\u00e1zi vonatkoz\u00e1s\u00fa \u00edr\u00e1sa jelent meg. A MP. eln\u00f6ke volt. A V\u00e1rmegyei k\u00f6zigazgat\u00e1si Bizotts\u00e1g, valamint a Mv.-i Ref. koll\u00e9gium el\u00f6lj\u00e1r\u00f3s\u00e1g\u00e1nak ia tagja volt. <br \/><strong>Irod.:<\/strong> Cs\u00e1ky; Csekme; Id\u0151t\u00e1r 3; K\u00f6vesdi; Marosszentgy\u00f6rgy; Sz\u00e9kelyf\u00f6ld \u00ed. k.<\/br><\/p>\n","protected":false},"excerpt":{"rendered":"<p>Backamadaras, 1884., \u2020 Mv., 1961.: ref. lelk\u00e9sz, esperes. \u2013 K\u00f6z\u00e9piskol\u00e1it Mv.-en, a teol\u00f3gi\u00e1t Kv.-on v\u00e9gezte. P\u00e1nc\u00e9lcsehen kezdte szolg\u00e1lat\u00e1t (1908\u2013). Mez\u0151madarason volt lelk\u00e9sz (1909- 1950). H\u00edres sz\u00f3nok \u00e9s temet\u0151 pap, a Marosi Egyh\u00e1zmegye f\u0151jegyz\u0151je (1923. nov. 17. \u2013), esperes helyettes. Az OMP Maros megyei tagozat\u00e1nak aleln\u00f6ke (1932). Irodalmi t\u00e9ren k\u00f6zismert munk\u00e1ss\u00e1got fejtett ki, Mv.-en 2 \u00e9vig [&hellip;]<\/p>\n","protected":false},"featured_media":0,"comment_status":"open","ping_status":"closed","template":"","meta":[],"product_brand":[],"product_cat":[137],"product_tag":[],"class_list":{"0":"post-11024","1":"product","2":"type-product","3":"status-publish","5":"product_cat-maros-megyei-eletrajzi-lexikon","7":"first","8":"instock","9":"shipping-taxable","10":"product-type-simple"},"_links":{"self":[{"href":"https:\/\/uj.adatbank.ro\/lexikon\/wp-json\/wp\/v2\/product\/11024","targetHints":{"allow":["GET"]}}],"collection":[{"href":"https:\/\/uj.adatbank.ro\/lexikon\/wp-json\/wp\/v2\/product"}],"about":[{"href":"https:\/\/uj.adatbank.ro\/lexikon\/wp-json\/wp\/v2\/types\/product"}],"replies":[{"embeddable":true,"href":"https:\/\/uj.adatbank.ro\/lexikon\/wp-json\/wp\/v2\/comments?post=11024"}],"wp:attachment":[{"href":"https:\/\/uj.adatbank.ro\/lexikon\/wp-json\/wp\/v2\/media?parent=11024"}],"wp:term":[{"taxonomy":"product_brand","embeddable":true,"href":"https:\/\/uj.adatbank.ro\/lexikon\/wp-json\/wp\/v2\/product_brand?post=11024"},{"taxonomy":"product_cat","embeddable":true,"href":"https:\/\/uj.adatbank.ro\/lexikon\/wp-json\/wp\/v2\/product_cat?post=11024"},{"taxonomy":"product_tag","embeddable":true,"href":"https:\/\/uj.adatbank.ro\/lexikon\/wp-json\/wp\/v2\/product_tag?post=11024"}],"curies":[{"name":"wp","href":"https:\/\/api.w.org\/{rel}","templated":true}]}}

KACSÓ Lajos, nyárádselyei

<p>Backamadaras, 1884., † Mv., 1961.: ref. lelkész, esperes. – Középiskoláit Mv.-en, a teológiát Kv.-on végezte. Páncélcsehen kezdte szolgálatát (1908–). Mezőmadarason volt lelkész (1909- 1950). Híres szónok és temető pap, a Marosi Egyházmegye főjegyzője (1923. nov. 17. –), esperes helyettes. Az OMP Maros megyei tagozatának alelnöke (1932). Irodalmi téren közismert munkásságot fejtett ki, Mv.-en 2 évig szerk. a Barázda c. hetilapot, számos novellája, egyházi vonatkozású írása jelent meg. A MP. elnöke volt. A Vármegyei közigazgatási Bizottság, valamint a Mv.-i Ref. kollégium elöljáróságának ia tagja volt. <br /><strong>Irod.:</strong> Csáky; Csekme; Időtár 3; Kövesdi; Marosszentgyörgy; Székelyföld í. k.</br></p>

<p>Backamadaras, 1884., † Mv., 1961.: ref. lelkész, esperes. – Középiskoláit Mv.-en, a teológiát Kv.-on végezte. Páncélcsehen kezdte szolgálatát (1908–). Mezőmadarason volt lelkész (1909- 1950). Híres szónok és temető pap, a Marosi Egyházmegye főjegyzője (1923. nov. 17. –), esperes helyettes. Az OMP Maros megyei tagozatának alelnöke (1932). Irodalmi téren közismert munkásságot fejtett ki, Mv.-en 2 évig [&hellip;]</p>
