{"id":11027,"date":"2025-06-29T13:39:32","date_gmt":"2025-06-29T11:39:32","guid":{"rendered":"https:\/\/uj.adatbank.ro\/lexikon\/termek\/kacso-laszlo-selyei\/"},"modified":"2025-06-29T13:39:32","modified_gmt":"2025-06-29T11:39:32","slug":"kacso-laszlo-selyei","status":"publish","type":"product","link":"https:\/\/uj.adatbank.ro\/lexikon\/termek\/kacso-laszlo-selyei\/","title":{"rendered":"KACS\u00d3 L\u00e1szl\u00f3, selyei"},"content":{"rendered":"<p>Mikh\u00e1za, 1891., \u2020 ?: orvos, szak\u00edr\u00f3. \u2013 K. S\u00e1ndor testv\u00e9re. \u2013 Dr. med., kiv\u00e1ndorolt az USA-ba Clevelandban nyitott rendel\u0151t. A Kend\u0151b\u0151l sz\u00e1rmaz\u00f3 \u0151sei eml\u00e9k\u00e9re 16 kutat \u00e1satott 16 gy\u0171r\u0171s m\u00e9lys\u00e9gbe, \u00edgy 60. 000 lejjel oldotta meg a falu v\u00edzgondj\u00e1t. A kutak ma is megvannak. Hasznos \u00e9s olcs\u00f3 k\u00f6zeg\u00e9szs\u00e9gi k\u00f6nyveket \u00edrt az erd\u00e9lyi magyarok sz\u00e1m\u00e1ra. Szakcikkei k\u00fclf\u00f6ldi foly\u00f3iratokban jelentek meg. T\u00f6bb orvosi k\u00f6nyv szerz\u0151je. T\u00e1mogatta a bekecsaljai sz\u00e9kelys\u00e9get. \u2013 <strong>F. m.:<\/strong> t\u00e1rssz: A szoptat\u00f3 anya gyermeke (Jancs\u00f3 B\u00e9l\u00e1val; Brass\u00f3, 1935). <br \/><strong>Irod.:<\/strong> Genersich; Guly\u00e1s; Halasy, A Kacs\u00f3 csal\u00e1d nemzetk\u00f6zi tal\u00e1lkoz\u00f3ja Mikh\u00e1z\u00e1n (N\u00fa., 2000. aug. 9); Kily\u00e9n Attila-Lokodi Imre: Kend\u0151zetlen\u00fcl (N\u00fa. 1999. dec. 9)<\/br><\/p>\n","protected":false},"excerpt":{"rendered":"<p>Mikh\u00e1za, 1891., \u2020 ?: orvos, szak\u00edr\u00f3. \u2013 K. S\u00e1ndor testv\u00e9re. \u2013 Dr. med., kiv\u00e1ndorolt az USA-ba Clevelandban nyitott rendel\u0151t. A Kend\u0151b\u0151l sz\u00e1rmaz\u00f3 \u0151sei eml\u00e9k\u00e9re 16 kutat \u00e1satott 16 gy\u0171r\u0171s m\u00e9lys\u00e9gbe, \u00edgy 60. 000 lejjel oldotta meg a falu v\u00edzgondj\u00e1t. A kutak ma is megvannak. Hasznos \u00e9s olcs\u00f3 k\u00f6zeg\u00e9szs\u00e9gi k\u00f6nyveket \u00edrt az erd\u00e9lyi magyarok sz\u00e1m\u00e1ra. Szakcikkei [&hellip;]<\/p>\n","protected":false},"featured_media":0,"comment_status":"open","ping_status":"closed","template":"","meta":[],"product_brand":[],"product_cat":[137],"product_tag":[],"class_list":{"0":"post-11027","1":"product","2":"type-product","3":"status-publish","5":"product_cat-maros-megyei-eletrajzi-lexikon","7":"first","8":"instock","9":"shipping-taxable","10":"product-type-simple"},"_links":{"self":[{"href":"https:\/\/uj.adatbank.ro\/lexikon\/wp-json\/wp\/v2\/product\/11027","targetHints":{"allow":["GET"]}}],"collection":[{"href":"https:\/\/uj.adatbank.ro\/lexikon\/wp-json\/wp\/v2\/product"}],"about":[{"href":"https:\/\/uj.adatbank.ro\/lexikon\/wp-json\/wp\/v2\/types\/product"}],"replies":[{"embeddable":true,"href":"https:\/\/uj.adatbank.ro\/lexikon\/wp-json\/wp\/v2\/comments?post=11027"}],"wp:attachment":[{"href":"https:\/\/uj.adatbank.ro\/lexikon\/wp-json\/wp\/v2\/media?parent=11027"}],"wp:term":[{"taxonomy":"product_brand","embeddable":true,"href":"https:\/\/uj.adatbank.ro\/lexikon\/wp-json\/wp\/v2\/product_brand?post=11027"},{"taxonomy":"product_cat","embeddable":true,"href":"https:\/\/uj.adatbank.ro\/lexikon\/wp-json\/wp\/v2\/product_cat?post=11027"},{"taxonomy":"product_tag","embeddable":true,"href":"https:\/\/uj.adatbank.ro\/lexikon\/wp-json\/wp\/v2\/product_tag?post=11027"}],"curies":[{"name":"wp","href":"https:\/\/api.w.org\/{rel}","templated":true}]}}

KACSÓ László, selyei

<p>Mikháza, 1891., † ?: orvos, szakíró. – K. Sándor testvére. – Dr. med., kivándorolt az USA-ba Clevelandban nyitott rendelőt. A Kendőből származó ősei emlékére 16 kutat ásatott 16 gyűrűs mélységbe, így 60. 000 lejjel oldotta meg a falu vízgondját. A kutak ma is megvannak. Hasznos és olcsó közegészségi könyveket írt az erdélyi magyarok számára. Szakcikkei külföldi folyóiratokban jelentek meg. Több orvosi könyv szerzője. Támogatta a bekecsaljai székelységet. – <strong>F. m.:</strong> társsz: A szoptató anya gyermeke (Jancsó Bélával; Brassó, 1935). <br /><strong>Irod.:</strong> Genersich; Gulyás; Halasy, A Kacsó család nemzetközi találkozója Mikházán (Nú., 2000. aug. 9); Kilyén Attila-Lokodi Imre: Kendőzetlenül (Nú. 1999. dec. 9)</br></p>

<p>Mikháza, 1891., † ?: orvos, szakíró. – K. Sándor testvére. – Dr. med., kivándorolt az USA-ba Clevelandban nyitott rendelőt. A Kendőből származó ősei emlékére 16 kutat ásatott 16 gyűrűs mélységbe, így 60. 000 lejjel oldotta meg a falu vízgondját. A kutak ma is megvannak. Hasznos és olcsó közegészségi könyveket írt az erdélyi magyarok számára. Szakcikkei [&hellip;]</p>
