{"id":11030,"date":"2025-06-29T13:39:37","date_gmt":"2025-06-29T11:39:37","guid":{"rendered":"https:\/\/uj.adatbank.ro\/lexikon\/termek\/kacso-mihaly-katso-mihaly-2\/"},"modified":"2025-06-29T13:39:37","modified_gmt":"2025-06-29T11:39:37","slug":"kacso-mihaly-katso-mihaly-2","status":"publish","type":"product","link":"https:\/\/uj.adatbank.ro\/lexikon\/termek\/kacso-mihaly-katso-mihaly-2\/","title":{"rendered":"KACS\u00d3 Mih\u00e1ly; Kats\u00f3 Mih\u00e1ly"},"content":{"rendered":"<p>Sz\u00e1szp\u00e9ntek, 1744. jan. 19., \u2020 ? : assesor, dulo-comisarius. \u2013 Feles\u00e9ge: P\u00e1pai \u00c1gnes (1776), fi\u00fak: Mih\u00e1ly (1777. okt. 17). \u2013 Saj\u00e1t f\u00f6ljegyz\u00e9se alapj\u00e1n tudhat\u00f3 \u00e9letrajza: Tanult a Mv-i Ref. Koll.-ban, t\u00f3g\u00e1tus di\u00e1k lett (1764). Felesk\u00fcd\u00f6tt Turi L\u00e1szl\u00f3 protonotarialis cancell\u00e1ri\u00e1j\u00e1ra (1767), majd Maros sz\u00e9k assesora lett (1768); cancellistas\u00e1got v\u00e9gzett (1772); L\u00e1tta II. J\u00f3zsef cs\u00e1sz\u00e1rt Mv.-en tett l\u00e1togat\u00e1sa alkalm\u00e1val (1773 j\u00fal. 11.). A Marossz\u00e9ki s\u00e1msondi \u00e9s a mez\u0151b\u00e1ndi commissariusi hivatalban dulo commissarius (1774\u201388), mindaddig amig a sz\u00e9k v\u00e1rmegy\u00e9v\u00e9 lett, majd Toldalaghi Ferenc alatt szolg\u00e1lt 6 \u00e9vet. <br \/><strong>Irod.:<\/strong> Kelemen Lajos 2006<\/br><\/p>\n","protected":false},"excerpt":{"rendered":"<p>Sz\u00e1szp\u00e9ntek, 1744. jan. 19., \u2020 ? : assesor, dulo-comisarius. \u2013 Feles\u00e9ge: P\u00e1pai \u00c1gnes (1776), fi\u00fak: Mih\u00e1ly (1777. okt. 17). \u2013 Saj\u00e1t f\u00f6ljegyz\u00e9se alapj\u00e1n tudhat\u00f3 \u00e9letrajza: Tanult a Mv-i Ref. Koll.-ban, t\u00f3g\u00e1tus di\u00e1k lett (1764). Felesk\u00fcd\u00f6tt Turi L\u00e1szl\u00f3 protonotarialis cancell\u00e1ri\u00e1j\u00e1ra (1767), majd Maros sz\u00e9k assesora lett (1768); cancellistas\u00e1got v\u00e9gzett (1772); L\u00e1tta II. J\u00f3zsef cs\u00e1sz\u00e1rt Mv.-en tett [&hellip;]<\/p>\n","protected":false},"featured_media":0,"comment_status":"open","ping_status":"closed","template":"","meta":[],"product_brand":[],"product_cat":[137],"product_tag":[],"class_list":{"0":"post-11030","1":"product","2":"type-product","3":"status-publish","5":"product_cat-maros-megyei-eletrajzi-lexikon","7":"first","8":"instock","9":"shipping-taxable","10":"product-type-simple"},"_links":{"self":[{"href":"https:\/\/uj.adatbank.ro\/lexikon\/wp-json\/wp\/v2\/product\/11030","targetHints":{"allow":["GET"]}}],"collection":[{"href":"https:\/\/uj.adatbank.ro\/lexikon\/wp-json\/wp\/v2\/product"}],"about":[{"href":"https:\/\/uj.adatbank.ro\/lexikon\/wp-json\/wp\/v2\/types\/product"}],"replies":[{"embeddable":true,"href":"https:\/\/uj.adatbank.ro\/lexikon\/wp-json\/wp\/v2\/comments?post=11030"}],"wp:attachment":[{"href":"https:\/\/uj.adatbank.ro\/lexikon\/wp-json\/wp\/v2\/media?parent=11030"}],"wp:term":[{"taxonomy":"product_brand","embeddable":true,"href":"https:\/\/uj.adatbank.ro\/lexikon\/wp-json\/wp\/v2\/product_brand?post=11030"},{"taxonomy":"product_cat","embeddable":true,"href":"https:\/\/uj.adatbank.ro\/lexikon\/wp-json\/wp\/v2\/product_cat?post=11030"},{"taxonomy":"product_tag","embeddable":true,"href":"https:\/\/uj.adatbank.ro\/lexikon\/wp-json\/wp\/v2\/product_tag?post=11030"}],"curies":[{"name":"wp","href":"https:\/\/api.w.org\/{rel}","templated":true}]}}