{"id":11032,"date":"2025-06-29T13:39:40","date_gmt":"2025-06-29T11:39:40","guid":{"rendered":"https:\/\/uj.adatbank.ro\/lexikon\/termek\/kacso-sandor\/"},"modified":"2025-06-29T13:39:40","modified_gmt":"2025-06-29T11:39:40","slug":"kacso-sandor","status":"publish","type":"product","link":"https:\/\/uj.adatbank.ro\/lexikon\/termek\/kacso-sandor\/","title":{"rendered":"KACS\u00d3 S\u00e1ndor"},"content":{"rendered":"<p>Szentgerice, 1896. m\u00e1rc. 18., \u2020 N\u00e1dudvar, 1962. m\u00e1rc. 14.: mez\u0151gazd\u00e1sz. \u2013 A kassai \u00e9s a kv.-i gazd. akad. tanult, a kv.-i gazd. akad. szerzett oklevelet (1919). A gr. Teleki B\u00e9la erd\u00e9lyi birtok\u00e1n gazdatiszt volt (1920\u2013). A II. vh. idej\u00e9n frontszolg\u00e1latot teljes\u00edtett, majd szovjet hadifogs\u00e1gbaker\u00fclt (1944\u201347). Hercegsz\u00e1nt\u00f3n \u00e9lt \u00e9s gazd\u00e1lkodott (1947\u201351). A n\u00e1dudvari V\u00f6r\u00f6s Csillag Termel\u0151sz\u00f6vetkezet agron\u00f3musa volt (1951\u201362). Az anyagi \u00e9rdekelts\u00e9g jelent\u0151s\u00e9g\u00e9t felismerve bevezette \u201en\u00e1dudvari m\u00f3dszerk\u00e9nt\u201d orsz\u00e1gos h\u00edr\u0171v\u00e9 v\u00e1lt pr\u00e9miz\u00e1l\u00e1si rendszer\u00e9t. Kossuth-d\u00edjat kapott a tsz vezet\u00e9s\u00e9ben el\u00e9rt kiv\u00e1l\u00f3 eredm\u00e9nyei\u00e9rt (1958). <strong>F. m.:<\/strong> <strong>t\u00e1rssz.:<\/strong> Bl\u00e9nessy K\u00e1roly \u2013 K. S.: A m\u00e9h a kisgazda ingyen napsz\u00e1mosa (Bra\u015fov-Brass\u00f3, 1936). <br \/><strong>Irod.:<\/strong> Marosi-Helikon; Marosi-KZST; M\u00c9L; R\u00daL; \u00daM\u00c9L<\/br><\/p>\n","protected":false},"excerpt":{"rendered":"<p>Szentgerice, 1896. m\u00e1rc. 18., \u2020 N\u00e1dudvar, 1962. m\u00e1rc. 14.: mez\u0151gazd\u00e1sz. \u2013 A kassai \u00e9s a kv.-i gazd. akad. tanult, a kv.-i gazd. akad. szerzett oklevelet (1919). A gr. Teleki B\u00e9la erd\u00e9lyi birtok\u00e1n gazdatiszt volt (1920\u2013). A II. vh. idej\u00e9n frontszolg\u00e1latot teljes\u00edtett, majd szovjet hadifogs\u00e1gbaker\u00fclt (1944\u201347). Hercegsz\u00e1nt\u00f3n \u00e9lt \u00e9s gazd\u00e1lkodott (1947\u201351). A n\u00e1dudvari V\u00f6r\u00f6s Csillag Termel\u0151sz\u00f6vetkezet [&hellip;]<\/p>\n","protected":false},"featured_media":0,"comment_status":"open","ping_status":"closed","template":"","meta":[],"product_brand":[],"product_cat":[137],"product_tag":[],"class_list":{"0":"post-11032","1":"product","2":"type-product","3":"status-publish","5":"product_cat-maros-megyei-eletrajzi-lexikon","7":"first","8":"instock","9":"shipping-taxable","10":"product-type-simple"},"_links":{"self":[{"href":"https:\/\/uj.adatbank.ro\/lexikon\/wp-json\/wp\/v2\/product\/11032","targetHints":{"allow":["GET"]}}],"collection":[{"href":"https:\/\/uj.adatbank.ro\/lexikon\/wp-json\/wp\/v2\/product"}],"about":[{"href":"https:\/\/uj.adatbank.ro\/lexikon\/wp-json\/wp\/v2\/types\/product"}],"replies":[{"embeddable":true,"href":"https:\/\/uj.adatbank.ro\/lexikon\/wp-json\/wp\/v2\/comments?post=11032"}],"wp:attachment":[{"href":"https:\/\/uj.adatbank.ro\/lexikon\/wp-json\/wp\/v2\/media?parent=11032"}],"wp:term":[{"taxonomy":"product_brand","embeddable":true,"href":"https:\/\/uj.adatbank.ro\/lexikon\/wp-json\/wp\/v2\/product_brand?post=11032"},{"taxonomy":"product_cat","embeddable":true,"href":"https:\/\/uj.adatbank.ro\/lexikon\/wp-json\/wp\/v2\/product_cat?post=11032"},{"taxonomy":"product_tag","embeddable":true,"href":"https:\/\/uj.adatbank.ro\/lexikon\/wp-json\/wp\/v2\/product_tag?post=11032"}],"curies":[{"name":"wp","href":"https:\/\/api.w.org\/{rel}","templated":true}]}}

KACSÓ Sándor

<p>Szentgerice, 1896. márc. 18., † Nádudvar, 1962. márc. 14.: mezőgazdász. – A kassai és a kv.-i gazd. akad. tanult, a kv.-i gazd. akad. szerzett oklevelet (1919). A gr. Teleki Béla erdélyi birtokán gazdatiszt volt (1920–). A II. vh. idején frontszolgálatot teljesített, majd szovjet hadifogságbakerült (1944–47). Hercegszántón élt és gazdálkodott (1947–51). A nádudvari Vörös Csillag Termelőszövetkezet agronómusa volt (1951–62). Az anyagi érdekeltség jelentőségét felismerve bevezette „nádudvari módszerként” országos hírűvé vált prémizálási rendszerét. Kossuth-díjat kapott a tsz vezetésében elért kiváló eredményeiért (1958). <strong>F. m.:</strong> <strong>társsz.:</strong> Blénessy Károly – K. S.: A méh a kisgazda ingyen napszámosa (Braşov-Brassó, 1936). <br /><strong>Irod.:</strong> Marosi-Helikon; Marosi-KZST; MÉL; RÚL; ÚMÉL</br></p>

<p>Szentgerice, 1896. márc. 18., † Nádudvar, 1962. márc. 14.: mezőgazdász. – A kassai és a kv.-i gazd. akad. tanult, a kv.-i gazd. akad. szerzett oklevelet (1919). A gr. Teleki Béla erdélyi birtokán gazdatiszt volt (1920–). A II. vh. idején frontszolgálatot teljesített, majd szovjet hadifogságbakerült (1944–47). Hercegszántón élt és gazdálkodott (1947–51). A nádudvari Vörös Csillag Termelőszövetkezet [&hellip;]</p>
