{"id":11035,"date":"2025-06-29T13:39:46","date_gmt":"2025-06-29T11:39:46","guid":{"rendered":"https:\/\/uj.adatbank.ro\/lexikon\/termek\/kacso-tibor-%c2%a7\/"},"modified":"2025-06-29T13:39:46","modified_gmt":"2025-06-29T11:39:46","slug":"kacso-tibor-%c2%a7","status":"publish","type":"product","link":"https:\/\/uj.adatbank.ro\/lexikon\/termek\/kacso-tibor-%c2%a7\/","title":{"rendered":"KACS\u00d3 Tibor, \u00a7"},"content":{"rendered":"<p>Mv., 1931. febr. 7., \u2020 Mez\u0151fele, 2003. okt. 1.: m\u00e9rn\u00f6k, gazd\u00e1sz. \u2013 Feles\u00e9ge: Kov\u00e1cs Katalin (1933\u2013), esk\u00fcv\u0151 (1956), v\u00e1l\u00e1sra k\u00e9nyszer\u00edtett\u00e9k, majd \u00fajra \u00f6sszeh\u00e1zasodtak (1966). Gyermekeik: Levente Hunor (1957), Emese Erzs\u00e9bet (1959), Lehel G\u00e1bor (1967\u2013). \u2013 A mv.-i Ref. Koll.-ban tanult, Mv.-en a Mez\u0151gazdas\u00e1gi Tanint\u00e9zetben \u00fczemm\u00e9rn\u00f6ki oklevelet szerzett (1950); g\u00e9plakatos k\u00e9pes\u00edt\u00e9st nyert (1981). Erd\u0151d\u00f6n agron\u00f3mus (1950); Cs\u00edksomly\u00f3n szakiskolai nevel\u0151 (1951\u201352); munkaszolg\u00e1latos (1953\u201354); Hargitaf\u00fcrd\u0151n iskolaszolga, Cs\u00edkszered\u00e1n \u00fat\u00e9p\u00edt\u00e9sn\u00e9l napsz\u00e1mos (1955), Cs\u00edksomly\u00f3n a K\u00fcl\u00f6nleges Gazd. Isk. tan\u00e1ra (1955\u201359). Letart\u00f3ztatt\u00e1k \u00e9s koholt v\u00e1dak alapj\u00e1n, \u201efegyveres szervezked\u00e9s\u00e9rt\u201d 25 \u00e9v k\u00e9nyszermunk\u00e1ra \u00edt\u00e9l\u00e9k (1959. j\u00fan. 6.). Mv.-en volt vizsg\u00e1lati fogs\u00e1gban, majd Szamos\u00fajv\u00e1rra, v\u00e9g\u00fcl a Dunadelt\u00e1ba vitt\u00e9k, ott raboskodott, am\u00edg k\u00f6zkegyelemmel szabadult (1959\u201364. j\u00fal.). Szabadul\u00e1sa ut\u00e1n g\u00e1z\u00f3ra-leolvas\u00f3, rakod\u00f3munk\u00e1s (1965\u201366), a Mv.-en a Vet\u0151magtermeszt\u0151 V\u00e1ll., Agrosem, technikusa (1965\u201371); a gezsei \u00e1llami gazdas\u00e1gban (1971\u201374), a cs\u00e1v\u00e1si kollekt\u00edv gazdas\u00e1gban (1977\u201378) dolgozott, Mez\u0151fel\u00e9ben farmvezet\u0151 (1971\u201374); a MgTSZ brig\u00e1dosa (1976\u201378); Mv.-en a Prodcomplex v\u00e1llalatban g\u00e9plakatos nyugd\u00edjaz\u00e1s\u00e1ig (1980\u201390). Gondnoka \u00e9s presbitere a mez\u0151felei ref. gy\u00fclekezetnek. Mez\u0151fel\u00e9ben sz\u00ednj\u00e1tsz\u00f3csoport vezet\u0151, a hagyom\u00e1ny\u0151rz\u0151 folkl\u00f3regy\u00fcttes tagja, Hej hajlik a n\u00e1d c. zen\u00e9s m\u0171sorukat az RTV m. ad\u00e1sa k\u00f6zvet\u00edtette. Tagja volt az IKE, ASIT, RMGE-nek. Cikkeit k\u00f6z\u00f6lte az: \u00dczenet, Kisgazd\u00e1k Lapja, Etrd\u00e9lyi H\u00edrad\u00f3. Az Erd\u00e9lyi 56-os Bar\u00e1ti T\u00e1rsas\u00e1g \u00f6r\u00f6k\u00f6s tiszteletbeli eln\u00f6ke. Megkapta A Haz\u00e1\u00e9rt \u00e9s Szabds\u00e1g\u00e9rt 1956-os eml\u00e9k\u00e9rmet, A haz\u00e1\u00e9rt \u00c9rdemkeresztet, az 56-os \u00c9rdemkeresztet \u00e9s a Magyarok Vil\u00e1gsz\u00f6vets\u00e9ge \u00c9rdem\u00e9rmet. Visszaeml\u00e9kez\u00e9sei k\u00e9ziratban maradtak. <br \/><strong>Irod.:<\/strong> 1956 Erd\u00e9lyben; Akik im\u00e1dkoztak 2.; KKACs; K. T.: Nevel\u0151 voltam Cs\u00edkban (N\u00fa., 1995. febr. 8.); Maros megye; T\u00f3falvi 5.<\/br><\/p>\n","protected":false},"excerpt":{"rendered":"<p>Mv., 1931. febr. 7., \u2020 Mez\u0151fele, 2003. okt. 1.: m\u00e9rn\u00f6k, gazd\u00e1sz. \u2013 Feles\u00e9ge: Kov\u00e1cs Katalin (1933\u2013), esk\u00fcv\u0151 (1956), v\u00e1l\u00e1sra k\u00e9nyszer\u00edtett\u00e9k, majd \u00fajra \u00f6sszeh\u00e1zasodtak (1966). Gyermekeik: Levente Hunor (1957), Emese Erzs\u00e9bet (1959), Lehel G\u00e1bor (1967\u2013). \u2013 A mv.-i Ref. Koll.-ban tanult, Mv.-en a Mez\u0151gazdas\u00e1gi Tanint\u00e9zetben \u00fczemm\u00e9rn\u00f6ki oklevelet szerzett (1950); g\u00e9plakatos k\u00e9pes\u00edt\u00e9st nyert (1981). Erd\u0151d\u00f6n agron\u00f3mus (1950); [&hellip;]<\/p>\n","protected":false},"featured_media":0,"comment_status":"open","ping_status":"closed","template":"","meta":[],"product_brand":[],"product_cat":[137],"product_tag":[],"class_list":{"0":"post-11035","1":"product","2":"type-product","3":"status-publish","5":"product_cat-maros-megyei-eletrajzi-lexikon","7":"first","8":"instock","9":"shipping-taxable","10":"product-type-simple"},"_links":{"self":[{"href":"https:\/\/uj.adatbank.ro\/lexikon\/wp-json\/wp\/v2\/product\/11035","targetHints":{"allow":["GET"]}}],"collection":[{"href":"https:\/\/uj.adatbank.ro\/lexikon\/wp-json\/wp\/v2\/product"}],"about":[{"href":"https:\/\/uj.adatbank.ro\/lexikon\/wp-json\/wp\/v2\/types\/product"}],"replies":[{"embeddable":true,"href":"https:\/\/uj.adatbank.ro\/lexikon\/wp-json\/wp\/v2\/comments?post=11035"}],"wp:attachment":[{"href":"https:\/\/uj.adatbank.ro\/lexikon\/wp-json\/wp\/v2\/media?parent=11035"}],"wp:term":[{"taxonomy":"product_brand","embeddable":true,"href":"https:\/\/uj.adatbank.ro\/lexikon\/wp-json\/wp\/v2\/product_brand?post=11035"},{"taxonomy":"product_cat","embeddable":true,"href":"https:\/\/uj.adatbank.ro\/lexikon\/wp-json\/wp\/v2\/product_cat?post=11035"},{"taxonomy":"product_tag","embeddable":true,"href":"https:\/\/uj.adatbank.ro\/lexikon\/wp-json\/wp\/v2\/product_tag?post=11035"}],"curies":[{"name":"wp","href":"https:\/\/api.w.org\/{rel}","templated":true}]}}

KACSÓ Tibor, §

<p>Mv., 1931. febr. 7., † Mezőfele, 2003. okt. 1.: mérnök, gazdász. – Felesége: Kovács Katalin (1933–), esküvő (1956), válásra kényszerítették, majd újra összeházasodtak (1966). Gyermekeik: Levente Hunor (1957), Emese Erzsébet (1959), Lehel Gábor (1967–). – A mv.-i Ref. Koll.-ban tanult, Mv.-en a Mezőgazdasági Tanintézetben üzemmérnöki oklevelet szerzett (1950); géplakatos képesítést nyert (1981). Erdődön agronómus (1950); Csíksomlyón szakiskolai nevelő (1951–52); munkaszolgálatos (1953–54); Hargitafürdőn iskolaszolga, Csíkszeredán útépítésnél napszámos (1955), Csíksomlyón a Különleges Gazd. Isk. tanára (1955–59). Letartóztatták és koholt vádak alapján, „fegyveres szervezkedésért” 25 év kényszermunkára ítélék (1959. jún. 6.). Mv.-en volt vizsgálati fogságban, majd Szamosújvárra, végül a Dunadeltába vitték, ott raboskodott, amíg közkegyelemmel szabadult (1959–64. júl.). Szabadulása után gázóra-leolvasó, rakodómunkás (1965–66), a Mv.-en a Vetőmagtermesztő Váll., Agrosem, technikusa (1965–71); a gezsei állami gazdaságban (1971–74), a csávási kollektív gazdaságban (1977–78) dolgozott, Mezőfelében farmvezető (1971–74); a MgTSZ brigádosa (1976–78); Mv.-en a Prodcomplex vállalatban géplakatos nyugdíjazásáig (1980–90). Gondnoka és presbitere a mezőfelei ref. gyülekezetnek. Mezőfelében színjátszócsoport vezető, a hagyományőrző folklóregyüttes tagja, Hej hajlik a nád c. zenés műsorukat az RTV m. adása közvetítette. Tagja volt az IKE, ASIT, RMGE-nek. Cikkeit közölte az: Üzenet, Kisgazdák Lapja, Etrdélyi Híradó. Az Erdélyi 56-os Baráti Társaság örökös tiszteletbeli elnöke. Megkapta A Hazáért és Szabdságért 1956-os emlékérmet, A hazáért Érdemkeresztet, az 56-os Érdemkeresztet és a Magyarok Világszövetsége Érdemérmet. Visszaemlékezései kéziratban maradtak. <br /><strong>Irod.:</strong> 1956 Erdélyben; Akik imádkoztak 2.; KKACs; K. T.: Nevelő voltam Csíkban (Nú., 1995. febr. 8.); Maros megye; Tófalvi 5.</br></p>

<p>Mv., 1931. febr. 7., † Mezőfele, 2003. okt. 1.: mérnök, gazdász. – Felesége: Kovács Katalin (1933–), esküvő (1956), válásra kényszerítették, majd újra összeházasodtak (1966). Gyermekeik: Levente Hunor (1957), Emese Erzsébet (1959), Lehel Gábor (1967–). – A mv.-i Ref. Koll.-ban tanult, Mv.-en a Mezőgazdasági Tanintézetben üzemmérnöki oklevelet szerzett (1950); géplakatos képesítést nyert (1981). Erdődön agronómus (1950); [&hellip;]</p>
