{"id":11041,"date":"2025-06-29T13:39:57","date_gmt":"2025-06-29T11:39:57","guid":{"rendered":"https:\/\/uj.adatbank.ro\/lexikon\/termek\/kacziany-nandor\/"},"modified":"2025-06-29T13:39:57","modified_gmt":"2025-06-29T11:39:57","slug":"kacziany-nandor","status":"publish","type":"product","link":"https:\/\/uj.adatbank.ro\/lexikon\/termek\/kacziany-nandor\/","title":{"rendered":"KACZI\u00c1NY N\u00e1ndor"},"content":{"rendered":"<p>Mernyik, 1822. okt. 16., \u2020 Bp., 1908. m\u00e1rc. 2.: t\u00f6rv\u00e9nysz\u00e9ki b\u00edr\u00f3. \u2013 A gimn.-ot , b\u00f6lcseletet, jogot \u00e9s hittant az eperjesi Ev. Koll.-ban v\u00e9gezte. Jur\u00e1tus lett az eperjesi t\u00e1bl\u00e1n\u00e1l; letette a papi vizsg\u00e1t. Geszten pap \u00e9s Tisza Domokos nevel\u0151je. B\u00e9csben b\u00f6lcseleti mag\u00e1ntan\u00e1r (1846), emellett hallgatta a Politechniumban a fels\u0151 mat\u00e9zist \u00e9s geometri\u00e1t. N\u00e9met tan\u00e1r Nagyenyeden a Ref. Koll.-ban (1847). Fogalmaz\u00f3 volt az els\u0151 felel\u0151s m. Vall\u00e1s- \u00e9s K\u00f6zoktat\u00e1si Miniszt\u00e9riumban, majd a Had\u00fcgyminiszt\u00e9riumban (1948). A honv\u00e9ds\u00e9ggel a hadj\u00e1ratot v\u00e9gig k\u00fczd\u00f6tte a Vil\u00e1gosi fegyverlet\u00e9telig; Kv.-on a ker. b\u00edr\u00f3s\u00e1gn\u00e1l fogalmaz\u00f3 (1849). A nagyenyedi j\u00e1r\u00e1sb\u00edr\u00f3s\u00e1gon alb\u00edr\u00f3; letette a b\u00edr\u00f3i vizsg\u00e1t (1853). Jegyz\u0151 lett a gyulafeh\u00e9rv\u00e1ri, majd a sz\u00e1szv\u00e1rosi t\u00f6rv\u00e9nysz\u00e9ken (1854). Aradon b\u0171n\u00fcgyi b\u00edr\u00f3 (1855); Gyul\u00e1n megye-t\u00f6rv\u00e9nysz\u00e9ki tan\u00e1csos (1858), megint Aradra helyezt\u00e9k. Megv\u00e1lasztott\u00e1k Marossz\u00e9k k\u00e9pvisel\u0151test\u00fcleti tagj\u00e1nak (1861); \u00fajb\u00f3l Aradon, Gyul\u00e1n dolgozott, majd a szolnoki megye-t\u00f6rv\u00e9nysz\u00e9ken (1865), a debreceni ker\u00fcleti t\u00e1bl\u00e1n\u00e1l sajt\u00f3\u00fcgyi vizsg\u00e1l\u00f3b\u00edr\u00f3 (1867); a pesti sajt\u00f3b\u00edr\u00f3s\u00e1ghoz ker\u00fclt (1869\u2013); a budai t\u00f6rv\u00e9nysz\u00e9ken b\u00edr\u00f3, f\u0151leg b\u0171n\u00fcgyekkel foglalkozott (1872); nyugd\u00edjazt\u00e1k (1875). Ezut\u00e1n f\u0151leg az \u00e1llami p\u00e9nzjogot tanulm\u00e1nyozta. Kert\u00e9szettel is foglalkozott. Cikkeket \u00edrt az Alf\u00f6ld, Kert\u00e9sz Gazda, N\u00e9pkert\u00e9szet, Jogtudom\u00e1nyi Hetilap, Jogtudom\u00e1nyi K\u00f6zl\u00f6ny-ben. \u2013 <strong>F. m.:<\/strong> Alkotm\u00e1nyos \u00e9letad\u00f3 (Arad., 1861); A m. n\u00e9palkotm\u00e1ny v\u00e1zlata felel\u0151s miniszt\u00e9rummal \u00e9s megyei \u00f6nkom\u00e1nyzattal, k\u00f6zjogi szempontb\u00f3l tekintve (Arad, 1867); A gy\u00fcm\u00f6lcsfanyes\u00e9s (Debrecen, 1868); T\u00e1rsadalmi \u00e9szjog 1. f\u00fczet (Bp., 1873); Tantus-Valuta (Wien, 1865); Zur Regelung des Geld- M\u00fcnz- Bank- u. Zahlungswessen (Wien, 1889); Tisza- az aranyos \u2013 elk\u00e9sett akci\u00f3ja (Bp., 1890); A vil\u00e1gvaluta 12 pontja az \u00e1llami p\u00e9nzjog fejleszt\u00e9s\u00e9re (Bp., 1895); <strong>szerk.:<\/strong> A gy\u00fcm\u00f6lcsfa -teny\u00e9szt\u00e9s rendszere (Arad, 1865). <br \/><strong>Irod.:<\/strong> Kaczi\u00e1ny G\u00e9za: Pet\u0151fir\u0151l \u00e9s mestereir\u0151l (Bp., 1910); Szinnyei<\/br><\/p>\n","protected":false},"excerpt":{"rendered":"<p>Mernyik, 1822. okt. 16., \u2020 Bp., 1908. m\u00e1rc. 2.: t\u00f6rv\u00e9nysz\u00e9ki b\u00edr\u00f3. \u2013 A gimn.-ot , b\u00f6lcseletet, jogot \u00e9s hittant az eperjesi Ev. Koll.-ban v\u00e9gezte. Jur\u00e1tus lett az eperjesi t\u00e1bl\u00e1n\u00e1l; letette a papi vizsg\u00e1t. Geszten pap \u00e9s Tisza Domokos nevel\u0151je. B\u00e9csben b\u00f6lcseleti mag\u00e1ntan\u00e1r (1846), emellett hallgatta a Politechniumban a fels\u0151 mat\u00e9zist \u00e9s geometri\u00e1t. N\u00e9met tan\u00e1r Nagyenyeden [&hellip;]<\/p>\n","protected":false},"featured_media":0,"comment_status":"open","ping_status":"closed","template":"","meta":[],"product_brand":[],"product_cat":[137],"product_tag":[],"class_list":{"0":"post-11041","1":"product","2":"type-product","3":"status-publish","5":"product_cat-maros-megyei-eletrajzi-lexikon","7":"first","8":"instock","9":"shipping-taxable","10":"product-type-simple"},"_links":{"self":[{"href":"https:\/\/uj.adatbank.ro\/lexikon\/wp-json\/wp\/v2\/product\/11041","targetHints":{"allow":["GET"]}}],"collection":[{"href":"https:\/\/uj.adatbank.ro\/lexikon\/wp-json\/wp\/v2\/product"}],"about":[{"href":"https:\/\/uj.adatbank.ro\/lexikon\/wp-json\/wp\/v2\/types\/product"}],"replies":[{"embeddable":true,"href":"https:\/\/uj.adatbank.ro\/lexikon\/wp-json\/wp\/v2\/comments?post=11041"}],"wp:attachment":[{"href":"https:\/\/uj.adatbank.ro\/lexikon\/wp-json\/wp\/v2\/media?parent=11041"}],"wp:term":[{"taxonomy":"product_brand","embeddable":true,"href":"https:\/\/uj.adatbank.ro\/lexikon\/wp-json\/wp\/v2\/product_brand?post=11041"},{"taxonomy":"product_cat","embeddable":true,"href":"https:\/\/uj.adatbank.ro\/lexikon\/wp-json\/wp\/v2\/product_cat?post=11041"},{"taxonomy":"product_tag","embeddable":true,"href":"https:\/\/uj.adatbank.ro\/lexikon\/wp-json\/wp\/v2\/product_tag?post=11041"}],"curies":[{"name":"wp","href":"https:\/\/api.w.org\/{rel}","templated":true}]}}

KACZIÁNY Nándor

<p>Mernyik, 1822. okt. 16., † Bp., 1908. márc. 2.: törvényszéki bíró. – A gimn.-ot , bölcseletet, jogot és hittant az eperjesi Ev. Koll.-ban végezte. Jurátus lett az eperjesi táblánál; letette a papi vizsgát. Geszten pap és Tisza Domokos nevelője. Bécsben bölcseleti magántanár (1846), emellett hallgatta a Politechniumban a felső matézist és geometriát. Német tanár Nagyenyeden a Ref. Koll.-ban (1847). Fogalmazó volt az első felelős m. Vallás- és Közoktatási Minisztériumban, majd a Hadügyminisztériumban (1948). A honvédséggel a hadjáratot végig küzdötte a Világosi fegyverletételig; Kv.-on a ker. bíróságnál fogalmazó (1849). A nagyenyedi járásbíróságon albíró; letette a bírói vizsgát (1853). Jegyző lett a gyulafehérvári, majd a szászvárosi törvényszéken (1854). Aradon bűnügyi bíró (1855); Gyulán megye-törvényszéki tanácsos (1858), megint Aradra helyezték. Megválasztották Marosszék képviselőtestületi tagjának (1861); újból Aradon, Gyulán dolgozott, majd a szolnoki megye-törvényszéken (1865), a debreceni kerületi táblánál sajtóügyi vizsgálóbíró (1867); a pesti sajtóbírósághoz került (1869–); a budai törvényszéken bíró, főleg bűnügyekkel foglalkozott (1872); nyugdíjazták (1875). Ezután főleg az állami pénzjogot tanulmányozta. Kertészettel is foglalkozott. Cikkeket írt az Alföld, Kertész Gazda, Népkertészet, Jogtudományi Hetilap, Jogtudományi Közlöny-ben. – <strong>F. m.:</strong> Alkotmányos életadó (Arad., 1861); A m. népalkotmány vázlata felelős minisztérummal és megyei önkományzattal, közjogi szempontból tekintve (Arad, 1867); A gyümölcsfanyesés (Debrecen, 1868); Társadalmi észjog 1. füzet (Bp., 1873); Tantus-Valuta (Wien, 1865); Zur Regelung des Geld- Münz- Bank- u. Zahlungswessen (Wien, 1889); Tisza- az aranyos – elkésett akciója (Bp., 1890); A világvaluta 12 pontja az állami pénzjog fejlesztésére (Bp., 1895); <strong>szerk.:</strong> A gyümölcsfa -tenyésztés rendszere (Arad, 1865). <br /><strong>Irod.:</strong> Kacziány Géza: Petőfiről és mestereiről (Bp., 1910); Szinnyei</br></p>

<p>Mernyik, 1822. okt. 16., † Bp., 1908. márc. 2.: törvényszéki bíró. – A gimn.-ot , bölcseletet, jogot és hittant az eperjesi Ev. Koll.-ban végezte. Jurátus lett az eperjesi táblánál; letette a papi vizsgát. Geszten pap és Tisza Domokos nevelője. Bécsben bölcseleti magántanár (1846), emellett hallgatta a Politechniumban a felső matézist és geometriát. Német tanár Nagyenyeden [&hellip;]</p>
