{"id":11042,"date":"2025-06-29T13:39:59","date_gmt":"2025-06-29T11:39:59","guid":{"rendered":"https:\/\/uj.adatbank.ro\/lexikon\/termek\/kacziany-odon\/"},"modified":"2025-06-29T13:39:59","modified_gmt":"2025-06-29T11:39:59","slug":"kacziany-odon","status":"publish","type":"product","link":"https:\/\/uj.adatbank.ro\/lexikon\/termek\/kacziany-odon\/","title":{"rendered":"KACZI\u00c1NY \u00d6d\u00f6n"},"content":{"rendered":"<p>Mv., 1852. jan. 7., \u2020 Bp., 1933. jan. 10.: fest\u0151m\u0171v\u00e9sz, tan\u00e1r, K. N\u00e1ndor tan\u00e1cs\u00fcln\u00f6k fia. \u2013 Kv.-on, Aradon \u00e9s Bp.-en v\u00e9gezte a f\u0151gimn.-ot \u00e9s \u00e9retts\u00e9gizett. Barab\u00e1s Mikl\u00f3st\u00f3l kezdett fest\u00e9szetet tanulni \u00e9s akvarelleket k\u00e9sz\u00edtett; a m\u00fcncheni K\u00e9pz\u0151m\u0171v\u00e9szeti Akad. tanult (1869\u201370), majd a b\u00e9csi K\u00e9pz\u0151m\u0171v\u00e9szeti Akad. n\u00f6vend\u00e9ke volt (1870\u20131871); ism\u00e9t M\u00fcnchenben tanult (1873\u201374), P\u00e1rizsba az \u00c9cole des Beaux Arts n\u00f6vend\u00e9ke volt (1875) egy\u00fattal a Nemzeti H\u00edrlap levelez\u0151je is. Tan\u00e1r Zent\u00e1n (1876), Cegl\u00e9den (1877\u201380), Szegeden a m. kir. \u00c1llami F\u0151re\u00e1liskol\u00e1ban (1880\u201390); eg\u00e9szs\u00e9gi okokb\u00f3l szabads\u00e1golt\u00e1k, majd nyugd\u00edjazt\u00e1k (1890). Bp.-en fest\u0151m\u0171v\u00e9sz. R\u00f6vid ideig R\u00f3m\u00e1ban \u00e9lt. M\u0171vei hazai \u00e9s k\u00fclf\u00f6ldi ki\u00e1ll\u00edt\u00e1son nyertek elismer\u00e9st \u00e9s d\u00edjat: Ernst Lajos d\u00edjat (1904), Nemes Marcell d\u00edjat (1909); a Wahrmann-d\u00edjat \u00e9s a 4000 k. T\u00e1rsulati Nagyd\u00edjat (1909). M\u0171veib\u0151l a Nemzeti Szalon gy\u0171jtem\u00e9nyes (1906, 1921), a M\u0171csarnok \u00e9letm\u0171 ki\u00e1ll\u00edt\u00e1st (1932) rendezett. T\u00f6bb m\u0171ve a Sz\u00e9pm\u0171v\u00e9szeti M\u00fazeum \u00e9s a Sz\u00e9kesf\u0151v\u00e1ros, \u00f6narck\u00e9pe a M. T\u00f6rt. K\u00e9pcsarnok tulajdon\u00e1ban van; a Szegedi p\u00e1lyaudvar falk\u00e9peit is \u0151 festette. Mint illusztr\u00e1tor \u00e9s \u00edr\u00f3 is tev\u00e9keny munkat\u00e1rsa volt az id\u0151szaki sajt\u00f3nak. Cikkeit k\u00f6z\u00f6lte a: Pesti H\u00edrlap, Vas\u00e1rnapi \u00dajs\u00e1g, F\u0151v\u00e1rosi Lapok, Az \u00c9let, M. Szemle, Mo. \u00e9s a Nagyvil\u00e1g, Technische Mittheilung f\u00fcr Malerei, Az \u00c9n \u00dajs\u00e1gom, M. szemle, B. Napl\u00f3, M. G\u00e9niusz. Szegedi Napl\u00f3, M\u0171v\u00e9szet, Soproni Napl\u00f3, Vasm. \u00dajs\u00e1g, P. Lloyd, A H\u00e9t. \u2013 <strong>F. m.:<\/strong> Paraszth\u00e1zasp\u00e1r az orvosn\u00e1l (1879); Vita longa ars brevis (1885); \u00c9g\u0151 v\u00e1r; Egy k\u00e9rd\u00e9s; A Gell\u00e9rthegy \u00e9jf\u00e9lkor; A h\u00e1bor\u00fa f\u00fari\u00e1i \u00e9s a hal\u00e1l; Mors imper\u00e1tor; Mors peregrinusz; Nagyp\u00e9nteki v\u00edzi\u00f3; No n\u00e9zd az \u00f6reget!; \u00d3ce\u00e1nj\u00e1r\u00f3 \u00e9g\u00e9se; Pieta; A szegedi p\u00e1lyaudvar falik\u00e9pei; A szepes-g\u00f6rg\u0151i kast\u00e9ly k\u00e1poln\u00e1j\u00e1nak olt\u00e1rk\u00e9pe; Vizimalmok holdf\u00e9nyn\u00e9l; Veronika kend\u0151je; Golgotha; Nagyp\u00e9nteki v\u00edzi\u00f3 (1897); Z\u00e1rdaromok (1908); A leselked\u0151 (1909); V\u00edzimalom holdf\u00e9nyben; Neh\u00e9z \u00f3ra; A h\u00e1rom aj\u00e1nd\u00e9k; <strong>antol\u00f3g.:<\/strong> Orsz\u00e1g-Vil\u00e1g sz\u00e9pirodalmi k\u00e9pes hetilap: Szeren\u00e1d c. festm\u00e9nye (Bp., 1905); V\u00e9rz\u0151 Mo. (Bp., s. a.); ill.: Scossa Dezs\u0151: Amor verus; Abonyi \u00c1rp\u00e1d: Livansko polje; Adorj\u00e1n S\u00e1ndor: A gy\u0171l\u00f6lt asszony (Bp., 1893); Dessewffy Arisztid: F\u00e9lsz\u00e1zad m\u00falt\u00e1n. T\u00f6bbekkel (Bp. 1898); Miksz\u00e1th K\u00e1lm\u00e1n: Herceg Eszterh\u00e1zi Mikl\u00f3s tov\u00e1bbi kalandjai (Bp., 1898); Wohl Stef\u00e1nia: Aranyf\u00fcst (Bp., 1907); Be\u00f6thy Zsolt: K\u00e1l\u00f3zdi B\u00e9la 1\u20132 (Bp., 1908); ki\u00e1ll\u00edt\u00e1sai: M\u0171csarnok, Karvaly M\u00f3rral (Bp., 1895); \u00c9letm\u0171 (Bp., M\u0171csarnok, 1905); Nemzeti Szalon (Bp., 1906.); Gy\u0171jtem\u00e9nyes (Bp, Nemzeti Szalon, 1915); Bp. M\u0171csarnok (1932). Karlsruhe, Manheim, D\u00fcsseldorf (1920\u201321). <br \/><strong>Irod.:<\/strong> Akvarellek, pasztelek \u00e9s grafikai m\u0171vek nemzetk\u00f6zi ki\u00e1ll\u00edt\u00e1sa (Bp., 1909); Berzeviczy Albert: T\u00e1jk\u00e9pfest\u00e9s a XVIII. sz\u00e1zadban (Bp., 1910); Csisz\u00e1r B\u00e9la: K. \u00d6. hetven\u00f6t \u00e9ves (P\u00e1sztort\u0171z, 8. sz., 1927. \u00e1pr. 24.); D\u00e9ry B\u00e9la: Almanach (Bp., 1912); Divald Korn\u00e9l: M. m\u0171v\u00e9szett\u00f6rt\u00e9net (Bp., s. a.); \u00c9ber; F\u00fcl\u00f6p\u2013Ferencz; Guly\u00e1s; Hoffmann Edit: Az Orsz\u00e1gos M. Sz\u00e9pm\u0171v\u00e9szeti M\u00fazeum. A Grafikai oszt\u00e1ly ki\u00e1ll\u00edt\u00e1sa (Bp., 1940); M. m\u0171v\u00e9szk\u00e9pm\u00e1sok (Bp., 1931); Marosi-KZST; MKL; MNL; Modern m. fest\u0151m\u0171v\u00e9szek (Bp., s. a.); Moln\u00e1r; Petrovics Elek: M. mesterm\u0171vek (Bp., s. a.); RNL; R\u00daL; Simk\u00f3 J\u00f3zsef: A XIX sz. fest\u0151m\u0171v\u00e9szete (Bp., 1904); Szab\u00f3\u2013Simon\u2013Sz\u00f6gi; Szab\u00f3\u2013K\u00e1llai; Szana Tam\u00e1s: Sz\u00e1z \u00e9v a m. m\u0171v\u00e9szet t\u00f6rt\u00e9net\u00e9b\u0151l (Bp., 1901); Szinnyei; Szinnyei J.; Todea 2013; \u00daM\u00c9L<\/br><\/p>\n","protected":false},"excerpt":{"rendered":"<p>Mv., 1852. jan. 7., \u2020 Bp., 1933. jan. 10.: fest\u0151m\u0171v\u00e9sz, tan\u00e1r, K. N\u00e1ndor tan\u00e1cs\u00fcln\u00f6k fia. \u2013 Kv.-on, Aradon \u00e9s Bp.-en v\u00e9gezte a f\u0151gimn.-ot \u00e9s \u00e9retts\u00e9gizett. Barab\u00e1s Mikl\u00f3st\u00f3l kezdett fest\u00e9szetet tanulni \u00e9s akvarelleket k\u00e9sz\u00edtett; a m\u00fcncheni K\u00e9pz\u0151m\u0171v\u00e9szeti Akad. tanult (1869\u201370), majd a b\u00e9csi K\u00e9pz\u0151m\u0171v\u00e9szeti Akad. n\u00f6vend\u00e9ke volt (1870\u20131871); ism\u00e9t M\u00fcnchenben tanult (1873\u201374), P\u00e1rizsba az \u00c9cole des [&hellip;]<\/p>\n","protected":false},"featured_media":0,"comment_status":"open","ping_status":"closed","template":"","meta":[],"product_brand":[],"product_cat":[137],"product_tag":[],"class_list":{"0":"post-11042","1":"product","2":"type-product","3":"status-publish","5":"product_cat-maros-megyei-eletrajzi-lexikon","7":"first","8":"instock","9":"shipping-taxable","10":"product-type-simple"},"_links":{"self":[{"href":"https:\/\/uj.adatbank.ro\/lexikon\/wp-json\/wp\/v2\/product\/11042","targetHints":{"allow":["GET"]}}],"collection":[{"href":"https:\/\/uj.adatbank.ro\/lexikon\/wp-json\/wp\/v2\/product"}],"about":[{"href":"https:\/\/uj.adatbank.ro\/lexikon\/wp-json\/wp\/v2\/types\/product"}],"replies":[{"embeddable":true,"href":"https:\/\/uj.adatbank.ro\/lexikon\/wp-json\/wp\/v2\/comments?post=11042"}],"wp:attachment":[{"href":"https:\/\/uj.adatbank.ro\/lexikon\/wp-json\/wp\/v2\/media?parent=11042"}],"wp:term":[{"taxonomy":"product_brand","embeddable":true,"href":"https:\/\/uj.adatbank.ro\/lexikon\/wp-json\/wp\/v2\/product_brand?post=11042"},{"taxonomy":"product_cat","embeddable":true,"href":"https:\/\/uj.adatbank.ro\/lexikon\/wp-json\/wp\/v2\/product_cat?post=11042"},{"taxonomy":"product_tag","embeddable":true,"href":"https:\/\/uj.adatbank.ro\/lexikon\/wp-json\/wp\/v2\/product_tag?post=11042"}],"curies":[{"name":"wp","href":"https:\/\/api.w.org\/{rel}","templated":true}]}}

KACZIÁNY Ödön

<p>Mv., 1852. jan. 7., † Bp., 1933. jan. 10.: festőművész, tanár, K. Nándor tanácsülnök fia. – Kv.-on, Aradon és Bp.-en végezte a főgimn.-ot és érettségizett. Barabás Miklóstól kezdett festészetet tanulni és akvarelleket készített; a müncheni Képzőművészeti Akad. tanult (1869–70), majd a bécsi Képzőművészeti Akad. növendéke volt (1870–1871); ismét Münchenben tanult (1873–74), Párizsba az École des Beaux Arts növendéke volt (1875) egyúttal a Nemzeti Hírlap levelezője is. Tanár Zentán (1876), Cegléden (1877–80), Szegeden a m. kir. Állami Főreáliskolában (1880–90); egészségi okokból szabadságolták, majd nyugdíjazták (1890). Bp.-en festőművész. Rövid ideig Rómában élt. Művei hazai és külföldi kiállításon nyertek elismerést és díjat: Ernst Lajos díjat (1904), Nemes Marcell díjat (1909); a Wahrmann-díjat és a 4000 k. Társulati Nagydíjat (1909). Műveiből a Nemzeti Szalon gyűjteményes (1906, 1921), a Műcsarnok életmű kiállítást (1932) rendezett. Több műve a Szépművészeti Múzeum és a Székesfőváros, önarcképe a M. Tört. Képcsarnok tulajdonában van; a Szegedi pályaudvar falképeit is ő festette. Mint illusztrátor és író is tevékeny munkatársa volt az időszaki sajtónak. Cikkeit közölte a: Pesti Hírlap, Vasárnapi Újság, Fővárosi Lapok, Az Élet, M. Szemle, Mo. és a Nagyvilág, Technische Mittheilung für Malerei, Az Én Újságom, M. szemle, B. Napló, M. Géniusz. Szegedi Napló, Művészet, Soproni Napló, Vasm. Újság, P. Lloyd, A Hét. – <strong>F. m.:</strong> Parasztházaspár az orvosnál (1879); Vita longa ars brevis (1885); Égő vár; Egy kérdés; A Gellérthegy éjfélkor; A háború fúriái és a halál; Mors imperátor; Mors peregrinusz; Nagypénteki vízió; No nézd az öreget!; Óceánjáró égése; Pieta; A szegedi pályaudvar faliképei; A szepes-görgői kastély kápolnájának oltárképe; Vizimalmok holdfénynél; Veronika kendője; Golgotha; Nagypénteki vízió (1897); Zárdaromok (1908); A leselkedő (1909); Vízimalom holdfényben; Nehéz óra; A három ajándék; <strong>antológ.:</strong> Ország-Világ szépirodalmi képes hetilap: Szerenád c. festménye (Bp., 1905); Vérző Mo. (Bp., s. a.); ill.: Scossa Dezső: Amor verus; Abonyi Árpád: Livansko polje; Adorján Sándor: A gyűlölt asszony (Bp., 1893); Dessewffy Arisztid: Félszázad múltán. Többekkel (Bp. 1898); Mikszáth Kálmán: Herceg Eszterházi Miklós további kalandjai (Bp., 1898); Wohl Stefánia: Aranyfüst (Bp., 1907); Beöthy Zsolt: Kálózdi Béla 1–2 (Bp., 1908); kiállításai: Műcsarnok, Karvaly Mórral (Bp., 1895); Életmű (Bp., Műcsarnok, 1905); Nemzeti Szalon (Bp., 1906.); Gyűjteményes (Bp, Nemzeti Szalon, 1915); Bp. Műcsarnok (1932). Karlsruhe, Manheim, Düsseldorf (1920–21). <br /><strong>Irod.:</strong> Akvarellek, pasztelek és grafikai művek nemzetközi kiállítása (Bp., 1909); Berzeviczy Albert: Tájképfestés a XVIII. században (Bp., 1910); Csiszár Béla: K. Ö. hetvenöt éves (Pásztortűz, 8. sz., 1927. ápr. 24.); Déry Béla: Almanach (Bp., 1912); Divald Kornél: M. művészettörténet (Bp., s. a.); Éber; Fülöp–Ferencz; Gulyás; Hoffmann Edit: Az Országos M. Szépművészeti Múzeum. A Grafikai osztály kiállítása (Bp., 1940); M. művészképmások (Bp., 1931); Marosi-KZST; MKL; MNL; Modern m. festőművészek (Bp., s. a.); Molnár; Petrovics Elek: M. mesterművek (Bp., s. a.); RNL; RÚL; Simkó József: A XIX sz. festőművészete (Bp., 1904); Szabó–Simon–Szögi; Szabó–Kállai; Szana Tamás: Száz év a m. művészet történetéből (Bp., 1901); Szinnyei; Szinnyei J.; Todea 2013; ÚMÉL</br></p>

<p>Mv., 1852. jan. 7., † Bp., 1933. jan. 10.: festőművész, tanár, K. Nándor tanácsülnök fia. – Kv.-on, Aradon és Bp.-en végezte a főgimn.-ot és érettségizett. Barabás Miklóstól kezdett festészetet tanulni és akvarelleket készített; a müncheni Képzőművészeti Akad. tanult (1869–70), majd a bécsi Képzőművészeti Akad. növendéke volt (1870–1871); ismét Münchenben tanult (1873–74), Párizsba az École des [&hellip;]</p>
