{"id":11044,"date":"2025-06-29T13:40:03","date_gmt":"2025-06-29T11:40:03","guid":{"rendered":"https:\/\/uj.adatbank.ro\/lexikon\/termek\/kadar-adolf-%c2%a7\/"},"modified":"2025-06-29T13:40:03","modified_gmt":"2025-06-29T11:40:03","slug":"kadar-adolf-%c2%a7","status":"publish","type":"product","link":"https:\/\/uj.adatbank.ro\/lexikon\/termek\/kadar-adolf-%c2%a7\/","title":{"rendered":"K\u00c1D\u00c1R Adolf, \u00a7"},"content":{"rendered":"<p>Marosv\u00e9cs, 1876., \u2020 ? : fakeresked\u0151. \u2013 Iskol\u00e1it Sz\u00e1szr\u00e9genben \u00e9s Mv.-en v\u00e9gezte. Bevonult a mv.-i 62. gy. ezredhez (1914. aug. &#8211; 18. nov.), a szerb, montenegr\u00f3i \u00e9s az alb\u00e1n fronton harcolt, mint t\u00e1v\u00edr\u00e1sz \u0151rmester. <strong>Kit\u00fcntet\u00e9sei:<\/strong> Ob, K\u00e1roly cs. k. \u00f6n\u00e1ll\u00f3 fakeresked\u0151 Mv.-en (1919\u2013). Minden kultur\u00e1lis \u00e9s hazafias egyes\u00fcletet t\u00e1mogatott. Mv.-r\u0151l deport\u00e1lt\u00e1k (1944. m\u00e1j. 29.). <br \/><strong>Irod.:<\/strong> Mv. zsid\u00f3s\u00e1ga; M. hadviselt zsid\u00f3k; Sz\u00e9kelyf\u00f6ld \u00ed. k.<\/br><\/p>\n","protected":false},"excerpt":{"rendered":"<p>Marosv\u00e9cs, 1876., \u2020 ? : fakeresked\u0151. \u2013 Iskol\u00e1it Sz\u00e1szr\u00e9genben \u00e9s Mv.-en v\u00e9gezte. Bevonult a mv.-i 62. gy. ezredhez (1914. aug. &#8211; 18. nov.), a szerb, montenegr\u00f3i \u00e9s az alb\u00e1n fronton harcolt, mint t\u00e1v\u00edr\u00e1sz \u0151rmester. Kit\u00fcntet\u00e9sei: Ob, K\u00e1roly cs. k. \u00f6n\u00e1ll\u00f3 fakeresked\u0151 Mv.-en (1919\u2013). Minden kultur\u00e1lis \u00e9s hazafias egyes\u00fcletet t\u00e1mogatott. Mv.-r\u0151l deport\u00e1lt\u00e1k (1944. m\u00e1j. 29.). Irod.: [&hellip;]<\/p>\n","protected":false},"featured_media":0,"comment_status":"open","ping_status":"closed","template":"","meta":[],"product_brand":[],"product_cat":[137],"product_tag":[],"class_list":{"0":"post-11044","1":"product","2":"type-product","3":"status-publish","5":"product_cat-maros-megyei-eletrajzi-lexikon","7":"first","8":"instock","9":"shipping-taxable","10":"product-type-simple"},"_links":{"self":[{"href":"https:\/\/uj.adatbank.ro\/lexikon\/wp-json\/wp\/v2\/product\/11044","targetHints":{"allow":["GET"]}}],"collection":[{"href":"https:\/\/uj.adatbank.ro\/lexikon\/wp-json\/wp\/v2\/product"}],"about":[{"href":"https:\/\/uj.adatbank.ro\/lexikon\/wp-json\/wp\/v2\/types\/product"}],"replies":[{"embeddable":true,"href":"https:\/\/uj.adatbank.ro\/lexikon\/wp-json\/wp\/v2\/comments?post=11044"}],"wp:attachment":[{"href":"https:\/\/uj.adatbank.ro\/lexikon\/wp-json\/wp\/v2\/media?parent=11044"}],"wp:term":[{"taxonomy":"product_brand","embeddable":true,"href":"https:\/\/uj.adatbank.ro\/lexikon\/wp-json\/wp\/v2\/product_brand?post=11044"},{"taxonomy":"product_cat","embeddable":true,"href":"https:\/\/uj.adatbank.ro\/lexikon\/wp-json\/wp\/v2\/product_cat?post=11044"},{"taxonomy":"product_tag","embeddable":true,"href":"https:\/\/uj.adatbank.ro\/lexikon\/wp-json\/wp\/v2\/product_tag?post=11044"}],"curies":[{"name":"wp","href":"https:\/\/api.w.org\/{rel}","templated":true}]}}

KÁDÁR Adolf, §

<p>Marosvécs, 1876., † ? : fakereskedő. – Iskoláit Szászrégenben és Mv.-en végezte. Bevonult a mv.-i 62. gy. ezredhez (1914. aug. &#8211; 18. nov.), a szerb, montenegrói és az albán fronton harcolt, mint távírász őrmester. <strong>Kitüntetései:</strong> Ob, Károly cs. k. önálló fakereskedő Mv.-en (1919–). Minden kulturális és hazafias egyesületet támogatott. Mv.-ről deportálták (1944. máj. 29.). <br /><strong>Irod.:</strong> Mv. zsidósága; M. hadviselt zsidók; Székelyföld í. k.</br></p>

<p>Marosvécs, 1876., † ? : fakereskedő. – Iskoláit Szászrégenben és Mv.-en végezte. Bevonult a mv.-i 62. gy. ezredhez (1914. aug. &#8211; 18. nov.), a szerb, montenegrói és az albán fronton harcolt, mint távírász őrmester. Kitüntetései: Ob, Károly cs. k. önálló fakereskedő Mv.-en (1919–). Minden kulturális és hazafias egyesületet támogatott. Mv.-ről deportálták (1944. máj. 29.). Irod.: [&hellip;]</p>
