{"id":11047,"date":"2025-06-29T13:40:08","date_gmt":"2025-06-29T11:40:08","guid":{"rendered":"https:\/\/uj.adatbank.ro\/lexikon\/termek\/kadar-antal-%c2%a7-katyo-anton-cadar\/"},"modified":"2025-06-29T13:40:08","modified_gmt":"2025-06-29T11:40:08","slug":"kadar-antal-%c2%a7-katyo-anton-cadar","status":"publish","type":"product","link":"https:\/\/uj.adatbank.ro\/lexikon\/termek\/kadar-antal-%c2%a7-katyo-anton-cadar\/","title":{"rendered":"K\u00c1D\u00c1R Antal, \u00a7 Katy\u00f3, Anton Cadar"},"content":{"rendered":"<p>Mv., 1941. jan. 17., \u2020 Mv., 1989. aug. 4.: torn\u00e1sz, edz\u0151, testnevel\u0151 tan\u00e1r. \u2013 Testv\u00e9rei: Albert, Jen\u0151, Ferenc, S\u00e1ndor, Magdolna, Ibolya. Feles\u00e9ge: Ferencz Borb\u00e1la. Fiaik: Zolt\u00e1n \u00e9s Bal\u00e1zs. \u2013 A Lend\u00fclet-Sim\u00f3 G\u00e9za klubn\u00e1l kezdte torn\u00e1sz p\u00e1lyafut\u00e1s\u00e1t (1950-es \u00e9vekben), Gedeon Zolt\u00e1n ir\u00e1ny\u00edt\u00e1s\u00e1val. M\u00e1r a mv.-i f\u00e9rfi torn\u00e1szcsapat tagjak\u00e9nt egy\u00fctt: k\u00e9t testv\u00e9r\u00e9vel \u00e9s a v\u00e1s\u00e1rhelyi f\u00e9rfi torn\u00e1szokkal: K\u00e1d\u00e1r Jen\u0151, K\u00e1d\u00e1r Ferenc, Barab\u00e1s Ferenc, Markos Ferenc, Berenescu Emilian, L\u00e1szl\u00f3 Attila, S\u00e1ja J\u00f3zseffel v\u00e9geztek az els\u0151 hely\u00e9rt \u00e9s megkapt\u00e1k a V\u00e1rosok Kup\u00e1j\u00e1t Nagyv\u00e1radon, legy\u0151zve Arad, Kv., Temesv\u00e1r, Nagyv\u00e1radot. \u00d6tsz\u00f6r volt ifj\u00fas\u00e1gi orsz\u00e1gos bajnok (1956\u201359). A buk.-i Dinamo sportol\u00f3ja lett (1960\u2013), ekkor Anton Cadar n\u00e9ven. Torn\u00e1szk\u00e9nt a hazai bajnoks\u00e1gban a h\u00e9t lehets\u00e9ges arany\u00e9remb\u0151l hatot szezett meg (1963), majd m\u00e9g h\u00e1romszor volt egy\u00e9ni orsz\u00e1gos bajnok (1964, 1967 \u00e9s 1970-ben). Eg\u00e9sz p\u00e1lyafut\u00e1sa alkalm\u00e1val 26-szoros orsz\u00e1gos egy\u00e9ni \u00e9s csapatbajnoks\u00e1gon bajnoki c\u00edmet \u00e9rt el, f\u00f6leg korl\u00e1ton, l\u00f3ugr\u00e1sban \u00e9s gy\u0171r\u0171n, impon\u00e1l\u00f3 f\u00f6l\u00e9nnyel szerezte meg a gy\u0151zelmet. V\u00e1logatott sportol\u00f3k\u00e9nt t\u00f6bb mint h\u00fasz hivatalos versenyen k\u00e9pviselte Rom\u00e1ni\u00e1t k\u00fclf\u00f6ld\u00f6n, nemzetk\u00f6zi torn\u00e1sz versenyeken, NDK, N\u00e9met-, Francia-, Spanyol, Bu0lg\u00e1r, Magyar, Cseh, Lengyel, Mexik\u00f3ban, R\u00e9szt vett Tokioban az olimpi\u00e1n (1964), a temperei Eur\u00f3pa bajnoks\u00e1gon (1967). Mikor abbahagyta az akt\u00edv sportol\u00e1st, visszat\u00e9rt Mv. -re (1972\u2013). \u00c9lete v\u00e9g\u00e9ig tornatan\u00e1r a sportiskol\u00e1ban (1972\u20131989), edz\u0151je k\u00e9t csapatnak, akik az ir\u00e1ny\u00edt\u00e1sa alatt lettek ez\u00fcst\u00e9rmesek \u00e9s n\u00e9h\u00e1ny torn\u00e1sz beker\u00fclt a v\u00e1logatott csapatba. A sportiskola Gedeon Zolt\u00e1n tan\u00e1r eml\u00e9k\u00e9re rendezett Gedeon-kup\u00e1t (1977\u2013), ez a rendezv\u00e9ny vette fel a K\u00e1d\u00e1r Antal eml\u00e9kverseny nevet, amely nemzetk\u00f6zi ifj\u00fas\u00e1gi f\u00e9rfi torn\u00e1szverseny (1990\u2013). <br \/><strong>Irod.:<\/strong> Czimbalmos Ferenc Attila: K\u00e1d\u00e1r Antal 80 \u00e9ves lenne (N\u00fa., 2021. j\u00fan. 7.); Id\u0151t\u00e1r 4.; K\u00e1d\u00e1r Zolt\u00e1n: K. A. \u2013 szubjekt\u00edv eml\u00e9kez\u00e9s (V\u00e1s\u00e1rhelyi H\u00edrlap, 2009. aug. 4.); K\u00e1d\u00e1r Zolt\u00e1n: K. A. (N\u00fa., 2009. aug. 4.); Kl\u00f3sz-Tolok\u00e1n; Mv. t\u00f6rt. 2.; [Nekrol\u00f3g] (V. Z., 1989. aug. 5.); Vajda Gy\u00f6rgy: K. A. eml\u00e9kverseny (N\u00fa., 1995. m\u00e1j. 5.)<\/br><\/p>\n","protected":false},"excerpt":{"rendered":"<p>Mv., 1941. jan. 17., \u2020 Mv., 1989. aug. 4.: torn\u00e1sz, edz\u0151, testnevel\u0151 tan\u00e1r. \u2013 Testv\u00e9rei: Albert, Jen\u0151, Ferenc, S\u00e1ndor, Magdolna, Ibolya. Feles\u00e9ge: Ferencz Borb\u00e1la. Fiaik: Zolt\u00e1n \u00e9s Bal\u00e1zs. \u2013 A Lend\u00fclet-Sim\u00f3 G\u00e9za klubn\u00e1l kezdte torn\u00e1sz p\u00e1lyafut\u00e1s\u00e1t (1950-es \u00e9vekben), Gedeon Zolt\u00e1n ir\u00e1ny\u00edt\u00e1s\u00e1val. M\u00e1r a mv.-i f\u00e9rfi torn\u00e1szcsapat tagjak\u00e9nt egy\u00fctt: k\u00e9t testv\u00e9r\u00e9vel \u00e9s a v\u00e1s\u00e1rhelyi f\u00e9rfi torn\u00e1szokkal: [&hellip;]<\/p>\n","protected":false},"featured_media":0,"comment_status":"open","ping_status":"closed","template":"","meta":[],"product_brand":[],"product_cat":[137],"product_tag":[],"class_list":{"0":"post-11047","1":"product","2":"type-product","3":"status-publish","5":"product_cat-maros-megyei-eletrajzi-lexikon","7":"first","8":"instock","9":"shipping-taxable","10":"product-type-simple"},"_links":{"self":[{"href":"https:\/\/uj.adatbank.ro\/lexikon\/wp-json\/wp\/v2\/product\/11047","targetHints":{"allow":["GET"]}}],"collection":[{"href":"https:\/\/uj.adatbank.ro\/lexikon\/wp-json\/wp\/v2\/product"}],"about":[{"href":"https:\/\/uj.adatbank.ro\/lexikon\/wp-json\/wp\/v2\/types\/product"}],"replies":[{"embeddable":true,"href":"https:\/\/uj.adatbank.ro\/lexikon\/wp-json\/wp\/v2\/comments?post=11047"}],"wp:attachment":[{"href":"https:\/\/uj.adatbank.ro\/lexikon\/wp-json\/wp\/v2\/media?parent=11047"}],"wp:term":[{"taxonomy":"product_brand","embeddable":true,"href":"https:\/\/uj.adatbank.ro\/lexikon\/wp-json\/wp\/v2\/product_brand?post=11047"},{"taxonomy":"product_cat","embeddable":true,"href":"https:\/\/uj.adatbank.ro\/lexikon\/wp-json\/wp\/v2\/product_cat?post=11047"},{"taxonomy":"product_tag","embeddable":true,"href":"https:\/\/uj.adatbank.ro\/lexikon\/wp-json\/wp\/v2\/product_tag?post=11047"}],"curies":[{"name":"wp","href":"https:\/\/api.w.org\/{rel}","templated":true}]}}

KÁDÁR Antal, § Katyó, Anton Cadar

<p>Mv., 1941. jan. 17., † Mv., 1989. aug. 4.: tornász, edző, testnevelő tanár. – Testvérei: Albert, Jenő, Ferenc, Sándor, Magdolna, Ibolya. Felesége: Ferencz Borbála. Fiaik: Zoltán és Balázs. – A Lendület-Simó Géza klubnál kezdte tornász pályafutását (1950-es években), Gedeon Zoltán irányításával. Már a mv.-i férfi tornászcsapat tagjaként együtt: két testvérével és a vásárhelyi férfi tornászokkal: Kádár Jenő, Kádár Ferenc, Barabás Ferenc, Markos Ferenc, Berenescu Emilian, László Attila, Sája Józseffel végeztek az első helyért és megkapták a Városok Kupáját Nagyváradon, legyőzve Arad, Kv., Temesvár, Nagyváradot. Ötször volt ifjúsági országos bajnok (1956–59). A buk.-i Dinamo sportolója lett (1960–), ekkor Anton Cadar néven. Tornászként a hazai bajnokságban a hét lehetséges aranyéremből hatot szezett meg (1963), majd még háromszor volt egyéni országos bajnok (1964, 1967 és 1970-ben). Egész pályafutása alkalmával 26-szoros országos egyéni és csapatbajnokságon bajnoki címet ért el, föleg korláton, lóugrásban és gyűrűn, imponáló fölénnyel szerezte meg a győzelmet. Válogatott sportolóként több mint húsz hivatalos versenyen képviselte Romániát külföldön, nemzetközi tornász versenyeken, NDK, Német-, Francia-, Spanyol, Bu0lgár, Magyar, Cseh, Lengyel, Mexikóban, Részt vett Tokioban az olimpián (1964), a temperei Európa bajnokságon (1967). Mikor abbahagyta az aktív sportolást, visszatért Mv. -re (1972–). Élete végéig tornatanár a sportiskolában (1972–1989), edzője két csapatnak, akik az irányítása alatt lettek ezüstérmesek és néhány tornász bekerült a válogatott csapatba. A sportiskola Gedeon Zoltán tanár emlékére rendezett Gedeon-kupát (1977–), ez a rendezvény vette fel a Kádár Antal emlékverseny nevet, amely nemzetközi ifjúsági férfi tornászverseny (1990–). <br /><strong>Irod.:</strong> Czimbalmos Ferenc Attila: Kádár Antal 80 éves lenne (Nú., 2021. jún. 7.); Időtár 4.; Kádár Zoltán: K. A. – szubjektív emlékezés (Vásárhelyi Hírlap, 2009. aug. 4.); Kádár Zoltán: K. A. (Nú., 2009. aug. 4.); Klósz-Tolokán; Mv. tört. 2.; [Nekrológ] (V. Z., 1989. aug. 5.); Vajda György: K. A. emlékverseny (Nú., 1995. máj. 5.)</br></p>

<p>Mv., 1941. jan. 17., † Mv., 1989. aug. 4.: tornász, edző, testnevelő tanár. – Testvérei: Albert, Jenő, Ferenc, Sándor, Magdolna, Ibolya. Felesége: Ferencz Borbála. Fiaik: Zoltán és Balázs. – A Lendület-Simó Géza klubnál kezdte tornász pályafutását (1950-es években), Gedeon Zoltán irányításával. Már a mv.-i férfi tornászcsapat tagjaként együtt: két testvérével és a vásárhelyi férfi tornászokkal: [&hellip;]</p>
