{"id":11048,"date":"2025-06-29T13:40:09","date_gmt":"2025-06-29T11:40:09","guid":{"rendered":"https:\/\/uj.adatbank.ro\/lexikon\/termek\/kadar-david-kohn-david\/"},"modified":"2025-06-29T13:40:09","modified_gmt":"2025-06-29T11:40:09","slug":"kadar-david-kohn-david","status":"publish","type":"product","link":"https:\/\/uj.adatbank.ro\/lexikon\/termek\/kadar-david-kohn-david\/","title":{"rendered":"K\u00c1D\u00c1R D\u00e1vid, Kohn David"},"content":{"rendered":"<p>Marosv\u00e9cs, 1872. \u00e1pr. 15., \u2020 Bp., 1929.: tan\u00e1r. \u2013 Elemi iskolai tan\u00edt\u00f3 (1895); Bp.-en a Rottenbiller P. Fi\u00faiskola tan\u00e1ra (1906\u2013), amelynek ut\u00f3bb igazgat\u00f3ja is lett. \u00c1lland\u00f3 munkat\u00e1rsa a Darwin \u00e9s a Term\u00e9szettud. K\u00f6zlem\u00e9ny-nek. <br \/><strong>Irod.:<\/strong> Guly\u00e1s<\/br><\/p>\n","protected":false},"excerpt":{"rendered":"<p>Marosv\u00e9cs, 1872. \u00e1pr. 15., \u2020 Bp., 1929.: tan\u00e1r. \u2013 Elemi iskolai tan\u00edt\u00f3 (1895); Bp.-en a Rottenbiller P. Fi\u00faiskola tan\u00e1ra (1906\u2013), amelynek ut\u00f3bb igazgat\u00f3ja is lett. \u00c1lland\u00f3 munkat\u00e1rsa a Darwin \u00e9s a Term\u00e9szettud. K\u00f6zlem\u00e9ny-nek. Irod.: Guly\u00e1s<\/p>\n","protected":false},"featured_media":0,"comment_status":"open","ping_status":"closed","template":"","meta":[],"product_brand":[],"product_cat":[137],"product_tag":[],"class_list":{"0":"post-11048","1":"product","2":"type-product","3":"status-publish","5":"product_cat-maros-megyei-eletrajzi-lexikon","7":"first","8":"instock","9":"shipping-taxable","10":"product-type-simple"},"_links":{"self":[{"href":"https:\/\/uj.adatbank.ro\/lexikon\/wp-json\/wp\/v2\/product\/11048","targetHints":{"allow":["GET"]}}],"collection":[{"href":"https:\/\/uj.adatbank.ro\/lexikon\/wp-json\/wp\/v2\/product"}],"about":[{"href":"https:\/\/uj.adatbank.ro\/lexikon\/wp-json\/wp\/v2\/types\/product"}],"replies":[{"embeddable":true,"href":"https:\/\/uj.adatbank.ro\/lexikon\/wp-json\/wp\/v2\/comments?post=11048"}],"wp:attachment":[{"href":"https:\/\/uj.adatbank.ro\/lexikon\/wp-json\/wp\/v2\/media?parent=11048"}],"wp:term":[{"taxonomy":"product_brand","embeddable":true,"href":"https:\/\/uj.adatbank.ro\/lexikon\/wp-json\/wp\/v2\/product_brand?post=11048"},{"taxonomy":"product_cat","embeddable":true,"href":"https:\/\/uj.adatbank.ro\/lexikon\/wp-json\/wp\/v2\/product_cat?post=11048"},{"taxonomy":"product_tag","embeddable":true,"href":"https:\/\/uj.adatbank.ro\/lexikon\/wp-json\/wp\/v2\/product_tag?post=11048"}],"curies":[{"name":"wp","href":"https:\/\/api.w.org\/{rel}","templated":true}]}}