{"id":11051,"date":"2025-06-29T13:40:19","date_gmt":"2025-06-29T11:40:19","guid":{"rendered":"https:\/\/uj.adatbank.ro\/lexikon\/termek\/kadar-ferenc-2\/"},"modified":"2025-06-29T13:40:19","modified_gmt":"2025-06-29T11:40:19","slug":"kadar-ferenc-2","status":"publish","type":"product","link":"https:\/\/uj.adatbank.ro\/lexikon\/termek\/kadar-ferenc-2\/","title":{"rendered":"K\u00c1D\u00c1R Ferenc"},"content":{"rendered":"<p>S\u00e1romberke, 1891., \u2020 ?: vend\u00e9gl\u0151s, gondnok. \u2013 \u00c9desapja tan\u00edtotta gazd\u00e1lkodni, \u00f6n\u00e1ll\u00f3 (1919\u2013). Az els\u0151 vh.-ban a 62. k\u00f6z\u00f6s gy. e.-ban az orosz fronton harcolt, megsebes\u00fclt, a bronz v. \u00e9. -mel t\u00fcntett\u00e9k ki. A ref. egyh\u00e1z gondnoka (1931\u2013), a Tejsz\u00f6vetkezet ig. tagja, p\u00e9nzt\u00e1rosa volt. Vend\u00e9gl\u0151je volt S\u00e1romberk\u00e9n (1943\u2013). <br \/><strong>Irod.:<\/strong> Erd\u00e9lyi v\u00e1rmegy\u00e9k; Sz\u00e9kelyf\u00f6ld \u00ed. k<\/br><\/p>\n","protected":false},"excerpt":{"rendered":"<p>S\u00e1romberke, 1891., \u2020 ?: vend\u00e9gl\u0151s, gondnok. \u2013 \u00c9desapja tan\u00edtotta gazd\u00e1lkodni, \u00f6n\u00e1ll\u00f3 (1919\u2013). Az els\u0151 vh.-ban a 62. k\u00f6z\u00f6s gy. e.-ban az orosz fronton harcolt, megsebes\u00fclt, a bronz v. \u00e9. -mel t\u00fcntett\u00e9k ki. A ref. egyh\u00e1z gondnoka (1931\u2013), a Tejsz\u00f6vetkezet ig. tagja, p\u00e9nzt\u00e1rosa volt. Vend\u00e9gl\u0151je volt S\u00e1romberk\u00e9n (1943\u2013). Irod.: Erd\u00e9lyi v\u00e1rmegy\u00e9k; Sz\u00e9kelyf\u00f6ld \u00ed. k<\/p>\n","protected":false},"featured_media":0,"comment_status":"open","ping_status":"closed","template":"","meta":[],"product_brand":[],"product_cat":[137],"product_tag":[],"class_list":{"0":"post-11051","1":"product","2":"type-product","3":"status-publish","5":"product_cat-maros-megyei-eletrajzi-lexikon","7":"first","8":"instock","9":"shipping-taxable","10":"product-type-simple"},"_links":{"self":[{"href":"https:\/\/uj.adatbank.ro\/lexikon\/wp-json\/wp\/v2\/product\/11051","targetHints":{"allow":["GET"]}}],"collection":[{"href":"https:\/\/uj.adatbank.ro\/lexikon\/wp-json\/wp\/v2\/product"}],"about":[{"href":"https:\/\/uj.adatbank.ro\/lexikon\/wp-json\/wp\/v2\/types\/product"}],"replies":[{"embeddable":true,"href":"https:\/\/uj.adatbank.ro\/lexikon\/wp-json\/wp\/v2\/comments?post=11051"}],"wp:attachment":[{"href":"https:\/\/uj.adatbank.ro\/lexikon\/wp-json\/wp\/v2\/media?parent=11051"}],"wp:term":[{"taxonomy":"product_brand","embeddable":true,"href":"https:\/\/uj.adatbank.ro\/lexikon\/wp-json\/wp\/v2\/product_brand?post=11051"},{"taxonomy":"product_cat","embeddable":true,"href":"https:\/\/uj.adatbank.ro\/lexikon\/wp-json\/wp\/v2\/product_cat?post=11051"},{"taxonomy":"product_tag","embeddable":true,"href":"https:\/\/uj.adatbank.ro\/lexikon\/wp-json\/wp\/v2\/product_tag?post=11051"}],"curies":[{"name":"wp","href":"https:\/\/api.w.org\/{rel}","templated":true}]}}