{"id":11054,"date":"2025-06-29T13:40:25","date_gmt":"2025-06-29T11:40:25","guid":{"rendered":"https:\/\/uj.adatbank.ro\/lexikon\/termek\/kadar-ferenc-5\/"},"modified":"2025-06-29T13:40:25","modified_gmt":"2025-06-29T11:40:25","slug":"kadar-ferenc-5","status":"publish","type":"product","link":"https:\/\/uj.adatbank.ro\/lexikon\/termek\/kadar-ferenc-5\/","title":{"rendered":"K\u00c1D\u00c1R Ferenc"},"content":{"rendered":"<p>Sz\u00e1szr\u00e9gen, 1913. aug. 16. \u2020 ? : katona. \u2013 A m. hadsereg k\u00f6tel\u00e9k\u00e9ben r\u00e9szt vett a II. vh. harcaiban (1944. m\u00e1rc. 30. \u2013 okt. 13.), majd szovjet fogs\u00e1gba esett (1944. dec. 12-ig). <br \/><strong>Irod.:<\/strong> Reghin, militari<\/br><\/p>\n","protected":false},"excerpt":{"rendered":"<p>Sz\u00e1szr\u00e9gen, 1913. aug. 16. \u2020 ? : katona. \u2013 A m. hadsereg k\u00f6tel\u00e9k\u00e9ben r\u00e9szt vett a II. vh. harcaiban (1944. m\u00e1rc. 30. \u2013 okt. 13.), majd szovjet fogs\u00e1gba esett (1944. dec. 12-ig). Irod.: Reghin, militari<\/p>\n","protected":false},"featured_media":0,"comment_status":"open","ping_status":"closed","template":"","meta":[],"product_brand":[],"product_cat":[137],"product_tag":[],"class_list":{"0":"post-11054","1":"product","2":"type-product","3":"status-publish","5":"product_cat-maros-megyei-eletrajzi-lexikon","7":"first","8":"instock","9":"shipping-taxable","10":"product-type-simple"},"_links":{"self":[{"href":"https:\/\/uj.adatbank.ro\/lexikon\/wp-json\/wp\/v2\/product\/11054","targetHints":{"allow":["GET"]}}],"collection":[{"href":"https:\/\/uj.adatbank.ro\/lexikon\/wp-json\/wp\/v2\/product"}],"about":[{"href":"https:\/\/uj.adatbank.ro\/lexikon\/wp-json\/wp\/v2\/types\/product"}],"replies":[{"embeddable":true,"href":"https:\/\/uj.adatbank.ro\/lexikon\/wp-json\/wp\/v2\/comments?post=11054"}],"wp:attachment":[{"href":"https:\/\/uj.adatbank.ro\/lexikon\/wp-json\/wp\/v2\/media?parent=11054"}],"wp:term":[{"taxonomy":"product_brand","embeddable":true,"href":"https:\/\/uj.adatbank.ro\/lexikon\/wp-json\/wp\/v2\/product_brand?post=11054"},{"taxonomy":"product_cat","embeddable":true,"href":"https:\/\/uj.adatbank.ro\/lexikon\/wp-json\/wp\/v2\/product_cat?post=11054"},{"taxonomy":"product_tag","embeddable":true,"href":"https:\/\/uj.adatbank.ro\/lexikon\/wp-json\/wp\/v2\/product_tag?post=11054"}],"curies":[{"name":"wp","href":"https:\/\/api.w.org\/{rel}","templated":true}]}}

KÁDÁR Ferenc

<p>Szászrégen, 1913. aug. 16. † ? : katona. – A m. hadsereg kötelékében részt vett a II. vh. harcaiban (1944. márc. 30. – okt. 13.), majd szovjet fogságba esett (1944. dec. 12-ig). <br /><strong>Irod.:</strong> Reghin, militari</br></p>

<p>Szászrégen, 1913. aug. 16. † ? : katona. – A m. hadsereg kötelékében részt vett a II. vh. harcaiban (1944. márc. 30. – okt. 13.), majd szovjet fogságba esett (1944. dec. 12-ig). Irod.: Reghin, militari</p>
