{"id":11058,"date":"2025-06-29T13:40:31","date_gmt":"2025-06-29T11:40:31","guid":{"rendered":"https:\/\/uj.adatbank.ro\/lexikon\/termek\/kadar-ferencne-farkas-klara-ikafalvi\/"},"modified":"2025-06-29T13:40:31","modified_gmt":"2025-06-29T11:40:31","slug":"kadar-ferencne-farkas-klara-ikafalvi","status":"publish","type":"product","link":"https:\/\/uj.adatbank.ro\/lexikon\/termek\/kadar-ferencne-farkas-klara-ikafalvi\/","title":{"rendered":"K\u00c1D\u00c1R Ferencn\u00e9, Farkas Kl\u00e1ra, ikafalvi"},"content":{"rendered":"<p>?., \u2020 Bp., 1940. febr. 17.: tan\u00e1rn\u0151. \u2013 Nagy szerepet t\u00f6lt\u00f6tt be Mv. t\u00e1rsadalmi \u00e9let\u00e9ben a j\u00f3t\u00e9kony egyes\u00fcletek \u00e9s a M\u00e1ria Kongreg\u00e1ci\u00f3 keret\u00e9ben; tagja volt a MP int\u00e9z\u0151bizotts\u00e1g\u00e1nak, sokat tett a m. n\u0151k t\u00e1rsadalmi megbecs\u00fcl\u00e9se \u00e9s sorsuk jav\u00edt\u00e1sa \u00e9rdek\u00e9ben; a sz\u00f6ttes mozgalom buzg\u00f3 tagja volt. <br \/><strong>Irod.:<\/strong> Magyar Sz\u00f3 (1940. febr. 20); Molter 1., 2., 3.<\/br><\/p>\n","protected":false},"excerpt":{"rendered":"<p>?., \u2020 Bp., 1940. febr. 17.: tan\u00e1rn\u0151. \u2013 Nagy szerepet t\u00f6lt\u00f6tt be Mv. t\u00e1rsadalmi \u00e9let\u00e9ben a j\u00f3t\u00e9kony egyes\u00fcletek \u00e9s a M\u00e1ria Kongreg\u00e1ci\u00f3 keret\u00e9ben; tagja volt a MP int\u00e9z\u0151bizotts\u00e1g\u00e1nak, sokat tett a m. n\u0151k t\u00e1rsadalmi megbecs\u00fcl\u00e9se \u00e9s sorsuk jav\u00edt\u00e1sa \u00e9rdek\u00e9ben; a sz\u00f6ttes mozgalom buzg\u00f3 tagja volt. Irod.: Magyar Sz\u00f3 (1940. febr. 20); Molter 1., 2., 3.<\/p>\n","protected":false},"featured_media":0,"comment_status":"open","ping_status":"closed","template":"","meta":[],"product_brand":[],"product_cat":[137],"product_tag":[],"class_list":{"0":"post-11058","1":"product","2":"type-product","3":"status-publish","5":"product_cat-maros-megyei-eletrajzi-lexikon","7":"first","8":"instock","9":"shipping-taxable","10":"product-type-simple"},"_links":{"self":[{"href":"https:\/\/uj.adatbank.ro\/lexikon\/wp-json\/wp\/v2\/product\/11058","targetHints":{"allow":["GET"]}}],"collection":[{"href":"https:\/\/uj.adatbank.ro\/lexikon\/wp-json\/wp\/v2\/product"}],"about":[{"href":"https:\/\/uj.adatbank.ro\/lexikon\/wp-json\/wp\/v2\/types\/product"}],"replies":[{"embeddable":true,"href":"https:\/\/uj.adatbank.ro\/lexikon\/wp-json\/wp\/v2\/comments?post=11058"}],"wp:attachment":[{"href":"https:\/\/uj.adatbank.ro\/lexikon\/wp-json\/wp\/v2\/media?parent=11058"}],"wp:term":[{"taxonomy":"product_brand","embeddable":true,"href":"https:\/\/uj.adatbank.ro\/lexikon\/wp-json\/wp\/v2\/product_brand?post=11058"},{"taxonomy":"product_cat","embeddable":true,"href":"https:\/\/uj.adatbank.ro\/lexikon\/wp-json\/wp\/v2\/product_cat?post=11058"},{"taxonomy":"product_tag","embeddable":true,"href":"https:\/\/uj.adatbank.ro\/lexikon\/wp-json\/wp\/v2\/product_tag?post=11058"}],"curies":[{"name":"wp","href":"https:\/\/api.w.org\/{rel}","templated":true}]}}

KÁDÁR Ferencné, Farkas Klára, ikafalvi

<p>?., † Bp., 1940. febr. 17.: tanárnő. – Nagy szerepet töltött be Mv. társadalmi életében a jótékony egyesületek és a Mária Kongregáció keretében; tagja volt a MP intézőbizottságának, sokat tett a m. nők társadalmi megbecsülése és sorsuk javítása érdekében; a szöttes mozgalom buzgó tagja volt. <br /><strong>Irod.:</strong> Magyar Szó (1940. febr. 20); Molter 1., 2., 3.</br></p>

<p>?., † Bp., 1940. febr. 17.: tanárnő. – Nagy szerepet töltött be Mv. társadalmi életében a jótékony egyesületek és a Mária Kongregáció keretében; tagja volt a MP intézőbizottságának, sokat tett a m. nők társadalmi megbecsülése és sorsuk javítása érdekében; a szöttes mozgalom buzgó tagja volt. Irod.: Magyar Szó (1940. febr. 20); Molter 1., 2., 3.</p>
