{"id":11063,"date":"2025-06-29T13:40:43","date_gmt":"2025-06-29T11:40:43","guid":{"rendered":"https:\/\/uj.adatbank.ro\/lexikon\/termek\/kadar-istvan-2\/"},"modified":"2025-06-29T13:40:43","modified_gmt":"2025-06-29T11:40:43","slug":"kadar-istvan-2","status":"publish","type":"product","link":"https:\/\/uj.adatbank.ro\/lexikon\/termek\/kadar-istvan-2\/","title":{"rendered":"K\u00c1D\u00c1R Istv\u00e1n"},"content":{"rendered":"<p>Sepsib\u00fcksz\u00e1d, 1894., \u20201962: orvos. \u2013 Feles\u00e9ge: Hossz\u00fa Kl\u00e1ra (1902\u20131986). \u2013 K\u00f6z\u00e9piskol\u00e1it a cs\u00edkszeredai Erd\u00e9lyi R. K. St\u00e1tus Gimn.-ban v\u00e9gezte (1912). Kv.-on a Ferenc J\u00f3zsef TE \u2013en kezdte \u00e9s az \u00f6t\u00f6dik f\u00e9l\u00e9vt\u0151l Pr\u00e1g\u00e1ban folytatta tanulm\u00e1nyait. <br \/><strong>Irod.:<\/strong> Kiss-P. &#8211; P.<\/br><\/p>\n","protected":false},"excerpt":{"rendered":"<p>Sepsib\u00fcksz\u00e1d, 1894., \u20201962: orvos. \u2013 Feles\u00e9ge: Hossz\u00fa Kl\u00e1ra (1902\u20131986). \u2013 K\u00f6z\u00e9piskol\u00e1it a cs\u00edkszeredai Erd\u00e9lyi R. K. St\u00e1tus Gimn.-ban v\u00e9gezte (1912). Kv.-on a Ferenc J\u00f3zsef TE \u2013en kezdte \u00e9s az \u00f6t\u00f6dik f\u00e9l\u00e9vt\u0151l Pr\u00e1g\u00e1ban folytatta tanulm\u00e1nyait. Irod.: Kiss-P. &#8211; P.<\/p>\n","protected":false},"featured_media":0,"comment_status":"open","ping_status":"closed","template":"","meta":[],"product_brand":[],"product_cat":[137],"product_tag":[],"class_list":{"0":"post-11063","1":"product","2":"type-product","3":"status-publish","5":"product_cat-maros-megyei-eletrajzi-lexikon","7":"first","8":"instock","9":"shipping-taxable","10":"product-type-simple"},"_links":{"self":[{"href":"https:\/\/uj.adatbank.ro\/lexikon\/wp-json\/wp\/v2\/product\/11063","targetHints":{"allow":["GET"]}}],"collection":[{"href":"https:\/\/uj.adatbank.ro\/lexikon\/wp-json\/wp\/v2\/product"}],"about":[{"href":"https:\/\/uj.adatbank.ro\/lexikon\/wp-json\/wp\/v2\/types\/product"}],"replies":[{"embeddable":true,"href":"https:\/\/uj.adatbank.ro\/lexikon\/wp-json\/wp\/v2\/comments?post=11063"}],"wp:attachment":[{"href":"https:\/\/uj.adatbank.ro\/lexikon\/wp-json\/wp\/v2\/media?parent=11063"}],"wp:term":[{"taxonomy":"product_brand","embeddable":true,"href":"https:\/\/uj.adatbank.ro\/lexikon\/wp-json\/wp\/v2\/product_brand?post=11063"},{"taxonomy":"product_cat","embeddable":true,"href":"https:\/\/uj.adatbank.ro\/lexikon\/wp-json\/wp\/v2\/product_cat?post=11063"},{"taxonomy":"product_tag","embeddable":true,"href":"https:\/\/uj.adatbank.ro\/lexikon\/wp-json\/wp\/v2\/product_tag?post=11063"}],"curies":[{"name":"wp","href":"https:\/\/api.w.org\/{rel}","templated":true}]}}