{"id":11067,"date":"2025-06-29T13:40:49","date_gmt":"2025-06-29T11:40:49","guid":{"rendered":"https:\/\/uj.adatbank.ro\/lexikon\/termek\/kadar-janos-2\/"},"modified":"2025-06-29T13:40:49","modified_gmt":"2025-06-29T11:40:49","slug":"kadar-janos-2","status":"publish","type":"product","link":"https:\/\/uj.adatbank.ro\/lexikon\/termek\/kadar-janos-2\/","title":{"rendered":"K\u00c1D\u00c1R J\u00e1nos"},"content":{"rendered":"<p>Maross\u00e1rpatak, 1887, \u2020 ? : kisbirtokos, gyalogos. \u2013 T\u00e9nyleges katonai szolg\u00e1lat\u00e1nak eleget t\u00e9ve (1908\u201311), a vh. kit\u00f6r\u00e9sekor ism\u00e9t bevonult, az orosz frontra vez\u00e9nyelt\u00e9k, ahol r\u00e9szt vett a gorlicei \u00e1tt\u00f6r\u00e9sben \u00e9s harcolt a Stryj mellett. Fogs\u00e1gba esett (1915), haza sz\u00fck\u00fctt (1918), <br \/><strong>Irod.:<\/strong> Berekm\u00e9ri\u2013G\u00e1lfi<\/br><\/p>\n","protected":false},"excerpt":{"rendered":"<p>Maross\u00e1rpatak, 1887, \u2020 ? : kisbirtokos, gyalogos. \u2013 T\u00e9nyleges katonai szolg\u00e1lat\u00e1nak eleget t\u00e9ve (1908\u201311), a vh. kit\u00f6r\u00e9sekor ism\u00e9t bevonult, az orosz frontra vez\u00e9nyelt\u00e9k, ahol r\u00e9szt vett a gorlicei \u00e1tt\u00f6r\u00e9sben \u00e9s harcolt a Stryj mellett. Fogs\u00e1gba esett (1915), haza sz\u00fck\u00fctt (1918), Irod.: Berekm\u00e9ri\u2013G\u00e1lfi<\/p>\n","protected":false},"featured_media":0,"comment_status":"open","ping_status":"closed","template":"","meta":[],"product_brand":[],"product_cat":[137],"product_tag":[],"class_list":{"0":"post-11067","1":"product","2":"type-product","3":"status-publish","5":"product_cat-maros-megyei-eletrajzi-lexikon","7":"first","8":"instock","9":"shipping-taxable","10":"product-type-simple"},"_links":{"self":[{"href":"https:\/\/uj.adatbank.ro\/lexikon\/wp-json\/wp\/v2\/product\/11067","targetHints":{"allow":["GET"]}}],"collection":[{"href":"https:\/\/uj.adatbank.ro\/lexikon\/wp-json\/wp\/v2\/product"}],"about":[{"href":"https:\/\/uj.adatbank.ro\/lexikon\/wp-json\/wp\/v2\/types\/product"}],"replies":[{"embeddable":true,"href":"https:\/\/uj.adatbank.ro\/lexikon\/wp-json\/wp\/v2\/comments?post=11067"}],"wp:attachment":[{"href":"https:\/\/uj.adatbank.ro\/lexikon\/wp-json\/wp\/v2\/media?parent=11067"}],"wp:term":[{"taxonomy":"product_brand","embeddable":true,"href":"https:\/\/uj.adatbank.ro\/lexikon\/wp-json\/wp\/v2\/product_brand?post=11067"},{"taxonomy":"product_cat","embeddable":true,"href":"https:\/\/uj.adatbank.ro\/lexikon\/wp-json\/wp\/v2\/product_cat?post=11067"},{"taxonomy":"product_tag","embeddable":true,"href":"https:\/\/uj.adatbank.ro\/lexikon\/wp-json\/wp\/v2\/product_tag?post=11067"}],"curies":[{"name":"wp","href":"https:\/\/api.w.org\/{rel}","templated":true}]}}