{"id":11069,"date":"2025-06-29T13:40:54","date_gmt":"2025-06-29T11:40:54","guid":{"rendered":"https:\/\/uj.adatbank.ro\/lexikon\/termek\/kadar-janos-%c2%a7\/"},"modified":"2025-06-29T13:40:54","modified_gmt":"2025-06-29T11:40:54","slug":"kadar-janos-%c2%a7","status":"publish","type":"product","link":"https:\/\/uj.adatbank.ro\/lexikon\/termek\/kadar-janos-%c2%a7\/","title":{"rendered":"K\u00c1D\u00c1R J\u00e1nos, \u00a7"},"content":{"rendered":"<p>Mv., 1908. dec. 24., \u2020 Mv., 1990. j\u00fan. 26.: \u00fajs\u00e1g\u00edr\u00f3, szerk., nyomd\u00e1sz. \u2013 A k\u00f6z\u00e9piskol\u00e1t a mv.-i Ref. Koll.-ban v\u00e9gezte (1926). Mint nyomd\u00e1sz lett szakszervezeti \u00e9s munk\u00e1smozgalmi lapok munkat\u00e1rsa: a Sz\u00e9kelyf\u00f6ldi N\u00e9pakarat (1934), ennek betilt\u00e1sa ut\u00e1n a Sz\u00e9kelyf\u00f6ldi H\u00edrlap felel\u0151s szerk.-je, a MADOSZ \u00daj Sz\u00f3 c. lapj\u00e1nak munkat\u00e1rsa \u00e9s technikai szerk.-je (1935\u201336); a 6 \u00d3rai \u00dajs\u00e1g \u00e9s a Fodor Istv\u00e1n f\u00e9le Kr\u00f3nik\u00e1s f\u00fczetek c. helyt\u00f6rt\u00e9neti sorozat munkat\u00e1rsa. Sz\u00f6vetkezeti tisztvisel\u0151 (1941\u201344). A h\u00e1bor\u00fa ut\u00e1n a kv.-i N\u00e9pv\u00e9delem \u00e9s a Salamon Ern\u0151 Atheneum munk\u00e1ssz\u00ednpad\u00e1nak szervez\u0151je (1948\u201352). Mv.-en a N\u00e9p\u00fajs\u00e1g (1950) kiad\u00f3hivatal vezet\u0151je, V. Z. \u00e9s St. R. kiad\u00f3hivatali igazgat\u00f3ja, n\u00e9ptan\u00e1csi aktivista. <br \/><strong>Irod.:<\/strong> Gy\u00e1rf\u00e1s 2013; [Nekrol\u00f3g] (N\u00fa., 1990. j\u00fan. 27.); RMKK; RMIL<\/br><\/p>\n","protected":false},"excerpt":{"rendered":"<p>Mv., 1908. dec. 24., \u2020 Mv., 1990. j\u00fan. 26.: \u00fajs\u00e1g\u00edr\u00f3, szerk., nyomd\u00e1sz. \u2013 A k\u00f6z\u00e9piskol\u00e1t a mv.-i Ref. Koll.-ban v\u00e9gezte (1926). Mint nyomd\u00e1sz lett szakszervezeti \u00e9s munk\u00e1smozgalmi lapok munkat\u00e1rsa: a Sz\u00e9kelyf\u00f6ldi N\u00e9pakarat (1934), ennek betilt\u00e1sa ut\u00e1n a Sz\u00e9kelyf\u00f6ldi H\u00edrlap felel\u0151s szerk.-je, a MADOSZ \u00daj Sz\u00f3 c. lapj\u00e1nak munkat\u00e1rsa \u00e9s technikai szerk.-je (1935\u201336); a 6 \u00d3rai [&hellip;]<\/p>\n","protected":false},"featured_media":0,"comment_status":"open","ping_status":"closed","template":"","meta":[],"product_brand":[],"product_cat":[137],"product_tag":[],"class_list":{"0":"post-11069","1":"product","2":"type-product","3":"status-publish","5":"product_cat-maros-megyei-eletrajzi-lexikon","7":"first","8":"instock","9":"shipping-taxable","10":"product-type-simple"},"_links":{"self":[{"href":"https:\/\/uj.adatbank.ro\/lexikon\/wp-json\/wp\/v2\/product\/11069","targetHints":{"allow":["GET"]}}],"collection":[{"href":"https:\/\/uj.adatbank.ro\/lexikon\/wp-json\/wp\/v2\/product"}],"about":[{"href":"https:\/\/uj.adatbank.ro\/lexikon\/wp-json\/wp\/v2\/types\/product"}],"replies":[{"embeddable":true,"href":"https:\/\/uj.adatbank.ro\/lexikon\/wp-json\/wp\/v2\/comments?post=11069"}],"wp:attachment":[{"href":"https:\/\/uj.adatbank.ro\/lexikon\/wp-json\/wp\/v2\/media?parent=11069"}],"wp:term":[{"taxonomy":"product_brand","embeddable":true,"href":"https:\/\/uj.adatbank.ro\/lexikon\/wp-json\/wp\/v2\/product_brand?post=11069"},{"taxonomy":"product_cat","embeddable":true,"href":"https:\/\/uj.adatbank.ro\/lexikon\/wp-json\/wp\/v2\/product_cat?post=11069"},{"taxonomy":"product_tag","embeddable":true,"href":"https:\/\/uj.adatbank.ro\/lexikon\/wp-json\/wp\/v2\/product_tag?post=11069"}],"curies":[{"name":"wp","href":"https:\/\/api.w.org\/{rel}","templated":true}]}}

KÁDÁR János, §

<p>Mv., 1908. dec. 24., † Mv., 1990. jún. 26.: újságíró, szerk., nyomdász. – A középiskolát a mv.-i Ref. Koll.-ban végezte (1926). Mint nyomdász lett szakszervezeti és munkásmozgalmi lapok munkatársa: a Székelyföldi Népakarat (1934), ennek betiltása után a Székelyföldi Hírlap felelős szerk.-je, a MADOSZ Új Szó c. lapjának munkatársa és technikai szerk.-je (1935–36); a 6 Órai Újság és a Fodor István féle Krónikás füzetek c. helytörténeti sorozat munkatársa. Szövetkezeti tisztviselő (1941–44). A háború után a kv.-i Népvédelem és a Salamon Ernő Atheneum munkásszínpadának szervezője (1948–52). Mv.-en a Népújság (1950) kiadóhivatal vezetője, V. Z. és St. R. kiadóhivatali igazgatója, néptanácsi aktivista. <br /><strong>Irod.:</strong> Gyárfás 2013; [Nekrológ] (Nú., 1990. jún. 27.); RMKK; RMIL</br></p>

<p>Mv., 1908. dec. 24., † Mv., 1990. jún. 26.: újságíró, szerk., nyomdász. – A középiskolát a mv.-i Ref. Koll.-ban végezte (1926). Mint nyomdász lett szakszervezeti és munkásmozgalmi lapok munkatársa: a Székelyföldi Népakarat (1934), ennek betiltása után a Székelyföldi Hírlap felelős szerk.-je, a MADOSZ Új Szó c. lapjának munkatársa és technikai szerk.-je (1935–36); a 6 Órai [&hellip;]</p>
