{"id":11074,"date":"2025-06-29T13:41:03","date_gmt":"2025-06-29T11:41:03","guid":{"rendered":"https:\/\/uj.adatbank.ro\/lexikon\/termek\/kadar-jozsef-abodi\/"},"modified":"2025-06-29T13:41:03","modified_gmt":"2025-06-29T11:41:03","slug":"kadar-jozsef-abodi","status":"publish","type":"product","link":"https:\/\/uj.adatbank.ro\/lexikon\/termek\/kadar-jozsef-abodi\/","title":{"rendered":"K\u00c1D\u00c1R J\u00f3zsef, ab\u00f3di"},"content":{"rendered":"<p>1862., \u2020 Mv., 1889. m\u00e1rc. 23.: tan\u00edt\u00f3, nyomd\u00e1sz. \u2013. Val\u00f3sz\u00edn\u0171, azonos nev\u0171 sz\u00e9kelykakasdi tan\u00edt\u00f3 (1846\u2013) volt az apja. A mv.-i ref. Koll. k\u00f6nyvnyomd\u00e1j\u00e1nak bet\u0171szed\u0151je, az Orsz\u00e1gos Nyomd\u00e1sz Egylet tagja. <br \/><strong>Irod.:<\/strong> Gy\u00e1szjelent\u0151; P\u00e1lmay; Sz\u00e9kelykakasd<\/br><\/p>\n","protected":false},"excerpt":{"rendered":"<p>1862., \u2020 Mv., 1889. m\u00e1rc. 23.: tan\u00edt\u00f3, nyomd\u00e1sz. \u2013. Val\u00f3sz\u00edn\u0171, azonos nev\u0171 sz\u00e9kelykakasdi tan\u00edt\u00f3 (1846\u2013) volt az apja. A mv.-i ref. Koll. k\u00f6nyvnyomd\u00e1j\u00e1nak bet\u0171szed\u0151je, az Orsz\u00e1gos Nyomd\u00e1sz Egylet tagja. Irod.: Gy\u00e1szjelent\u0151; P\u00e1lmay; Sz\u00e9kelykakasd<\/p>\n","protected":false},"featured_media":0,"comment_status":"open","ping_status":"closed","template":"","meta":[],"product_brand":[],"product_cat":[137],"product_tag":[],"class_list":{"0":"post-11074","1":"product","2":"type-product","3":"status-publish","5":"product_cat-maros-megyei-eletrajzi-lexikon","7":"first","8":"instock","9":"shipping-taxable","10":"product-type-simple"},"_links":{"self":[{"href":"https:\/\/uj.adatbank.ro\/lexikon\/wp-json\/wp\/v2\/product\/11074","targetHints":{"allow":["GET"]}}],"collection":[{"href":"https:\/\/uj.adatbank.ro\/lexikon\/wp-json\/wp\/v2\/product"}],"about":[{"href":"https:\/\/uj.adatbank.ro\/lexikon\/wp-json\/wp\/v2\/types\/product"}],"replies":[{"embeddable":true,"href":"https:\/\/uj.adatbank.ro\/lexikon\/wp-json\/wp\/v2\/comments?post=11074"}],"wp:attachment":[{"href":"https:\/\/uj.adatbank.ro\/lexikon\/wp-json\/wp\/v2\/media?parent=11074"}],"wp:term":[{"taxonomy":"product_brand","embeddable":true,"href":"https:\/\/uj.adatbank.ro\/lexikon\/wp-json\/wp\/v2\/product_brand?post=11074"},{"taxonomy":"product_cat","embeddable":true,"href":"https:\/\/uj.adatbank.ro\/lexikon\/wp-json\/wp\/v2\/product_cat?post=11074"},{"taxonomy":"product_tag","embeddable":true,"href":"https:\/\/uj.adatbank.ro\/lexikon\/wp-json\/wp\/v2\/product_tag?post=11074"}],"curies":[{"name":"wp","href":"https:\/\/api.w.org\/{rel}","templated":true}]}}