{"id":11077,"date":"2025-06-29T13:41:07","date_gmt":"2025-06-29T11:41:07","guid":{"rendered":"https:\/\/uj.adatbank.ro\/lexikon\/termek\/kadar-marton\/"},"modified":"2025-06-29T13:41:07","modified_gmt":"2025-06-29T11:41:07","slug":"kadar-marton","status":"publish","type":"product","link":"https:\/\/uj.adatbank.ro\/lexikon\/termek\/kadar-marton\/","title":{"rendered":"K\u00c1D\u00c1R M\u00e1rton"},"content":{"rendered":"<p>Mez\u0151panit, 1894. j\u00fan. 19. v. 27., \u2020 Mv., 1953. dec., 17.: n\u00e9ptan\u00edt\u00f3, iskolaigazgat\u00f3, tanfel\u00fcgyel\u0151. \u2013 A falu els\u0151 diplom\u00e1val rendelkez\u0151 sz\u00fcl\u00f6ttje. A nagyenyedi Ref. Koll.-ban szerzett k\u00e1ntortan\u00edt\u00f3i oklevelet (1914). Az els\u0151 vh.-ban a 22. gy. e.-ben az orosz fronton harcolt, fogs\u00e1gban Krasznojarszkban t\u00f6lt\u00f6tt 7 \u00e9vet, hadapr\u00f3di rangban szerelt le (1922). A hadifogs\u00e1g ut\u00e1n Mez\u0151panitban tan\u00edtott (1921\u201348), igazgat\u00f3, k\u00f6rzeti tanfel\u00fcgyel\u0151 (1927\u201348). A sz\u00e9kely k\u00f6zbirtokoss\u00e1g jegyz\u0151je, a Gazdak\u00f6r kult\u00far\u00fcgyeinek vezet\u0151je, a f\u00e9rfidalk\u00f6r l\u00e9trehoz\u00f3ja, karnagya, vezet\u0151je volt (1924\u201348), amely nagy sikerrel l\u00e9pett fel az orsz\u00e1g k\u00fcl\u00f6nb\u00f6z\u00f4 v\u00e1rosaiban, m\u00e9g Buk.-ben is. Barthos G\u00e1bor tan\u00edt\u00f3val dolgozott k\u00f6z\u00f6sen, aki folytatta is ezt a tev\u00e9kenys\u00e9get. Igazi n\u00e9pnevel\u00f4k\u00e9nt tartj\u00e1k sz\u00e1mon. A feln\u00f6veked\u00f4 nemzed\u00e9ket az \u00f4si viselet, a n\u00e9pszok\u00e1sok, a hagyom\u00e1nyok \u00e9s nemzeti identit\u00e1studat meg\u00f4rz\u00e9s\u00e9re intette. A n\u00e9pm\u0171vel\u00e9s keret\u00e9ben sz\u00e1mos sz\u00edndarabot \u00e9s el\u0151ad\u00e1st rendezett. Sz\u00fcl\u0151faluj\u00e1nak iskol\u00e1ja a nev\u00e9t viseli (2003. m\u00e1j. 18.). <br \/><strong>Irod.:<\/strong> B. D.: \u00d6r\u00f6kre sz\u00f3l\u00f3 tisztelg\u00e9s (N\u00fa., 2003. m\u00e1j. 20); Mezey Sarolta: K. M. nev\u00e9t veszi fel a mez\u0151paniti iskola (N\u00fa., 2003. m\u00e1j. 15.); Mez\u0151panit; Orb\u00e1n Zsolt: \u00daj nevet kapott az iskola (Kr\u00f3nika, 2003. m\u00e1j. 20.); Sepsisz\u00e9ki, Sz\u00e9kelyf\u00f6ld \u00ed. k.<\/br><\/p>\n","protected":false},"excerpt":{"rendered":"<p>Mez\u0151panit, 1894. j\u00fan. 19. v. 27., \u2020 Mv., 1953. dec., 17.: n\u00e9ptan\u00edt\u00f3, iskolaigazgat\u00f3, tanfel\u00fcgyel\u0151. \u2013 A falu els\u0151 diplom\u00e1val rendelkez\u0151 sz\u00fcl\u00f6ttje. A nagyenyedi Ref. Koll.-ban szerzett k\u00e1ntortan\u00edt\u00f3i oklevelet (1914). Az els\u0151 vh.-ban a 22. gy. e.-ben az orosz fronton harcolt, fogs\u00e1gban Krasznojarszkban t\u00f6lt\u00f6tt 7 \u00e9vet, hadapr\u00f3di rangban szerelt le (1922). A hadifogs\u00e1g ut\u00e1n Mez\u0151panitban tan\u00edtott [&hellip;]<\/p>\n","protected":false},"featured_media":0,"comment_status":"open","ping_status":"closed","template":"","meta":[],"product_brand":[],"product_cat":[137],"product_tag":[],"class_list":{"0":"post-11077","1":"product","2":"type-product","3":"status-publish","5":"product_cat-maros-megyei-eletrajzi-lexikon","7":"first","8":"instock","9":"shipping-taxable","10":"product-type-simple"},"_links":{"self":[{"href":"https:\/\/uj.adatbank.ro\/lexikon\/wp-json\/wp\/v2\/product\/11077","targetHints":{"allow":["GET"]}}],"collection":[{"href":"https:\/\/uj.adatbank.ro\/lexikon\/wp-json\/wp\/v2\/product"}],"about":[{"href":"https:\/\/uj.adatbank.ro\/lexikon\/wp-json\/wp\/v2\/types\/product"}],"replies":[{"embeddable":true,"href":"https:\/\/uj.adatbank.ro\/lexikon\/wp-json\/wp\/v2\/comments?post=11077"}],"wp:attachment":[{"href":"https:\/\/uj.adatbank.ro\/lexikon\/wp-json\/wp\/v2\/media?parent=11077"}],"wp:term":[{"taxonomy":"product_brand","embeddable":true,"href":"https:\/\/uj.adatbank.ro\/lexikon\/wp-json\/wp\/v2\/product_brand?post=11077"},{"taxonomy":"product_cat","embeddable":true,"href":"https:\/\/uj.adatbank.ro\/lexikon\/wp-json\/wp\/v2\/product_cat?post=11077"},{"taxonomy":"product_tag","embeddable":true,"href":"https:\/\/uj.adatbank.ro\/lexikon\/wp-json\/wp\/v2\/product_tag?post=11077"}],"curies":[{"name":"wp","href":"https:\/\/api.w.org\/{rel}","templated":true}]}}

KÁDÁR Márton

<p>Mezőpanit, 1894. jún. 19. v. 27., † Mv., 1953. dec., 17.: néptanító, iskolaigazgató, tanfelügyelő. – A falu első diplomával rendelkező szülöttje. A nagyenyedi Ref. Koll.-ban szerzett kántortanítói oklevelet (1914). Az első vh.-ban a 22. gy. e.-ben az orosz fronton harcolt, fogságban Krasznojarszkban töltött 7 évet, hadapródi rangban szerelt le (1922). A hadifogság után Mezőpanitban tanított (1921–48), igazgató, körzeti tanfelügyelő (1927–48). A székely közbirtokosság jegyzője, a Gazdakör kultúrügyeinek vezetője, a férfidalkör létrehozója, karnagya, vezetője volt (1924–48), amely nagy sikerrel lépett fel az ország különbözô városaiban, még Buk.-ben is. Barthos Gábor tanítóval dolgozott közösen, aki folytatta is ezt a tevékenységet. Igazi népnevelôként tartják számon. A felnövekedô nemzedéket az ôsi viselet, a népszokások, a hagyományok és nemzeti identitástudat megôrzésére intette. A népművelés keretében számos színdarabot és előadást rendezett. Szülőfalujának iskolája a nevét viseli (2003. máj. 18.). <br /><strong>Irod.:</strong> B. D.: Örökre szóló tisztelgés (Nú., 2003. máj. 20); Mezey Sarolta: K. M. nevét veszi fel a mezőpaniti iskola (Nú., 2003. máj. 15.); Mezőpanit; Orbán Zsolt: Új nevet kapott az iskola (Krónika, 2003. máj. 20.); Sepsiszéki, Székelyföld í. k.</br></p>

<p>Mezőpanit, 1894. jún. 19. v. 27., † Mv., 1953. dec., 17.: néptanító, iskolaigazgató, tanfelügyelő. – A falu első diplomával rendelkező szülöttje. A nagyenyedi Ref. Koll.-ban szerzett kántortanítói oklevelet (1914). Az első vh.-ban a 22. gy. e.-ben az orosz fronton harcolt, fogságban Krasznojarszkban töltött 7 évet, hadapródi rangban szerelt le (1922). A hadifogság után Mezőpanitban tanított [&hellip;]</p>
