{"id":11080,"date":"2025-06-29T13:41:12","date_gmt":"2025-06-29T11:41:12","guid":{"rendered":"https:\/\/uj.adatbank.ro\/lexikon\/termek\/kadar-matyas\/"},"modified":"2025-06-29T13:41:12","modified_gmt":"2025-06-29T11:41:12","slug":"kadar-matyas","status":"publish","type":"product","link":"https:\/\/uj.adatbank.ro\/lexikon\/termek\/kadar-matyas\/","title":{"rendered":"K\u00c1D\u00c1R M\u00e1ty\u00e1s"},"content":{"rendered":"<p>Cs\u00edkszenttam\u00e1s, 1877. \u00e1pr. 3., \u2020 Sz\u00e9kelyv\u00e9cke, 1918. j\u00fan. 14.: r. k. pap. \u2013 Cs\u00edksomly\u00f3n \u00e9s Gyulafeh\u00e9rv\u00e1ron tanult. Papp\u00e1 szentelt\u00e9k (1902. j\u00fan. 26.). K\u00e1pl\u00e1n Cs\u00edkr\u00e1koson, Cs\u00edksomly\u00f3n, Gyergy\u00f3szentmikl\u00f3son. \u00c1tvette a sz\u00e9kelyv\u00e9ckei egyh\u00e1zk\u00f6zs\u00e9get \u00e9s pl\u00e9b\u00e1ni\u00e1t hal\u00e1l\u00e1ig (1905\u201318). A k\u00f6zs\u00e9gi vezet\u0151s\u00e9ggel k\u00f6z\u00f6sen gazdak\u00f6rt \u00e9s k\u00f6nyvt\u00e1rat alap\u00edtott, a tev\u00e9kenys\u00e9ge idej\u00e9ben felavatt\u00e1k a sz\u00e9kelysz\u00e1ll\u00e1si templomot. A v\u00e9ckei templom orgon\u00e1ja \u00f6sszeomlott, gy\u0171jt\u00e9st rendezett \u00e9s \u00fajat k\u00e9sz\u00edtetett a p\u00e9csi orgona\u00e9p\u00edt\u0151 Angster J\u00f3zseffel \u00e9s fi\u00e1val (elk\u00e9sz\u00fclt 1909. szept.). <br \/><strong>Irod.:<\/strong> Ferenczi S\u00e1ndor 2009; Maros-k\u00fck\u00fcll\u0151i f\u0151esp.<\/br><\/p>\n","protected":false},"excerpt":{"rendered":"<p>Cs\u00edkszenttam\u00e1s, 1877. \u00e1pr. 3., \u2020 Sz\u00e9kelyv\u00e9cke, 1918. j\u00fan. 14.: r. k. pap. \u2013 Cs\u00edksomly\u00f3n \u00e9s Gyulafeh\u00e9rv\u00e1ron tanult. Papp\u00e1 szentelt\u00e9k (1902. j\u00fan. 26.). K\u00e1pl\u00e1n Cs\u00edkr\u00e1koson, Cs\u00edksomly\u00f3n, Gyergy\u00f3szentmikl\u00f3son. \u00c1tvette a sz\u00e9kelyv\u00e9ckei egyh\u00e1zk\u00f6zs\u00e9get \u00e9s pl\u00e9b\u00e1ni\u00e1t hal\u00e1l\u00e1ig (1905\u201318). A k\u00f6zs\u00e9gi vezet\u0151s\u00e9ggel k\u00f6z\u00f6sen gazdak\u00f6rt \u00e9s k\u00f6nyvt\u00e1rat alap\u00edtott, a tev\u00e9kenys\u00e9ge idej\u00e9ben felavatt\u00e1k a sz\u00e9kelysz\u00e1ll\u00e1si templomot. A v\u00e9ckei templom orgon\u00e1ja \u00f6sszeomlott, gy\u0171jt\u00e9st [&hellip;]<\/p>\n","protected":false},"featured_media":0,"comment_status":"open","ping_status":"closed","template":"","meta":[],"product_brand":[],"product_cat":[137],"product_tag":[],"class_list":{"0":"post-11080","1":"product","2":"type-product","3":"status-publish","5":"product_cat-maros-megyei-eletrajzi-lexikon","7":"first","8":"instock","9":"shipping-taxable","10":"product-type-simple"},"_links":{"self":[{"href":"https:\/\/uj.adatbank.ro\/lexikon\/wp-json\/wp\/v2\/product\/11080","targetHints":{"allow":["GET"]}}],"collection":[{"href":"https:\/\/uj.adatbank.ro\/lexikon\/wp-json\/wp\/v2\/product"}],"about":[{"href":"https:\/\/uj.adatbank.ro\/lexikon\/wp-json\/wp\/v2\/types\/product"}],"replies":[{"embeddable":true,"href":"https:\/\/uj.adatbank.ro\/lexikon\/wp-json\/wp\/v2\/comments?post=11080"}],"wp:attachment":[{"href":"https:\/\/uj.adatbank.ro\/lexikon\/wp-json\/wp\/v2\/media?parent=11080"}],"wp:term":[{"taxonomy":"product_brand","embeddable":true,"href":"https:\/\/uj.adatbank.ro\/lexikon\/wp-json\/wp\/v2\/product_brand?post=11080"},{"taxonomy":"product_cat","embeddable":true,"href":"https:\/\/uj.adatbank.ro\/lexikon\/wp-json\/wp\/v2\/product_cat?post=11080"},{"taxonomy":"product_tag","embeddable":true,"href":"https:\/\/uj.adatbank.ro\/lexikon\/wp-json\/wp\/v2\/product_tag?post=11080"}],"curies":[{"name":"wp","href":"https:\/\/api.w.org\/{rel}","templated":true}]}}

KÁDÁR Mátyás

<p>Csíkszenttamás, 1877. ápr. 3., † Székelyvécke, 1918. jún. 14.: r. k. pap. – Csíksomlyón és Gyulafehérváron tanult. Pappá szentelték (1902. jún. 26.). Káplán Csíkrákoson, Csíksomlyón, Gyergyószentmiklóson. Átvette a székelyvéckei egyházközséget és plébániát haláláig (1905–18). A községi vezetőséggel közösen gazdakört és könyvtárat alapított, a tevékenysége idejében felavatták a székelyszállási templomot. A véckei templom orgonája összeomlott, gyűjtést rendezett és újat készítetett a pécsi orgonaépítő Angster Józseffel és fiával (elkészült 1909. szept.). <br /><strong>Irod.:</strong> Ferenczi Sándor 2009; Maros-küküllői főesp.</br></p>

<p>Csíkszenttamás, 1877. ápr. 3., † Székelyvécke, 1918. jún. 14.: r. k. pap. – Csíksomlyón és Gyulafehérváron tanult. Pappá szentelték (1902. jún. 26.). Káplán Csíkrákoson, Csíksomlyón, Gyergyószentmiklóson. Átvette a székelyvéckei egyházközséget és plébániát haláláig (1905–18). A községi vezetőséggel közösen gazdakört és könyvtárat alapított, a tevékenysége idejében felavatták a székelyszállási templomot. A véckei templom orgonája összeomlott, gyűjtést [&hellip;]</p>
